{"id":11243,"date":"2026-06-30T20:05:23","date_gmt":"2026-06-30T20:05:23","guid":{"rendered":"https:\/\/www.tracea.ch\/boutique\/non%20class\u00e9\/toutes-saisons-wool-socks\/"},"modified":"2026-07-07T17:45:36","modified_gmt":"2026-07-07T17:45:36","slug":"toutes-saisons-wool-socks","status":"publish","type":"product","link":"https:\/\/www.tracea.ch\/de\/boutique\/toutes-saisons-wool-socks\/","title":{"rendered":"Toutes saisons Wool Socks"},"content":{"rendered":"<p>Chaussettes sympas pour le v\u00e9lo en \u00e9t\u00e9. Les chaussettes hautes pour le gravel offrent un confort optimal gr\u00e2ce \u00e0 leur m\u00e9lange de laine biosourc\u00e9e, de polyamide recycl\u00e9 et d&rsquo;\u00e9lasthanne. La teneur en laine est gage de respirabilit\u00e9 et anti-odeurs tandis que le polyamide rend la chaussette facile d&rsquo;entretien et \u00e0 s\u00e9chage rapide. Des zones diversement renforc\u00e9es \u00e0 l&rsquo;arri\u00e8re des talons et au niveau des orteils associ\u00e9es \u00e0 des sangles de compression sur le cou-de-pied assurent une r\u00e9partition optimale de la pression et un confort au porter agr\u00e9able. En tant que membre Leader de l&rsquo;organisme ind\u00e9pendant Fair Wear, VAUDE s&rsquo;engage en faveur de conditions de travail et de salaires \u00e9quitables.<\/p>\n<p><em>matelassage \u00e9pais moyennes au talon et \u00e0 la semelle<\/em><\/p>","protected":false},"excerpt":{"rendered":"<p>Chaussette de v\u00e9lo sportive et anti-odeurs pour le gravel #l\u00e9g\u00e8re, respirante et \u00e0 s\u00e9chage rapide #haute teneur en mat\u00e9riau biosourc\u00e9<\/p>","protected":false},"featured_media":23137,"comment_status":"closed","ping_status":"open","template":"","meta":[],"product_brand":[375],"product_cat":[480,213,216],"product_tag":[365,368,422,421],"class_list":["post-11243","product","type-product","status-publish","has-post-thumbnail","product_brand-vaude","product_cat-accessoires-vetements","product_cat-boutique","product_cat-vetements","product_tag-boutique","product_tag-vente","product_tag-vente-vetement","product_tag-vetement","pa_couleur-agave","pa_couleur-black","pa_couleur-cassis-uni","pa_couleur-coconut","pa_couleur-dark-sea","pa_couleur-eggplant","pa_couleur-purple-ash","pa_taille-36-38","pa_taille-39-41","pa_taille-42-44","pa_taille-45-47","first","instock","purchasable","product-type-variable"],"_links":{"self":[{"href":"https:\/\/www.tracea.ch\/de\/wp-json\/wp\/v2\/product\/11243","targetHints":{"allow":["GET"]}}],"collection":[{"href":"https:\/\/www.tracea.ch\/de\/wp-json\/wp\/v2\/product"}],"about":[{"href":"https:\/\/www.tracea.ch\/de\/wp-json\/wp\/v2\/types\/product"}],"replies":[{"embeddable":true,"href":"https:\/\/www.tracea.ch\/de\/wp-json\/wp\/v2\/comments?post=11243"}],"version-history":[{"count":1,"href":"https:\/\/www.tracea.ch\/de\/wp-json\/wp\/v2\/product\/11243\/revisions"}],"predecessor-version":[{"id":28426,"href":"https:\/\/www.tracea.ch\/de\/wp-json\/wp\/v2\/product\/11243\/revisions\/28426"}],"wp:featuredmedia":[{"embeddable":true,"href":"https:\/\/www.tracea.ch\/de\/wp-json\/wp\/v2\/media\/23137"}],"wp:attachment":[{"href":"https:\/\/www.tracea.ch\/de\/wp-json\/wp\/v2\/media?parent=11243"}],"wp:term":[{"taxonomy":"product_brand","embeddable":true,"href":"https:\/\/www.tracea.ch\/de\/wp-json\/wp\/v2\/product_brand?post=11243"},{"taxonomy":"product_cat","embeddable":true,"href":"https:\/\/www.tracea.ch\/de\/wp-json\/wp\/v2\/product_cat?post=11243"},{"taxonomy":"product_tag","embeddable":true,"href":"https:\/\/www.tracea.ch\/de\/wp-json\/wp\/v2\/product_tag?post=11243"}],"curies":[{"name":"wp","href":"https:\/\/api.w.org\/{rel}","templated":true}]}}

https://www.tracea.ch/boutique/non%20classé/toutes-saisons-wool-socks/

<p>Chaussettes sympas pour le vélo en été. Les chaussettes hautes pour le gravel offrent un confort optimal grâce à leur mélange de laine biosourcée, de polyamide recyclé et d&rsquo;élasthanne. La teneur en laine est gage de respirabilité et anti-odeurs tandis que le polyamide rend la chaussette facile d&rsquo;entretien et à séchage rapide. Des zones diversement renforcées à l&rsquo;arrière des talons et au niveau des orteils associées à des sangles de compression sur le cou-de-pied assurent une répartition optimale de la pression et un confort au porter agréable. En tant que membre Leader de l&rsquo;organisme indépendant Fair Wear, VAUDE s&rsquo;engage en faveur de conditions de travail et de salaires équitables.</p>
<p><em>matelassage épais moyennes au talon et à la semelle</em></p>

<p>Chaussette de vélo sportive et anti-odeurs pour le gravel #légère, respirante et à séchage rapide #haute teneur en matériau biosourcé</p>
