{"id":11407,"date":"2026-06-30T20:07:12","date_gmt":"2026-06-30T20:07:12","guid":{"rendered":"https:\/\/www.tracea.ch\/boutique\/non%20class\u00e9\/bike-socks-short-ii\/"},"modified":"2026-07-07T17:48:17","modified_gmt":"2026-07-07T17:48:17","slug":"bike-socks-short-ii","status":"publish","type":"product","link":"https:\/\/www.tracea.ch\/de\/boutique\/bike-socks-short-ii\/","title":{"rendered":"Bike Socks Short II"},"content":{"rendered":"<p>Les chaussettes courtes de cyclisme et de montagne sont adapt\u00e9es de mani\u00e8re optimale aux sollicitations du pied lors de la pratique du v\u00e9lo et des sports de montagne, gr\u00e2ce \u00e0 des zones d&rsquo;a\u00e9ration adjacentes et rembourr\u00e9es de diff\u00e9rentes \u00e9paisseurs. Le pied est soulag\u00e9 au niveau des points de pression du talon, du cou-de-pied, de la pointe du pied et de la plante de l&rsquo;avant-pied. Le m\u00e9lange de mat\u00e9riaux fonctionnels assure un climat agr\u00e9able pour le pied et est particuli\u00e8rement r\u00e9sistant.<\/p>\n<p><em>matelassage \u00e9pais moyennes au talon et \u00e0 la semelle<\/em><\/p>","protected":false},"excerpt":{"rendered":"<p>Chaussette pour le cyclisme et les sports de montagne #rembourrage ergonomique et respirant #s\u00e9chage rapide, \u00e9lastique #fabriqu\u00e9e principalement en polyamide recycl\u00e9<\/p>","protected":false},"featured_media":24710,"comment_status":"closed","ping_status":"open","template":"","meta":[],"product_brand":[375],"product_cat":[480,213,216],"product_tag":[365,368,422,421],"class_list":["post-11407","product","type-product","status-publish","has-post-thumbnail","product_brand-vaude","product_cat-accessoires-vetements","product_cat-boutique","product_cat-vetements","product_tag-boutique","product_tag-vente","product_tag-vente-vetement","product_tag-vetement","pa_couleur-black","pa_couleur-white","pa_taille-36-38","pa_taille-39-41","pa_taille-42-44","pa_taille-45-47","first","instock","purchasable","product-type-variable"],"_links":{"self":[{"href":"https:\/\/www.tracea.ch\/de\/wp-json\/wp\/v2\/product\/11407","targetHints":{"allow":["GET"]}}],"collection":[{"href":"https:\/\/www.tracea.ch\/de\/wp-json\/wp\/v2\/product"}],"about":[{"href":"https:\/\/www.tracea.ch\/de\/wp-json\/wp\/v2\/types\/product"}],"replies":[{"embeddable":true,"href":"https:\/\/www.tracea.ch\/de\/wp-json\/wp\/v2\/comments?post=11407"}],"version-history":[{"count":1,"href":"https:\/\/www.tracea.ch\/de\/wp-json\/wp\/v2\/product\/11407\/revisions"}],"predecessor-version":[{"id":28453,"href":"https:\/\/www.tracea.ch\/de\/wp-json\/wp\/v2\/product\/11407\/revisions\/28453"}],"wp:featuredmedia":[{"embeddable":true,"href":"https:\/\/www.tracea.ch\/de\/wp-json\/wp\/v2\/media\/24710"}],"wp:attachment":[{"href":"https:\/\/www.tracea.ch\/de\/wp-json\/wp\/v2\/media?parent=11407"}],"wp:term":[{"taxonomy":"product_brand","embeddable":true,"href":"https:\/\/www.tracea.ch\/de\/wp-json\/wp\/v2\/product_brand?post=11407"},{"taxonomy":"product_cat","embeddable":true,"href":"https:\/\/www.tracea.ch\/de\/wp-json\/wp\/v2\/product_cat?post=11407"},{"taxonomy":"product_tag","embeddable":true,"href":"https:\/\/www.tracea.ch\/de\/wp-json\/wp\/v2\/product_tag?post=11407"}],"curies":[{"name":"wp","href":"https:\/\/api.w.org\/{rel}","templated":true}]}}

https://www.tracea.ch/boutique/non%20classé/bike-socks-short-ii/

<p>Les chaussettes courtes de cyclisme et de montagne sont adaptées de manière optimale aux sollicitations du pied lors de la pratique du vélo et des sports de montagne, grâce à des zones d&rsquo;aération adjacentes et rembourrées de différentes épaisseurs. Le pied est soulagé au niveau des points de pression du talon, du cou-de-pied, de la pointe du pied et de la plante de l&rsquo;avant-pied. Le mélange de matériaux fonctionnels assure un climat agréable pour le pied et est particulièrement résistant.</p>
<p><em>matelassage épais moyennes au talon et à la semelle</em></p>

<p>Chaussette pour le cyclisme et les sports de montagne #rembourrage ergonomique et respirant #séchage rapide, élastique #fabriquée principalement en polyamide recyclé</p>
