{"id":14956,"date":"2026-06-30T22:21:19","date_gmt":"2026-06-30T22:21:19","guid":{"rendered":"https:\/\/www.tracea.ch\/boutique\/non%20class\u00e9\/mens-moab-shorts-v\/"},"modified":"2026-07-07T21:47:31","modified_gmt":"2026-07-07T21:47:31","slug":"mens-moab-shorts-v","status":"publish","type":"product","link":"https:\/\/www.tracea.ch\/de\/boutique\/mens-moab-shorts-v\/","title":{"rendered":"Men&rsquo;s Moab Shorts V"},"content":{"rendered":"<p>Chaque session d&rsquo;enduro est un vrai plaisir avec le short d\u00e9contract\u00e9 VTT Moab de la 5e g\u00e9n\u00e9ration. Le polyamide l\u00e9ger et recycl\u00e9 avec une teneur en \u00e9lasthanne est coupe-vent avec la fonction Windproof&nbsp;80 et particuli\u00e8rement robuste. Le pantalon VTT descend au-dessus du genou&nbsp;; un zip bidirectionnel optimis\u00e9 qui tient lieu \u00e9galement d&rsquo;a\u00e9ration permet de r\u00e9gler la largeur de l&rsquo;ouverture afin de faciliter le port des genouill\u00e8res. Sa taille haute avec ouverture r\u00e9glable par velcro dans le dos permet au pantalon de cyclisme court agr\u00e9ablement \u00e9lastique pour homme de rester en place. 2&nbsp;poches en biais zipp\u00e9es servant \u00e0 la fois d&rsquo;a\u00e9ration compl\u00e8tent les prestations. Le short Moab V est dot\u00e9 de la finition d\u00e9perlante et antisalissures Eco Finish sans PFC. Le label Green Shape de VAUDE garantit un produit \u00e9cologique, fonctionnel et fabriqu\u00e9 dans des mat\u00e9riaux durables certifi\u00e9s bluesign\u00ae. En tant que membre Leader de l&rsquo;organisme ind\u00e9pendant Fair Wear, VAUDE s&rsquo;engage en faveur de conditions de travail et de salaires \u00e9quitables.<\/p>\n<p><em>genoux pr\u00e9form\u00e9s, ceinture \u00e0 la coupe montante \u00e0 l&rsquo;arri\u00e8re, peut \u00eatre port\u00e9 avec des protections, mati\u00e8re \u00e9lastique, 2 poches zipp\u00e9es sur les jambes, ceinture avec passe-ceinture, ceinture ajustable en largeur, zip lat\u00e9ral avec deux curseurs pour la ventilation et l&rsquo;ajustage en largeur de la jambe, possibilit\u00e9 de ventilation par les poches frontales, colourblock<\/em><\/p>","protected":false},"excerpt":{"rendered":"<p>Short technique tr\u00e8s \u00e9lastique pour homme #respirant et \u00e0 s\u00e9chage rapide #d\u00e9perlant et antisalissures #fabrication \u00e9cologique en mat\u00e9riaux principalement recycl\u00e9s<\/p>","protected":false},"featured_media":23275,"comment_status":"closed","ping_status":"open","template":"","meta":[],"product_brand":[375],"product_cat":[213,574,216],"product_tag":[365,368,422,421],"class_list":["post-14956","product","type-product","status-publish","has-post-thumbnail","product_brand-vaude","product_cat-boutique","product_cat-pantalons","product_cat-vetements","product_tag-boutique","product_tag-vente","product_tag-vente-vetement","product_tag-vetement","pa_couleur-dark-oak","pa_couleur-heron","pa_couleur-khaki-uni","pa_taille-l","pa_taille-m","pa_taille-s","pa_taille-xl","pa_taille-xxl","first","instock","purchasable","product-type-variable"],"_links":{"self":[{"href":"https:\/\/www.tracea.ch\/de\/wp-json\/wp\/v2\/product\/14956","targetHints":{"allow":["GET"]}}],"collection":[{"href":"https:\/\/www.tracea.ch\/de\/wp-json\/wp\/v2\/product"}],"about":[{"href":"https:\/\/www.tracea.ch\/de\/wp-json\/wp\/v2\/types\/product"}],"replies":[{"embeddable":true,"href":"https:\/\/www.tracea.ch\/de\/wp-json\/wp\/v2\/comments?post=14956"}],"version-history":[{"count":1,"href":"https:\/\/www.tracea.ch\/de\/wp-json\/wp\/v2\/product\/14956\/revisions"}],"predecessor-version":[{"id":29614,"href":"https:\/\/www.tracea.ch\/de\/wp-json\/wp\/v2\/product\/14956\/revisions\/29614"}],"wp:featuredmedia":[{"embeddable":true,"href":"https:\/\/www.tracea.ch\/de\/wp-json\/wp\/v2\/media\/23275"}],"wp:attachment":[{"href":"https:\/\/www.tracea.ch\/de\/wp-json\/wp\/v2\/media?parent=14956"}],"wp:term":[{"taxonomy":"product_brand","embeddable":true,"href":"https:\/\/www.tracea.ch\/de\/wp-json\/wp\/v2\/product_brand?post=14956"},{"taxonomy":"product_cat","embeddable":true,"href":"https:\/\/www.tracea.ch\/de\/wp-json\/wp\/v2\/product_cat?post=14956"},{"taxonomy":"product_tag","embeddable":true,"href":"https:\/\/www.tracea.ch\/de\/wp-json\/wp\/v2\/product_tag?post=14956"}],"curies":[{"name":"wp","href":"https:\/\/api.w.org\/{rel}","templated":true}]}}

https://www.tracea.ch/boutique/non%20classé/mens-moab-shorts-v/

<p>Chaque session d&rsquo;enduro est un vrai plaisir avec le short décontracté VTT Moab de la 5e génération. Le polyamide léger et recyclé avec une teneur en élasthanne est coupe-vent avec la fonction Windproof&nbsp;80 et particulièrement robuste. Le pantalon VTT descend au-dessus du genou&nbsp;; un zip bidirectionnel optimisé qui tient lieu également d&rsquo;aération permet de régler la largeur de l&rsquo;ouverture afin de faciliter le port des genouillères. Sa taille haute avec ouverture réglable par velcro dans le dos permet au pantalon de cyclisme court agréablement élastique pour homme de rester en place. 2&nbsp;poches en biais zippées servant à la fois d&rsquo;aération complètent les prestations. Le short Moab V est doté de la finition déperlante et antisalissures Eco Finish sans PFC. Le label Green Shape de VAUDE garantit un produit écologique, fonctionnel et fabriqué dans des matériaux durables certifiés bluesign®. En tant que membre Leader de l&rsquo;organisme indépendant Fair Wear, VAUDE s&rsquo;engage en faveur de conditions de travail et de salaires équitables.</p>
<p><em>genoux préformés, ceinture à la coupe montante à l&rsquo;arrière, peut être porté avec des protections, matière élastique, 2 poches zippées sur les jambes, ceinture avec passe-ceinture, ceinture ajustable en largeur, zip latéral avec deux curseurs pour la ventilation et l&rsquo;ajustage en largeur de la jambe, possibilité de ventilation par les poches frontales, colourblock</em></p>

<p>Short technique très élastique pour homme #respirant et à séchage rapide #déperlant et antisalissures #fabrication écologique en matériaux principalement recyclés</p>
