{"id":16199,"date":"2026-06-30T22:45:14","date_gmt":"2026-06-30T22:45:14","guid":{"rendered":"https:\/\/www.tracea.ch\/boutique\/non%20class\u00e9\/mens-monviso-alpine-pants\/"},"modified":"2026-07-07T22:22:33","modified_gmt":"2026-07-07T22:22:33","slug":"mens-monviso-alpine-pants","status":"publish","type":"product","link":"https:\/\/www.tracea.ch\/de\/boutique\/mens-monviso-alpine-pants\/","title":{"rendered":"Men&rsquo;s Monviso Alpine Pants"},"content":{"rendered":"<p>Un pantalon softshell homme pour randonn\u00e9es \u00e0 ski doit r\u00e9pondre \u00e0 des exigences fortes\u00a0: il doit prot\u00e9ger du vent et des intemp\u00e9ries, tout en \u00e9tant respirant et suffisamment robuste pour relever les d\u00e9fis du milieu alpin. Le pantalon softshell Monviso pour homme remplit ce cahier des charges avec brio. La mati\u00e8re softshell est 100\u00a0% \u00e9tanche au vent et d\u00e9perlante gr\u00e2ce \u00e0 la finition Eco Finish sans PFC. De longs zips de ventilation lat\u00e9raux renforc\u00e9s de mesh assurent une ventilation efficace en ascension sans p\u00e9n\u00e9tration de la neige. Les bas des jambes renforc\u00e9s permettent de ne pas mettre genou \u00e0 terre devant la paroi, les carres de ski ou les crampons, et des gu\u00eatres internes repoussent la glace et la neige. Le pantalon softshell homme est de plus 100\u00a0% compatible avec l&rsquo;alpinisme\u00a0: la ceinture plate r\u00e9glable par bande velcro ainsi que les poches lat\u00e9rales biseaut\u00e9es ne g\u00eanent pas le port d&rsquo;un harnais. Une poche lat\u00e9rale suppl\u00e9mentaire peut accueillir un DVA, un smartphone, une carte topo ou le bonnet. Le label Green Shape de VAUDE garantit un produit \u00e9cologique, fonctionnel et fabriqu\u00e9 dans des mat\u00e9riaux durables. En tant que membre Leader de l&rsquo;organisme ind\u00e9pendant Fair Wear, VAUDE s&rsquo;engage en faveur de conditions de travail et de salaires \u00e9quitables.<\/p>\n<p><em>Ceinture r\u00e9glable en largeur gr\u00e2ce \u00e0 un velcro, 2 poches frontales avec zip invers\u00e9, 1 poche sur la jambe avec zip r\u00e9versible, zip de ventilation dans les coutures lat\u00e9rales, genoux pr\u00e9form\u00e9s, parties r\u00e9sistantes au frottement aux ourlets, gu\u00eatre int\u00e9rieure<\/em><\/p>","protected":false},"excerpt":{"rendered":"<p>Pantalon softshell homme \u00e9tanche au vent et d\u00e9perlant pour randonn\u00e9es \u00e0 ski sur terrain alpin #protection anticoupures pour le contact avec la paroi, les crampons ou les carres de ski #design compatible avec le port d&rsquo;un harnais #\u00e9cofabrication de la face ext\u00e9rieure par recyclage innovant de pneus usag\u00e9s sous utilisation d&rsquo;une m\u00e9thode de bilan massique<\/p>","protected":false},"featured_media":25029,"comment_status":"closed","ping_status":"open","template":"","meta":[],"product_brand":[375],"product_cat":[213,574,216],"product_tag":[365,368,422,421],"class_list":["post-16199","product","type-product","status-publish","has-post-thumbnail","product_brand-vaude","product_cat-boutique","product_cat-pantalons","product_cat-vetements","product_tag-boutique","product_tag-vente","product_tag-vente-vetement","product_tag-vetement","pa_couleur-baltic-sea","pa_couleur-black","pa_taille-441","pa_taille-459","pa_taille-469","pa_taille-472","pa_taille-587","pa_taille-543","first","instock","purchasable","product-type-variable"],"_links":{"self":[{"href":"https:\/\/www.tracea.ch\/de\/wp-json\/wp\/v2\/product\/16199","targetHints":{"allow":["GET"]}}],"collection":[{"href":"https:\/\/www.tracea.ch\/de\/wp-json\/wp\/v2\/product"}],"about":[{"href":"https:\/\/www.tracea.ch\/de\/wp-json\/wp\/v2\/types\/product"}],"replies":[{"embeddable":true,"href":"https:\/\/www.tracea.ch\/de\/wp-json\/wp\/v2\/comments?post=16199"}],"version-history":[{"count":1,"href":"https:\/\/www.tracea.ch\/de\/wp-json\/wp\/v2\/product\/16199\/revisions"}],"predecessor-version":[{"id":29932,"href":"https:\/\/www.tracea.ch\/de\/wp-json\/wp\/v2\/product\/16199\/revisions\/29932"}],"wp:featuredmedia":[{"embeddable":true,"href":"https:\/\/www.tracea.ch\/de\/wp-json\/wp\/v2\/media\/25029"}],"wp:attachment":[{"href":"https:\/\/www.tracea.ch\/de\/wp-json\/wp\/v2\/media?parent=16199"}],"wp:term":[{"taxonomy":"product_brand","embeddable":true,"href":"https:\/\/www.tracea.ch\/de\/wp-json\/wp\/v2\/product_brand?post=16199"},{"taxonomy":"product_cat","embeddable":true,"href":"https:\/\/www.tracea.ch\/de\/wp-json\/wp\/v2\/product_cat?post=16199"},{"taxonomy":"product_tag","embeddable":true,"href":"https:\/\/www.tracea.ch\/de\/wp-json\/wp\/v2\/product_tag?post=16199"}],"curies":[{"name":"wp","href":"https:\/\/api.w.org\/{rel}","templated":true}]}}

https://www.tracea.ch/boutique/non%20classé/mens-monviso-alpine-pants/

<p>Un pantalon softshell homme pour randonnées à ski doit répondre à des exigences fortes : il doit protéger du vent et des intempéries, tout en étant respirant et suffisamment robuste pour relever les défis du milieu alpin. Le pantalon softshell Monviso pour homme remplit ce cahier des charges avec brio. La matière softshell est 100 % étanche au vent et déperlante grâce à la finition Eco Finish sans PFC. De longs zips de ventilation latéraux renforcés de mesh assurent une ventilation efficace en ascension sans pénétration de la neige. Les bas des jambes renforcés permettent de ne pas mettre genou à terre devant la paroi, les carres de ski ou les crampons, et des guêtres internes repoussent la glace et la neige. Le pantalon softshell homme est de plus 100 % compatible avec l&rsquo;alpinisme : la ceinture plate réglable par bande velcro ainsi que les poches latérales biseautées ne gênent pas le port d&rsquo;un harnais. Une poche latérale supplémentaire peut accueillir un DVA, un smartphone, une carte topo ou le bonnet. Le label Green Shape de VAUDE garantit un produit écologique, fonctionnel et fabriqué dans des matériaux durables. En tant que membre Leader de l&rsquo;organisme indépendant Fair Wear, VAUDE s&rsquo;engage en faveur de conditions de travail et de salaires équitables.</p>
<p><em>Ceinture réglable en largeur grâce à un velcro, 2 poches frontales avec zip inversé, 1 poche sur la jambe avec zip réversible, zip de ventilation dans les coutures latérales, genoux préformés, parties résistantes au frottement aux ourlets, guêtre intérieure</em></p>

<p>Pantalon softshell homme étanche au vent et déperlant pour randonnées à ski sur terrain alpin #protection anticoupures pour le contact avec la paroi, les crampons ou les carres de ski #design compatible avec le port d&rsquo;un harnais #écofabrication de la face extérieure par recyclage innovant de pneus usagés sous utilisation d&rsquo;une méthode de bilan massique</p>
