{"id":16366,"date":"2026-06-30T22:48:19","date_gmt":"2026-06-30T22:48:19","guid":{"rendered":"https:\/\/www.tracea.ch\/boutique\/non%20class\u00e9\/mens-adlux-shorts\/"},"modified":"2026-07-07T22:26:19","modified_gmt":"2026-07-07T22:26:19","slug":"mens-adlux-shorts","status":"publish","type":"product","link":"https:\/\/www.tracea.ch\/de\/boutique\/mens-adlux-shorts\/","title":{"rendered":"Men&rsquo;s Adlux Shorts"},"content":{"rendered":"<p>Une vir\u00e9e de cyclotourisme agr\u00e9able en pr\u00e9paration\u00a0? C&rsquo;est pr\u00e9cis\u00e9ment la mission \u00e0 remplir pour le short cycliste Adlux pour homme. Car il allie confort, aisance de mouvement et look minimaliste dans un seul pantalon\u00a0! Le coussinet VAUDE T-Pad int\u00e9gr\u00e9 au cuissard assure la partie confort\u00a0: ce rembourrage de fessier est sp\u00e9cialement con\u00e7u pour la position assise redress\u00e9e et les types de terrain les plus vari\u00e9s. Le short cycliste Adlux pour homme offre une belle aisance de mouvement gr\u00e2ce aux mati\u00e8res s\u00e9lectionn\u00e9es. Le design adh\u00e8re \u00e0 un esprit minimaliste et d\u00e9contract\u00e9. Une ceinture est int\u00e9gr\u00e9e pour un ajustement individuel. Deux poches \u00e0 l&rsquo;avant et une petite poche \u00e0 l&rsquo;arri\u00e8re permettent de transporter de petites affaires devant rester \u00e0 port\u00e9e de main. Le label Green Shape de VAUDE garantit un produit \u00e9cologique, fonctionnel et fabriqu\u00e9 dans des mat\u00e9riaux durables.<\/p>\n<p><em>mati\u00e8re \u00e9lastique, ceinture int\u00e9gr\u00e9e, 2 poches dans la d\u00e9coupe \u00e0 l&rsquo;avant, 1&#038;nbsp, poche lat\u00e9rale avec fermeture \u00e9clair, avec pantalon int\u00e9rieur avec matelassage du fessier<\/em><\/p>","protected":false},"excerpt":{"rendered":"<p>Short de cyclisme homme au look minimaliste #l\u00e9ger, respirant et \u00e0 s\u00e9chage rapide #cuissard avec T-Pad VAUDE inclus #mati\u00e8re principale essentiellement fabriqu\u00e9e en polyester recycl\u00e9<\/p>","protected":false},"featured_media":25249,"comment_status":"closed","ping_status":"open","template":"","meta":[],"product_brand":[375],"product_cat":[213,574,216],"product_tag":[365,368,422,421],"class_list":["post-16366","product","type-product","status-publish","has-post-thumbnail","product_brand-vaude","product_cat-boutique","product_cat-pantalons","product_cat-vetements","product_tag-boutique","product_tag-vente","product_tag-vente-vetement","product_tag-vetement","pa_couleur-black","pa_couleur-coconut","pa_taille-l","pa_taille-m","pa_taille-s","pa_taille-xl","pa_taille-xxl","pa_taille-xxxl","first","instock","purchasable","product-type-variable"],"_links":{"self":[{"href":"https:\/\/www.tracea.ch\/de\/wp-json\/wp\/v2\/product\/16366","targetHints":{"allow":["GET"]}}],"collection":[{"href":"https:\/\/www.tracea.ch\/de\/wp-json\/wp\/v2\/product"}],"about":[{"href":"https:\/\/www.tracea.ch\/de\/wp-json\/wp\/v2\/types\/product"}],"replies":[{"embeddable":true,"href":"https:\/\/www.tracea.ch\/de\/wp-json\/wp\/v2\/comments?post=16366"}],"version-history":[{"count":1,"href":"https:\/\/www.tracea.ch\/de\/wp-json\/wp\/v2\/product\/16366\/revisions"}],"predecessor-version":[{"id":29969,"href":"https:\/\/www.tracea.ch\/de\/wp-json\/wp\/v2\/product\/16366\/revisions\/29969"}],"wp:featuredmedia":[{"embeddable":true,"href":"https:\/\/www.tracea.ch\/de\/wp-json\/wp\/v2\/media\/25249"}],"wp:attachment":[{"href":"https:\/\/www.tracea.ch\/de\/wp-json\/wp\/v2\/media?parent=16366"}],"wp:term":[{"taxonomy":"product_brand","embeddable":true,"href":"https:\/\/www.tracea.ch\/de\/wp-json\/wp\/v2\/product_brand?post=16366"},{"taxonomy":"product_cat","embeddable":true,"href":"https:\/\/www.tracea.ch\/de\/wp-json\/wp\/v2\/product_cat?post=16366"},{"taxonomy":"product_tag","embeddable":true,"href":"https:\/\/www.tracea.ch\/de\/wp-json\/wp\/v2\/product_tag?post=16366"}],"curies":[{"name":"wp","href":"https:\/\/api.w.org\/{rel}","templated":true}]}}

https://www.tracea.ch/boutique/non%20classé/mens-adlux-shorts/

<p>Une virée de cyclotourisme agréable en préparation ? C&rsquo;est précisément la mission à remplir pour le short cycliste Adlux pour homme. Car il allie confort, aisance de mouvement et look minimaliste dans un seul pantalon ! Le coussinet VAUDE T-Pad intégré au cuissard assure la partie confort : ce rembourrage de fessier est spécialement conçu pour la position assise redressée et les types de terrain les plus variés. Le short cycliste Adlux pour homme offre une belle aisance de mouvement grâce aux matières sélectionnées. Le design adhère à un esprit minimaliste et décontracté. Une ceinture est intégrée pour un ajustement individuel. Deux poches à l&rsquo;avant et une petite poche à l&rsquo;arrière permettent de transporter de petites affaires devant rester à portée de main. Le label Green Shape de VAUDE garantit un produit écologique, fonctionnel et fabriqué dans des matériaux durables.</p>
<p><em>matière élastique, ceinture intégrée, 2 poches dans la découpe à l&rsquo;avant, 1&#038;nbsp, poche latérale avec fermeture éclair, avec pantalon intérieur avec matelassage du fessier</em></p>

<p>Short de cyclisme homme au look minimaliste #léger, respirant et à séchage rapide #cuissard avec T-Pad VAUDE inclus #matière principale essentiellement fabriquée en polyester recyclé</p>
