{"id":30421,"date":"2026-07-07T22:38:27","date_gmt":"2026-07-07T22:38:27","guid":{"rendered":"https:\/\/www.tracea.ch\/boutique\/non%20class\u00e9\/womens-loamer-base-shorts\/"},"modified":"2026-07-07T22:39:00","modified_gmt":"2026-07-07T22:39:00","slug":"womens-loamer-base-shorts","status":"publish","type":"product","link":"https:\/\/www.tracea.ch\/de\/boutique\/womens-loamer-base-shorts\/","title":{"rendered":"Women&rsquo;s Loamer Base Shorts"},"content":{"rendered":"<p>Le short VTT Loamer pour femme est polyvalent et confortable. Ce mod\u00e8le n&rsquo;int\u00e8gre pas de cuissard et peut donc \u00eatre compl\u00e9t\u00e9 individuellement, ou l&rsquo;on peut porter le short pour d&rsquo;autres activit\u00e9s sportives. Le short VTT Loamer femme offre un grand confort gr\u00e2ce \u00e0 sa taille partiellement \u00e9lastique et sa mati\u00e8re. Cette derni\u00e8re est respirante, s\u00e8che rapidement et offre une sensation de l\u00e9g\u00e8ret\u00e9 agr\u00e9able. Deux poches permettent de transporter des barres \u00e9nerg\u00e9tiques, de la monnaie ou un smartphone. Le label Green Shape de VAUDE garantit un produit \u00e9cologique, fonctionnel et fabriqu\u00e9 dans des mat\u00e9riaux durables.<\/p>\n<p><em>2 poches avec doublure en filet pour une bonne ventilation, ceinture avec passe-ceinture, ceinture en partie \u00e9lastique<\/em><\/p>","protected":false},"excerpt":{"rendered":"<p>Short VTT confortable pour femme #large panel d&rsquo;utilisation #l\u00e9ger et agr\u00e9able \u00e0 porter #mati\u00e8re principale essentiellement fabriqu\u00e9e en polyester recycl\u00e9<\/p>","protected":false},"featured_media":0,"comment_status":"closed","ping_status":"open","template":"","meta":[],"product_brand":[375],"product_cat":[213,574,216],"product_tag":[365,368,422,421],"class_list":["post-30421","product","type-product","status-publish","product_brand-vaude","product_cat-boutique","product_cat-pantalons","product_cat-vetements","product_tag-boutique","product_tag-vente","product_tag-vente-vetement","product_tag-vetement","pa_couleur-agave","pa_couleur-black","pa_couleur-brick","pa_taille-436","pa_taille-437","pa_taille-438","pa_taille-439","pa_taille-440","pa_taille-441","first","instock","purchasable","product-type-variable"],"_links":{"self":[{"href":"https:\/\/www.tracea.ch\/de\/wp-json\/wp\/v2\/product\/30421","targetHints":{"allow":["GET"]}}],"collection":[{"href":"https:\/\/www.tracea.ch\/de\/wp-json\/wp\/v2\/product"}],"about":[{"href":"https:\/\/www.tracea.ch\/de\/wp-json\/wp\/v2\/types\/product"}],"replies":[{"embeddable":true,"href":"https:\/\/www.tracea.ch\/de\/wp-json\/wp\/v2\/comments?post=30421"}],"version-history":[{"count":1,"href":"https:\/\/www.tracea.ch\/de\/wp-json\/wp\/v2\/product\/30421\/revisions"}],"predecessor-version":[{"id":30422,"href":"https:\/\/www.tracea.ch\/de\/wp-json\/wp\/v2\/product\/30421\/revisions\/30422"}],"wp:attachment":[{"href":"https:\/\/www.tracea.ch\/de\/wp-json\/wp\/v2\/media?parent=30421"}],"wp:term":[{"taxonomy":"product_brand","embeddable":true,"href":"https:\/\/www.tracea.ch\/de\/wp-json\/wp\/v2\/product_brand?post=30421"},{"taxonomy":"product_cat","embeddable":true,"href":"https:\/\/www.tracea.ch\/de\/wp-json\/wp\/v2\/product_cat?post=30421"},{"taxonomy":"product_tag","embeddable":true,"href":"https:\/\/www.tracea.ch\/de\/wp-json\/wp\/v2\/product_tag?post=30421"}],"curies":[{"name":"wp","href":"https:\/\/api.w.org\/{rel}","templated":true}]}}

https://www.tracea.ch/boutique/non%20classé/womens-loamer-base-shorts/

<p>Le short VTT Loamer pour femme est polyvalent et confortable. Ce modèle n&rsquo;intègre pas de cuissard et peut donc être complété individuellement, ou l&rsquo;on peut porter le short pour d&rsquo;autres activités sportives. Le short VTT Loamer femme offre un grand confort grâce à sa taille partiellement élastique et sa matière. Cette dernière est respirante, sèche rapidement et offre une sensation de légèreté agréable. Deux poches permettent de transporter des barres énergétiques, de la monnaie ou un smartphone. Le label Green Shape de VAUDE garantit un produit écologique, fonctionnel et fabriqué dans des matériaux durables.</p>
<p><em>2 poches avec doublure en filet pour une bonne ventilation, ceinture avec passe-ceinture, ceinture en partie élastique</em></p>

<p>Short VTT confortable pour femme #large panel d&rsquo;utilisation #léger et agréable à porter #matière principale essentiellement fabriquée en polyester recyclé</p>
