{"id":30445,"date":"2026-07-07T22:38:59","date_gmt":"2026-07-07T22:38:59","guid":{"rendered":"https:\/\/www.tracea.ch\/boutique\/non%20class\u00e9\/mens-loamer-base-shorts\/"},"modified":"2026-07-07T22:39:44","modified_gmt":"2026-07-07T22:39:44","slug":"mens-loamer-base-shorts","status":"publish","type":"product","link":"https:\/\/www.tracea.ch\/de\/boutique\/mens-loamer-base-shorts\/","title":{"rendered":"Men&rsquo;s Loamer Base Shorts"},"content":{"rendered":"<p>Pour pouvoir d\u00e9valer des tapis de racines, attaquer un virage en \u00e9pingle sous les frondaisons et dropper vers le prochain passage en toute libert\u00e9, il faut savoir se munir d&rsquo;un short confortable qui garantit une totale amplitude de mouvement. C&rsquo;est ici que le short VTT Loamer pour homme intervient. Il offre une tenue confortable avec sa taille partiellement \u00e9lastique\u00a0; sa mati\u00e8re est l\u00e9g\u00e8re, respirante et s\u00e8che rapidement. Ce mod\u00e8le de short VTT Loamer pour homme est propos\u00e9 sans cuissard, afin de pouvoir choisir soi-m\u00eame le rembourrage de fessier adapt\u00e9 \u00e0 ses besoins personnels. Ou l&rsquo;on peut aussi parfaitement utiliser le short pour un autre type de sport \u00e0 l&rsquo;air libre. Deux poches int\u00e9rieures peuvent accueillir une barre \u00e9nerg\u00e9tique, un porte-monnaie et un smartphone. Le label Green Shape de VAUDE garantit un produit \u00e9cologique, fonctionnel et fabriqu\u00e9 dans des mat\u00e9riaux durables.<\/p>\n<p><em>2 poches avec doublure en filet pour une bonne ventilation, ceinture avec passe-ceinture, ceinture en partie \u00e9lastique<\/em><\/p>","protected":false},"excerpt":{"rendered":"<p>Short VTT confortable pour homme #large panel d&rsquo;utilisation #l\u00e9ger et agr\u00e9able \u00e0 porter #mati\u00e8re principale essentiellement fabriqu\u00e9e en polyester recycl\u00e9<\/p>","protected":false},"featured_media":0,"comment_status":"closed","ping_status":"open","template":"","meta":[],"product_brand":[375],"product_cat":[213,574,216],"product_tag":[365,368,422,421],"class_list":["post-30445","product","type-product","status-publish","product_brand-vaude","product_cat-boutique","product_cat-pantalons","product_cat-vetements","product_tag-boutique","product_tag-vente","product_tag-vente-vetement","product_tag-vetement","pa_couleur-black","pa_couleur-coconut","pa_couleur-coconut-black","pa_couleur-dark-sea","pa_taille-l","pa_taille-m","pa_taille-s","pa_taille-xl","pa_taille-xxl","pa_taille-xxxl","first","instock","purchasable","product-type-variable"],"_links":{"self":[{"href":"https:\/\/www.tracea.ch\/de\/wp-json\/wp\/v2\/product\/30445","targetHints":{"allow":["GET"]}}],"collection":[{"href":"https:\/\/www.tracea.ch\/de\/wp-json\/wp\/v2\/product"}],"about":[{"href":"https:\/\/www.tracea.ch\/de\/wp-json\/wp\/v2\/types\/product"}],"replies":[{"embeddable":true,"href":"https:\/\/www.tracea.ch\/de\/wp-json\/wp\/v2\/comments?post=30445"}],"version-history":[{"count":1,"href":"https:\/\/www.tracea.ch\/de\/wp-json\/wp\/v2\/product\/30445\/revisions"}],"predecessor-version":[{"id":30446,"href":"https:\/\/www.tracea.ch\/de\/wp-json\/wp\/v2\/product\/30445\/revisions\/30446"}],"wp:attachment":[{"href":"https:\/\/www.tracea.ch\/de\/wp-json\/wp\/v2\/media?parent=30445"}],"wp:term":[{"taxonomy":"product_brand","embeddable":true,"href":"https:\/\/www.tracea.ch\/de\/wp-json\/wp\/v2\/product_brand?post=30445"},{"taxonomy":"product_cat","embeddable":true,"href":"https:\/\/www.tracea.ch\/de\/wp-json\/wp\/v2\/product_cat?post=30445"},{"taxonomy":"product_tag","embeddable":true,"href":"https:\/\/www.tracea.ch\/de\/wp-json\/wp\/v2\/product_tag?post=30445"}],"curies":[{"name":"wp","href":"https:\/\/api.w.org\/{rel}","templated":true}]}}

https://www.tracea.ch/boutique/non%20classé/mens-loamer-base-shorts/

<p>Pour pouvoir dévaler des tapis de racines, attaquer un virage en épingle sous les frondaisons et dropper vers le prochain passage en toute liberté, il faut savoir se munir d&rsquo;un short confortable qui garantit une totale amplitude de mouvement. C&rsquo;est ici que le short VTT Loamer pour homme intervient. Il offre une tenue confortable avec sa taille partiellement élastique ; sa matière est légère, respirante et sèche rapidement. Ce modèle de short VTT Loamer pour homme est proposé sans cuissard, afin de pouvoir choisir soi-même le rembourrage de fessier adapté à ses besoins personnels. Ou l&rsquo;on peut aussi parfaitement utiliser le short pour un autre type de sport à l&rsquo;air libre. Deux poches intérieures peuvent accueillir une barre énergétique, un porte-monnaie et un smartphone. Le label Green Shape de VAUDE garantit un produit écologique, fonctionnel et fabriqué dans des matériaux durables.</p>
<p><em>2 poches avec doublure en filet pour une bonne ventilation, ceinture avec passe-ceinture, ceinture en partie élastique</em></p>

<p>Short VTT confortable pour homme #large panel d&rsquo;utilisation #léger et agréable à porter #matière principale essentiellement fabriquée en polyester recyclé</p>
