{"id":31339,"date":"2026-07-07T23:04:06","date_gmt":"2026-07-07T23:04:06","guid":{"rendered":"https:\/\/www.tracea.ch\/boutique\/non%20class\u00e9\/kids-caprea-antimos-shorts-ii\/"},"modified":"2026-07-07T23:04:40","modified_gmt":"2026-07-07T23:04:40","slug":"kids-caprea-antimos-shorts-ii","status":"publish","type":"product","link":"https:\/\/www.tracea.ch\/de\/boutique\/kids-caprea-antimos-shorts-ii\/","title":{"rendered":"Kids Caprea Antimos Shorts II"},"content":{"rendered":"<p>Short et protection tout en un : Le short Caprea II Antimoskito pour enfants a beaucoup \u00e0 offrir. Il a \u00e9t\u00e9 con\u00e7u pour les enfants qui aiment sortir en short dans les bois et les pr\u00e9s. Les renforts au niveau des fesses et des genoux prot\u00e8gent le pantalon et la peau de l&rsquo;abrasion et la mati\u00e8re \u00e9lastique et r\u00e9sistante assure une grande libert\u00e9 de mouvement pour toutes les activit\u00e9s. Un traitement anti-moustiques naturel &#8211; d\u00fb au tissage &#8211; prot\u00e8ge des vilaines piq\u00fbres de moustiques sur les cuisses. Deux poches permettent de ranger les mouchoirs et les petites trouvailles. Superbe short antimoustique pour enfants, facile d&rsquo;entretien et \u00e0 s\u00e9chage rapide, qui peut se transmettre d&rsquo;enfant en enfant. Le label Green Shape de VAUDE garantit un produit \u00e9cologique, fonctionnel et fabriqu\u00e9 dans des mat\u00e9riaux durables.<\/p>\n<p><em>genoux pr\u00e9form\u00e9s, partie r\u00e9sistant au frottement aux genoux et au fessier, 2 poches avec rabat sur les jambes, ceinture avec ajustage int\u00e9rieur de la largeur, avec petite plaque pour y inscrire le nom<\/em><\/p>","protected":false},"excerpt":{"rendered":"<p>Short enfant robuste pour les activit\u00e9s scolaires en for\u00eat et en plein air #avec empi\u00e8cements anti-abrasion et appr\u00eat anti-moustiques #facile d\u2019entretien et \u00e0 s\u00e9chage rapide #mati\u00e8re principale fabriqu\u00e9e par recyclage innovant de pneus usag\u00e9s sous utilisation d\u2019une m\u00e9thode de bilan massique<\/p>","protected":false},"featured_media":0,"comment_status":"closed","ping_status":"open","template":"","meta":[],"product_brand":[375],"product_cat":[213,574,216],"product_tag":[365,368,422,421],"class_list":["post-31339","product","type-product","status-publish","product_brand-vaude","product_cat-boutique","product_cat-pantalons","product_cat-vetements","product_tag-boutique","product_tag-vente","product_tag-vente-vetement","product_tag-vetement","pa_couleur-dark-sea","pa_couleur-redeva","pa_couleur-umbra","pa_taille-424","pa_taille-110-116","pa_taille-122-128","pa_taille-134-140","pa_taille-146-152","pa_taille-158-164","pa_taille-418","pa_taille-423","first","instock","purchasable","product-type-variable"],"_links":{"self":[{"href":"https:\/\/www.tracea.ch\/de\/wp-json\/wp\/v2\/product\/31339","targetHints":{"allow":["GET"]}}],"collection":[{"href":"https:\/\/www.tracea.ch\/de\/wp-json\/wp\/v2\/product"}],"about":[{"href":"https:\/\/www.tracea.ch\/de\/wp-json\/wp\/v2\/types\/product"}],"replies":[{"embeddable":true,"href":"https:\/\/www.tracea.ch\/de\/wp-json\/wp\/v2\/comments?post=31339"}],"version-history":[{"count":1,"href":"https:\/\/www.tracea.ch\/de\/wp-json\/wp\/v2\/product\/31339\/revisions"}],"predecessor-version":[{"id":31340,"href":"https:\/\/www.tracea.ch\/de\/wp-json\/wp\/v2\/product\/31339\/revisions\/31340"}],"wp:attachment":[{"href":"https:\/\/www.tracea.ch\/de\/wp-json\/wp\/v2\/media?parent=31339"}],"wp:term":[{"taxonomy":"product_brand","embeddable":true,"href":"https:\/\/www.tracea.ch\/de\/wp-json\/wp\/v2\/product_brand?post=31339"},{"taxonomy":"product_cat","embeddable":true,"href":"https:\/\/www.tracea.ch\/de\/wp-json\/wp\/v2\/product_cat?post=31339"},{"taxonomy":"product_tag","embeddable":true,"href":"https:\/\/www.tracea.ch\/de\/wp-json\/wp\/v2\/product_tag?post=31339"}],"curies":[{"name":"wp","href":"https:\/\/api.w.org\/{rel}","templated":true}]}}

https://www.tracea.ch/boutique/non%20classé/kids-caprea-antimos-shorts-ii/

<p>Short et protection tout en un : Le short Caprea II Antimoskito pour enfants a beaucoup à offrir. Il a été conçu pour les enfants qui aiment sortir en short dans les bois et les prés. Les renforts au niveau des fesses et des genoux protègent le pantalon et la peau de l&rsquo;abrasion et la matière élastique et résistante assure une grande liberté de mouvement pour toutes les activités. Un traitement anti-moustiques naturel &#8211; dû au tissage &#8211; protège des vilaines piqûres de moustiques sur les cuisses. Deux poches permettent de ranger les mouchoirs et les petites trouvailles. Superbe short antimoustique pour enfants, facile d&rsquo;entretien et à séchage rapide, qui peut se transmettre d&rsquo;enfant en enfant. Le label Green Shape de VAUDE garantit un produit écologique, fonctionnel et fabriqué dans des matériaux durables.</p>
<p><em>genoux préformés, partie résistant au frottement aux genoux et au fessier, 2 poches avec rabat sur les jambes, ceinture avec ajustage intérieur de la largeur, avec petite plaque pour y inscrire le nom</em></p>

<p>Short enfant robuste pour les activités scolaires en forêt et en plein air #avec empiècements anti-abrasion et apprêt anti-moustiques #facile d’entretien et à séchage rapide #matière principale fabriquée par recyclage innovant de pneus usagés sous utilisation d’une méthode de bilan massique</p>
