{"id":35162,"date":"2026-07-08T00:59:32","date_gmt":"2026-07-08T00:59:32","guid":{"rendered":"https:\/\/www.tracea.ch\/boutique\/non%20class\u00e9\/mens-moab-ls-pro-shirt\/"},"modified":"2026-07-08T01:00:31","modified_gmt":"2026-07-08T01:00:31","slug":"mens-moab-ls-pro-shirt","status":"publish","type":"product","link":"https:\/\/www.tracea.ch\/de\/boutique\/mens-moab-ls-pro-shirt\/","title":{"rendered":"Men&rsquo;s Moab LS PRO Shirt"},"content":{"rendered":"<p>Le maillot tendance Moab LS Pro accompagne chaque action en descente, flow ou bike park. Le m\u00e9lange de mati\u00e8res ultra-innovant du maillot \u00e0 manches longues technique pour homme garantit une fonctionnalit\u00e9 compl\u00e8te. Les \u00e9paules, le dos et les manches sont confectionn\u00e9s dans un polyamide recycl\u00e9 tr\u00e8s robuste pour r\u00e9sister aux branches. L&rsquo;excellente a\u00e9ration est assur\u00e9e par la mati\u00e8re jacquard douce en polyester recycl\u00e9 \u00e0 l&rsquo;avant et par des d\u00e9coupes au laser au dos et aux manches. Le maillot \u00e0 manches longues est dot\u00e9 d&rsquo;un imprim\u00e9 all-over et d&rsquo;un col rond agr\u00e9ablement doux. Le mat\u00e9riau tr\u00e8s l\u00e9ger et respirant en polyamide du maillot \u00e0 manches longues homme est obtenu \u00e0 travers une m\u00e9thode certifi\u00e9e du bilan massique. De l&rsquo;huile de pyrolyse qui entre dans la fabrication du polyamide conventionnel est obtenue \u00e0 partir de pneus usag\u00e9s. Le recyclage chimique permet de r\u00e9duire les \u00e9missions de CO2 de 60\u00a0%. Le maillot Moab LS Pro se porte le mieux assorti au pantalon Moab Pro Pants. Le label Green Shape de VAUDE garantit un produit \u00e9cologique, fonctionnel et fabriqu\u00e9 dans des mat\u00e9riaux durables certifi\u00e9s bluesign\u00ae.<\/p>\n<p><em>manches pr\u00e9form\u00e9es, mati\u00e8re stretch au niveau des \u00e9paules et des manches, d\u00e9collet\u00e9 rond, colourblock, avec imprim\u00e9<\/em><\/p>","protected":false},"excerpt":{"rendered":"<p>Maillot \u00e0 manches longues hybride et technique pour homme #avec zones respirantes #\u00e9lastique et \u00e0 s\u00e9chage rapide #fabrication \u00e9cologique et en mat\u00e9riaux principalement recycl\u00e9s<\/p>","protected":false},"featured_media":23241,"comment_status":"closed","ping_status":"open","template":"","meta":[],"product_brand":[375],"product_cat":[213,677,216],"product_tag":[365,368,422,421],"class_list":["post-35162","product","type-product","status-publish","has-post-thumbnail","product_brand-vaude","product_cat-boutique","product_cat-t-shirt","product_cat-vetements","product_tag-boutique","product_tag-vente","product_tag-vente-vetement","product_tag-vetement","pa_couleur-black","pa_couleur-black-black","pa_couleur-heron","pa_couleur-khaki","pa_couleur-purple-ash","pa_taille-l","pa_taille-m","pa_taille-s","pa_taille-xl","pa_taille-xxl","first","instock","purchasable","product-type-variable"],"_links":{"self":[{"href":"https:\/\/www.tracea.ch\/de\/wp-json\/wp\/v2\/product\/35162","targetHints":{"allow":["GET"]}}],"collection":[{"href":"https:\/\/www.tracea.ch\/de\/wp-json\/wp\/v2\/product"}],"about":[{"href":"https:\/\/www.tracea.ch\/de\/wp-json\/wp\/v2\/types\/product"}],"replies":[{"embeddable":true,"href":"https:\/\/www.tracea.ch\/de\/wp-json\/wp\/v2\/comments?post=35162"}],"version-history":[{"count":1,"href":"https:\/\/www.tracea.ch\/de\/wp-json\/wp\/v2\/product\/35162\/revisions"}],"predecessor-version":[{"id":35163,"href":"https:\/\/www.tracea.ch\/de\/wp-json\/wp\/v2\/product\/35162\/revisions\/35163"}],"wp:featuredmedia":[{"embeddable":true,"href":"https:\/\/www.tracea.ch\/de\/wp-json\/wp\/v2\/media\/23241"}],"wp:attachment":[{"href":"https:\/\/www.tracea.ch\/de\/wp-json\/wp\/v2\/media?parent=35162"}],"wp:term":[{"taxonomy":"product_brand","embeddable":true,"href":"https:\/\/www.tracea.ch\/de\/wp-json\/wp\/v2\/product_brand?post=35162"},{"taxonomy":"product_cat","embeddable":true,"href":"https:\/\/www.tracea.ch\/de\/wp-json\/wp\/v2\/product_cat?post=35162"},{"taxonomy":"product_tag","embeddable":true,"href":"https:\/\/www.tracea.ch\/de\/wp-json\/wp\/v2\/product_tag?post=35162"}],"curies":[{"name":"wp","href":"https:\/\/api.w.org\/{rel}","templated":true}]}}

https://www.tracea.ch/boutique/non%20classé/mens-moab-ls-pro-shirt/

<p>Le maillot tendance Moab LS Pro accompagne chaque action en descente, flow ou bike park. Le mélange de matières ultra-innovant du maillot à manches longues technique pour homme garantit une fonctionnalité complète. Les épaules, le dos et les manches sont confectionnés dans un polyamide recyclé très robuste pour résister aux branches. L&rsquo;excellente aération est assurée par la matière jacquard douce en polyester recyclé à l&rsquo;avant et par des découpes au laser au dos et aux manches. Le maillot à manches longues est doté d&rsquo;un imprimé all-over et d&rsquo;un col rond agréablement doux. Le matériau très léger et respirant en polyamide du maillot à manches longues homme est obtenu à travers une méthode certifiée du bilan massique. De l&rsquo;huile de pyrolyse qui entre dans la fabrication du polyamide conventionnel est obtenue à partir de pneus usagés. Le recyclage chimique permet de réduire les émissions de CO2 de 60 %. Le maillot Moab LS Pro se porte le mieux assorti au pantalon Moab Pro Pants. Le label Green Shape de VAUDE garantit un produit écologique, fonctionnel et fabriqué dans des matériaux durables certifiés bluesign®.</p>
<p><em>manches préformées, matière stretch au niveau des épaules et des manches, décolleté rond, colourblock, avec imprimé</em></p>

<p>Maillot à manches longues hybride et technique pour homme #avec zones respirantes #élastique et à séchage rapide #fabrication écologique et en matériaux principalement recyclés</p>
