{"id":39626,"date":"2026-07-08T03:12:42","date_gmt":"2026-07-08T03:12:42","guid":{"rendered":"https:\/\/www.tracea.ch\/boutique\/non%20class\u00e9\/womens-tinshan-coat-iii\/"},"modified":"2026-07-08T03:14:05","modified_gmt":"2026-07-08T03:14:05","slug":"womens-tinshan-coat-iii","status":"publish","type":"product","link":"https:\/\/www.tracea.ch\/de\/boutique\/womens-tinshan-coat-iii\/","title":{"rendered":"Women&rsquo;s Tinshan Coat III"},"content":{"rendered":"<p>Manteau en laine m\u00e9lang\u00e9e \u00e9l\u00e9gant et facile d&rsquo;entretien, doublure int\u00e9rieure en polaire, id\u00e9ale pour les saisons interm\u00e9diaires. La touche d&rsquo;originalit\u00e9 de ce manteau \u00e0 la coupe large r\u00e9side dans la capuche int\u00e9gr\u00e9e et dans les larges rebords aux poignets et \u00e0 la ceinture. Le zip double-sens permet \u00e0 sa propri\u00e9taire d&rsquo;acc\u00e9der aux poches du pantalon port\u00e9 en dessous ; deux poches accueillent les mains pour les r\u00e9chauffer. La mati\u00e8re \u00e9cologique et douce assure un grand confort et un sentiment de bien-\u00eatre par temps froid.<\/p>\n<p><em>capuche mont\u00e9e, zip frontal double-sens avec rabat, 2 poches frontales avec fermeture \u00e9clair<\/em><\/p>","protected":false},"excerpt":{"rendered":"<p>Manteau demi-saison en laine m\u00e9lang\u00e9e pour le quotidien moderne #chaud #fabrication \u00e9cologique<\/p>","protected":false},"featured_media":19859,"comment_status":"closed","ping_status":"open","template":"","meta":[],"product_brand":[375],"product_cat":[213,709,216],"product_tag":[365,368,422,421],"class_list":["post-39626","product","type-product","status-publish","has-post-thumbnail","product_brand-vaude","product_cat-boutique","product_cat-veste","product_cat-vetements","product_tag-boutique","product_tag-vente","product_tag-vente-vetement","product_tag-vetement","pa_couleur-dark-sea","pa_couleur-deep-pond","pa_couleur-ecru","pa_couleur-iron","pa_couleur-phantom-black","pa_couleur-tobacco","pa_taille-436","pa_taille-437","pa_taille-438","pa_taille-439","pa_taille-440","pa_taille-441","first","instock","purchasable","product-type-variable"],"_links":{"self":[{"href":"https:\/\/www.tracea.ch\/de\/wp-json\/wp\/v2\/product\/39626","targetHints":{"allow":["GET"]}}],"collection":[{"href":"https:\/\/www.tracea.ch\/de\/wp-json\/wp\/v2\/product"}],"about":[{"href":"https:\/\/www.tracea.ch\/de\/wp-json\/wp\/v2\/types\/product"}],"replies":[{"embeddable":true,"href":"https:\/\/www.tracea.ch\/de\/wp-json\/wp\/v2\/comments?post=39626"}],"version-history":[{"count":1,"href":"https:\/\/www.tracea.ch\/de\/wp-json\/wp\/v2\/product\/39626\/revisions"}],"predecessor-version":[{"id":39627,"href":"https:\/\/www.tracea.ch\/de\/wp-json\/wp\/v2\/product\/39626\/revisions\/39627"}],"wp:featuredmedia":[{"embeddable":true,"href":"https:\/\/www.tracea.ch\/de\/wp-json\/wp\/v2\/media\/19859"}],"wp:attachment":[{"href":"https:\/\/www.tracea.ch\/de\/wp-json\/wp\/v2\/media?parent=39626"}],"wp:term":[{"taxonomy":"product_brand","embeddable":true,"href":"https:\/\/www.tracea.ch\/de\/wp-json\/wp\/v2\/product_brand?post=39626"},{"taxonomy":"product_cat","embeddable":true,"href":"https:\/\/www.tracea.ch\/de\/wp-json\/wp\/v2\/product_cat?post=39626"},{"taxonomy":"product_tag","embeddable":true,"href":"https:\/\/www.tracea.ch\/de\/wp-json\/wp\/v2\/product_tag?post=39626"}],"curies":[{"name":"wp","href":"https:\/\/api.w.org\/{rel}","templated":true}]}}

https://www.tracea.ch/boutique/non%20classé/womens-tinshan-coat-iii/

<p>Manteau en laine mélangée élégant et facile d&rsquo;entretien, doublure intérieure en polaire, idéale pour les saisons intermédiaires. La touche d&rsquo;originalité de ce manteau à la coupe large réside dans la capuche intégrée et dans les larges rebords aux poignets et à la ceinture. Le zip double-sens permet à sa propriétaire d&rsquo;accéder aux poches du pantalon porté en dessous ; deux poches accueillent les mains pour les réchauffer. La matière écologique et douce assure un grand confort et un sentiment de bien-être par temps froid.</p>
<p><em>capuche montée, zip frontal double-sens avec rabat, 2 poches frontales avec fermeture éclair</em></p>

<p>Manteau demi-saison en laine mélangée pour le quotidien moderne #chaud #fabrication écologique</p>
