{"id":43429,"date":"2026-07-08T11:12:10","date_gmt":"2026-07-08T11:12:10","guid":{"rendered":"https:\/\/www.tracea.ch\/boutique\/non%20class\u00e9\/mens-roccia-softshell-jacket-ii\/"},"modified":"2026-07-08T11:14:30","modified_gmt":"2026-07-08T11:14:30","slug":"mens-roccia-softshell-jacket-ii","status":"publish","type":"product","link":"https:\/\/www.tracea.ch\/de\/boutique\/mens-roccia-softshell-jacket-ii\/","title":{"rendered":"Men&rsquo;s Roccia Softshell Jacket II"},"content":{"rendered":"<p>La veste softshell Men&rsquo;s Roccia Softshell Jacket est un vrai multitalent alpin! La veste softshell \u00e9lastique \u00e0 capuche est fabriqu\u00e9e en mati\u00e8re Windproof100 et convient \u00e0 une utilisation en montagne toute l&rsquo;ann\u00e9e. La mati\u00e8re softshell hautement respirante et \u00e9tanche au vent garantit un climat agr\u00e9able et une grande libert\u00e9 de mouvement pour la randonn\u00e9e et les voyages. Outre de longs zips d&rsquo;a\u00e9ration, la veste technique dispose de plusieurs poches et possibilit\u00e9s de r\u00e9glage. Ce mod\u00e8le est id\u00e9al pour les alpinistes qui cherchent une veste tous temps adapt\u00e9e \u00e0 un large \u00e9ventail d&rsquo;activit\u00e9s en montagne. De par l&rsquo;utilisation de mat\u00e9riaux certifi\u00e9s bluesign\u00ae, il prend aussi position en faveur d&rsquo;une fabrication plus respectueuse de l&rsquo;environnement. Ce produit est imperm\u00e9abilis\u00e9 avec la finition Eco Finish, \u00e9cologique et sans fluorocarbures (PFC). Le label Green Shape de VAUDE garantit un produit \u00e9cologique, fonctionnel et fabriqu\u00e9 dans des mat\u00e9riaux durables.<\/p>\n<p><em>capuche mont\u00e9e et r\u00e9glable en largeur, manches pr\u00e9form\u00e9es, 1 poche poitrine avec zipp\u00e9e, 2 poches frontales avec fermeture \u00e9clair, ventilation avec zip sous les bras, cordon \u00e0 la ceinture r\u00e9glable par les poches, poignets r\u00e9glables en largeur gr\u00e2ce \u00e0 un velcro, zip frontal double-sens avec rabat<\/em><\/p>","protected":false},"excerpt":{"rendered":"<p>Veste softshell bien chaude pour la randonn\u00e9e et les voyages #\u00e9tanche au vent \u00e0 100%, respirante et d\u00e9perlante #\u00e9lastique #fabrication \u00e9cologique<\/p>","protected":false},"featured_media":20984,"comment_status":"closed","ping_status":"open","template":"","meta":[],"product_brand":[375],"product_cat":[213,709,216],"product_tag":[365,368,422,421],"class_list":["post-43429","product","type-product","status-publish","has-post-thumbnail","product_brand-vaude","product_cat-boutique","product_cat-veste","product_cat-vetements","product_tag-boutique","product_tag-vente","product_tag-vente-vetement","product_tag-vetement","pa_couleur-agave","pa_couleur-black","pa_couleur-black-savanna","pa_couleur-carmine","pa_couleur-dark-leaf","pa_couleur-dark-sea-uni","pa_couleur-deep-pond","pa_couleur-purple-ash","pa_couleur-woodland","pa_taille-l","pa_taille-m","pa_taille-s","pa_taille-xl","pa_taille-xxl","pa_taille-xxxl","first","instock","purchasable","product-type-variable"],"_links":{"self":[{"href":"https:\/\/www.tracea.ch\/de\/wp-json\/wp\/v2\/product\/43429","targetHints":{"allow":["GET"]}}],"collection":[{"href":"https:\/\/www.tracea.ch\/de\/wp-json\/wp\/v2\/product"}],"about":[{"href":"https:\/\/www.tracea.ch\/de\/wp-json\/wp\/v2\/types\/product"}],"replies":[{"embeddable":true,"href":"https:\/\/www.tracea.ch\/de\/wp-json\/wp\/v2\/comments?post=43429"}],"version-history":[{"count":1,"href":"https:\/\/www.tracea.ch\/de\/wp-json\/wp\/v2\/product\/43429\/revisions"}],"predecessor-version":[{"id":43430,"href":"https:\/\/www.tracea.ch\/de\/wp-json\/wp\/v2\/product\/43429\/revisions\/43430"}],"wp:featuredmedia":[{"embeddable":true,"href":"https:\/\/www.tracea.ch\/de\/wp-json\/wp\/v2\/media\/20984"}],"wp:attachment":[{"href":"https:\/\/www.tracea.ch\/de\/wp-json\/wp\/v2\/media?parent=43429"}],"wp:term":[{"taxonomy":"product_brand","embeddable":true,"href":"https:\/\/www.tracea.ch\/de\/wp-json\/wp\/v2\/product_brand?post=43429"},{"taxonomy":"product_cat","embeddable":true,"href":"https:\/\/www.tracea.ch\/de\/wp-json\/wp\/v2\/product_cat?post=43429"},{"taxonomy":"product_tag","embeddable":true,"href":"https:\/\/www.tracea.ch\/de\/wp-json\/wp\/v2\/product_tag?post=43429"}],"curies":[{"name":"wp","href":"https:\/\/api.w.org\/{rel}","templated":true}]}}

https://www.tracea.ch/boutique/non%20classé/mens-roccia-softshell-jacket-ii/

<p>La veste softshell Men&rsquo;s Roccia Softshell Jacket est un vrai multitalent alpin! La veste softshell élastique à capuche est fabriquée en matière Windproof100 et convient à une utilisation en montagne toute l&rsquo;année. La matière softshell hautement respirante et étanche au vent garantit un climat agréable et une grande liberté de mouvement pour la randonnée et les voyages. Outre de longs zips d&rsquo;aération, la veste technique dispose de plusieurs poches et possibilités de réglage. Ce modèle est idéal pour les alpinistes qui cherchent une veste tous temps adaptée à un large éventail d&rsquo;activités en montagne. De par l&rsquo;utilisation de matériaux certifiés bluesign®, il prend aussi position en faveur d&rsquo;une fabrication plus respectueuse de l&rsquo;environnement. Ce produit est imperméabilisé avec la finition Eco Finish, écologique et sans fluorocarbures (PFC). Le label Green Shape de VAUDE garantit un produit écologique, fonctionnel et fabriqué dans des matériaux durables.</p>
<p><em>capuche montée et réglable en largeur, manches préformées, 1 poche poitrine avec zippée, 2 poches frontales avec fermeture éclair, ventilation avec zip sous les bras, cordon à la ceinture réglable par les poches, poignets réglables en largeur grâce à un velcro, zip frontal double-sens avec rabat</em></p>

<p>Veste softshell bien chaude pour la randonnée et les voyages #étanche au vent à 100%, respirante et déperlante #élastique #fabrication écologique</p>
