{"id":44018,"date":"2026-07-08T11:30:36","date_gmt":"2026-07-08T11:30:36","guid":{"rendered":"https:\/\/www.tracea.ch\/boutique\/non%20class\u00e9\/womens-batura-insulation-jacket\/"},"modified":"2026-07-08T11:31:11","modified_gmt":"2026-07-08T11:31:11","slug":"womens-batura-insulation-jacket","status":"publish","type":"product","link":"https:\/\/www.tracea.ch\/de\/boutique\/womens-batura-insulation-jacket\/","title":{"rendered":"Women&rsquo;s Batura Insulation Jacket"},"content":{"rendered":"<p>Une source de chaleur indispensable sur tout type de circuit \u00e0 ski et de randonn\u00e9e en montagne: la veste isolante Batura pour femmes tr\u00e8s l\u00e9g\u00e8re et compressible. Le garnissage enti\u00e8rement nouveau de cette veste est le r\u00e9sultat d&rsquo;un bond de g\u00e9ant dans la technologie d&rsquo;isolation: le mat\u00e9riau de garnissage a\u00e9rien produit un effet similaire au duvet \u2013 l\u00e9ger et accumulant la chaleur \u2013 tout en \u00e9tant enti\u00e8rement tir\u00e9 du recyclage. Le duvet synth\u00e9tique pr\u00e9sente l&rsquo;avantage d&rsquo;exercer une action chauffante m\u00eame \u00e0 l&rsquo;\u00e9tat humide tout en \u00e9tant facile d&rsquo;entretien! Ces flocons isolants sont cousus dans des chambres de mani\u00e8re analogue au duvet ordinaire afin d&rsquo;obtenir les meilleurs effets thermiques. La veste peut \u00eatre compress\u00e9e dans la poche int\u00e9rieure en filet \u00e9lastique et ne p\u00e8se ainsi pas lourd dans le sac \u00e0 dos pendant l&rsquo;ascension. Sa coupe ajust\u00e9e se moule parfaitement sous la hardshell et prot\u00e8ge aussi efficacement des courants d&rsquo;air avec sa ceinture r\u00e9glable en largeur. Cette veste d&rsquo;hiver d\u00e9perlante, fabriqu\u00e9e en mat\u00e9riau enti\u00e8rement recycl\u00e9, b\u00e9n\u00e9ficie de la certification selon la norme environnementale la plus stricte bluesign\u00ae et offre une utilisation polyvalente tout au long de l&rsquo;hiver. Le label Green Shape de VAUDE garantit un produit \u00e9cologique, fonctionnel et fabriqu\u00e9 dans des mat\u00e9riaux durables.<\/p>\n<p><em>zip frontal invers\u00e9, zip frontal avec rabat int\u00e9rieur, 2 poches frontales avec fermeture \u00e9clair, 1 poche \u00e0 l\u2019avant pour ranger, cordon \u00e0 la ceinture avec syst\u00e8me de r\u00e9glage \u00e0 une main, manches pr\u00e9form\u00e9es<\/em><\/p>","protected":false},"excerpt":{"rendered":"<p>Veste isolante femme tr\u00e8s l\u00e9g\u00e8re pour le sport de montagne #tr\u00e8s chaude #compressible dans la poche int\u00e9rieure #fabrication compl\u00e8te en mat\u00e9riau recycl\u00e9<\/p>","protected":false},"featured_media":21395,"comment_status":"closed","ping_status":"open","template":"","meta":[],"product_brand":[375],"product_cat":[213,709,216],"product_tag":[365,368,422,421],"class_list":["post-44018","product","type-product","status-publish","has-post-thumbnail","product_brand-vaude","product_cat-boutique","product_cat-veste","product_cat-vetements","product_tag-boutique","product_tag-vente","product_tag-vente-vetement","product_tag-vetement","pa_couleur-black","pa_couleur-dark-sea","pa_taille-466","pa_taille-436","pa_taille-437","pa_taille-438","pa_taille-439","pa_taille-440","pa_taille-441","first","instock","purchasable","product-type-variable"],"_links":{"self":[{"href":"https:\/\/www.tracea.ch\/de\/wp-json\/wp\/v2\/product\/44018","targetHints":{"allow":["GET"]}}],"collection":[{"href":"https:\/\/www.tracea.ch\/de\/wp-json\/wp\/v2\/product"}],"about":[{"href":"https:\/\/www.tracea.ch\/de\/wp-json\/wp\/v2\/types\/product"}],"replies":[{"embeddable":true,"href":"https:\/\/www.tracea.ch\/de\/wp-json\/wp\/v2\/comments?post=44018"}],"version-history":[{"count":1,"href":"https:\/\/www.tracea.ch\/de\/wp-json\/wp\/v2\/product\/44018\/revisions"}],"predecessor-version":[{"id":44019,"href":"https:\/\/www.tracea.ch\/de\/wp-json\/wp\/v2\/product\/44018\/revisions\/44019"}],"wp:featuredmedia":[{"embeddable":true,"href":"https:\/\/www.tracea.ch\/de\/wp-json\/wp\/v2\/media\/21395"}],"wp:attachment":[{"href":"https:\/\/www.tracea.ch\/de\/wp-json\/wp\/v2\/media?parent=44018"}],"wp:term":[{"taxonomy":"product_brand","embeddable":true,"href":"https:\/\/www.tracea.ch\/de\/wp-json\/wp\/v2\/product_brand?post=44018"},{"taxonomy":"product_cat","embeddable":true,"href":"https:\/\/www.tracea.ch\/de\/wp-json\/wp\/v2\/product_cat?post=44018"},{"taxonomy":"product_tag","embeddable":true,"href":"https:\/\/www.tracea.ch\/de\/wp-json\/wp\/v2\/product_tag?post=44018"}],"curies":[{"name":"wp","href":"https:\/\/api.w.org\/{rel}","templated":true}]}}

https://www.tracea.ch/boutique/non%20classé/womens-batura-insulation-jacket/

<p>Une source de chaleur indispensable sur tout type de circuit à ski et de randonnée en montagne: la veste isolante Batura pour femmes très légère et compressible. Le garnissage entièrement nouveau de cette veste est le résultat d&rsquo;un bond de géant dans la technologie d&rsquo;isolation: le matériau de garnissage aérien produit un effet similaire au duvet – léger et accumulant la chaleur – tout en étant entièrement tiré du recyclage. Le duvet synthétique présente l&rsquo;avantage d&rsquo;exercer une action chauffante même à l&rsquo;état humide tout en étant facile d&rsquo;entretien! Ces flocons isolants sont cousus dans des chambres de manière analogue au duvet ordinaire afin d&rsquo;obtenir les meilleurs effets thermiques. La veste peut être compressée dans la poche intérieure en filet élastique et ne pèse ainsi pas lourd dans le sac à dos pendant l&rsquo;ascension. Sa coupe ajustée se moule parfaitement sous la hardshell et protège aussi efficacement des courants d&rsquo;air avec sa ceinture réglable en largeur. Cette veste d&rsquo;hiver déperlante, fabriquée en matériau entièrement recyclé, bénéficie de la certification selon la norme environnementale la plus stricte bluesign® et offre une utilisation polyvalente tout au long de l&rsquo;hiver. Le label Green Shape de VAUDE garantit un produit écologique, fonctionnel et fabriqué dans des matériaux durables.</p>
<p><em>zip frontal inversé, zip frontal avec rabat intérieur, 2 poches frontales avec fermeture éclair, 1 poche à l’avant pour ranger, cordon à la ceinture avec système de réglage à une main, manches préformées</em></p>

<p>Veste isolante femme très légère pour le sport de montagne #très chaude #compressible dans la poche intérieure #fabrication complète en matériau recyclé</p>
