{"id":44642,"date":"2026-07-08T11:50:05","date_gmt":"2026-07-08T11:50:05","guid":{"rendered":"https:\/\/www.tracea.ch\/boutique\/non%20class\u00e9\/mens-rosemoor-fleece-jacket-ii\/"},"modified":"2026-07-08T11:52:32","modified_gmt":"2026-07-08T11:52:32","slug":"mens-rosemoor-fleece-jacket-ii","status":"publish","type":"product","link":"https:\/\/www.tracea.ch\/de\/boutique\/mens-rosemoor-fleece-jacket-ii\/","title":{"rendered":"Men&rsquo;s Rosemoor Fleece Jacket II"},"content":{"rendered":"<p>Notre veste polaire chaude pour s&#8217;emmitoufler. La polaire douce et haut de gamme Polartec\u00ae et la coupe confortable font de la veste un multitalent agr\u00e9able. Que ce soit lors de randonn\u00e9es mod\u00e9r\u00e9es, de balades ou confortablement \u00e0 la maison, la veste polaire r\u00e9chauffe sens dessus dessous. Elle peut se zipper dans une veste 3en1 portant l&rsquo;\u00e9tiquette Zip-in comme p.ex. la veste Rosemoor 3in1 Jacket. Les poches frontales zipp\u00e9es permettent de conserver les affaires pr\u00e9cieuses. Le cordon de serrage \u00e0 la ceinture peut s&rsquo;ajuster \u00e0 travers les poches et apporte un compl\u00e9ment de confort. La veste Men&rsquo;s Rosemoor Fleece Jacket II est fabriqu\u00e9e dans une approche durable en polyester recycl\u00e9 et constitue une couche interm\u00e9diaire chauffante ou une veste \u00e0 utiliser du printemps \u00e0 l&rsquo;automne: cette tenue facile d&rsquo;entretien et d&rsquo;utilisation vous accompagne tout au long de l&rsquo;ann\u00e9e. Notre label Green Shape de VAUDE garantit un produit \u00e9cologique, fonctionnel et fabriqu\u00e9 dans des mat\u00e9riaux durables et certifi\u00e9s bluesign\u00ae.<\/p>\n<p><em>il est possible de l&rsquo;attacher \u00e0 une veste ext\u00e9rieure gr\u00e2ce \u00e0 un zip, zip frontal avec rabat int\u00e9rieur, 2 poches sur le devant, cordon \u00e0 la ceinture r\u00e9glable par les poches<\/em><\/p>","protected":false},"excerpt":{"rendered":"<p>Veste polaire homme moelleuse pour la randonn\u00e9e et les loisirs #polaire chaude Polartec\u00ae #confort au porter tr\u00e8s \u00e9lev\u00e9 #composition en 100 % polyester recycl\u00e9<\/p>","protected":false},"featured_media":22269,"comment_status":"closed","ping_status":"open","template":"","meta":[],"product_brand":[375],"product_cat":[213,709,216],"product_tag":[365,368,422,421],"class_list":["post-44642","product","type-product","status-publish","has-post-thumbnail","product_brand-vaude","product_cat-boutique","product_cat-veste","product_cat-vetements","product_tag-boutique","product_tag-vente","product_tag-vente-vetement","product_tag-vetement","pa_couleur-agave","pa_couleur-black","pa_couleur-carmine-uni","pa_couleur-coconut","pa_couleur-dark-leaf","pa_couleur-dark-sea","pa_couleur-heron","pa_couleur-khaki","pa_taille-l","pa_taille-m","pa_taille-s","pa_taille-xl","pa_taille-xxl","pa_taille-xxxl","pa_taille-xxxxl","pa_taille-xxxxxl","first","instock","purchasable","product-type-variable"],"_links":{"self":[{"href":"https:\/\/www.tracea.ch\/de\/wp-json\/wp\/v2\/product\/44642","targetHints":{"allow":["GET"]}}],"collection":[{"href":"https:\/\/www.tracea.ch\/de\/wp-json\/wp\/v2\/product"}],"about":[{"href":"https:\/\/www.tracea.ch\/de\/wp-json\/wp\/v2\/types\/product"}],"replies":[{"embeddable":true,"href":"https:\/\/www.tracea.ch\/de\/wp-json\/wp\/v2\/comments?post=44642"}],"version-history":[{"count":1,"href":"https:\/\/www.tracea.ch\/de\/wp-json\/wp\/v2\/product\/44642\/revisions"}],"predecessor-version":[{"id":44643,"href":"https:\/\/www.tracea.ch\/de\/wp-json\/wp\/v2\/product\/44642\/revisions\/44643"}],"wp:featuredmedia":[{"embeddable":true,"href":"https:\/\/www.tracea.ch\/de\/wp-json\/wp\/v2\/media\/22269"}],"wp:attachment":[{"href":"https:\/\/www.tracea.ch\/de\/wp-json\/wp\/v2\/media?parent=44642"}],"wp:term":[{"taxonomy":"product_brand","embeddable":true,"href":"https:\/\/www.tracea.ch\/de\/wp-json\/wp\/v2\/product_brand?post=44642"},{"taxonomy":"product_cat","embeddable":true,"href":"https:\/\/www.tracea.ch\/de\/wp-json\/wp\/v2\/product_cat?post=44642"},{"taxonomy":"product_tag","embeddable":true,"href":"https:\/\/www.tracea.ch\/de\/wp-json\/wp\/v2\/product_tag?post=44642"}],"curies":[{"name":"wp","href":"https:\/\/api.w.org\/{rel}","templated":true}]}}

https://www.tracea.ch/boutique/non%20classé/mens-rosemoor-fleece-jacket-ii/

<p>Notre veste polaire chaude pour s&#8217;emmitoufler. La polaire douce et haut de gamme Polartec® et la coupe confortable font de la veste un multitalent agréable. Que ce soit lors de randonnées modérées, de balades ou confortablement à la maison, la veste polaire réchauffe sens dessus dessous. Elle peut se zipper dans une veste 3en1 portant l&rsquo;étiquette Zip-in comme p.ex. la veste Rosemoor 3in1 Jacket. Les poches frontales zippées permettent de conserver les affaires précieuses. Le cordon de serrage à la ceinture peut s&rsquo;ajuster à travers les poches et apporte un complément de confort. La veste Men&rsquo;s Rosemoor Fleece Jacket II est fabriquée dans une approche durable en polyester recyclé et constitue une couche intermédiaire chauffante ou une veste à utiliser du printemps à l&rsquo;automne: cette tenue facile d&rsquo;entretien et d&rsquo;utilisation vous accompagne tout au long de l&rsquo;année. Notre label Green Shape de VAUDE garantit un produit écologique, fonctionnel et fabriqué dans des matériaux durables et certifiés bluesign®.</p>
<p><em>il est possible de l&rsquo;attacher à une veste extérieure grâce à un zip, zip frontal avec rabat intérieur, 2 poches sur le devant, cordon à la ceinture réglable par les poches</em></p>

<p>Veste polaire homme moelleuse pour la randonnée et les loisirs #polaire chaude Polartec® #confort au porter très élevé #composition en 100 % polyester recyclé</p>
