{"id":45303,"date":"2026-07-08T12:11:35","date_gmt":"2026-07-08T12:11:35","guid":{"rendered":"https:\/\/www.tracea.ch\/boutique\/non%20class\u00e9\/kids-torridon-hoody-jacket-ii\/"},"modified":"2026-07-08T12:12:05","modified_gmt":"2026-07-08T12:12:05","slug":"kids-torridon-hoody-jacket-ii","status":"publish","type":"product","link":"https:\/\/www.tracea.ch\/de\/boutique\/kids-torridon-hoody-jacket-ii\/","title":{"rendered":"Kids Torridon Hoody Jacket II"},"content":{"rendered":"<p>Un nounours \u00e0 porter: la veste merveilleusement douce Kids Torridon Hoddy Jacket II est confectionn\u00e9e dans une \u00e9paisse polaire Sherpa moelleuse et sera la tenue pr\u00e9f\u00e9r\u00e9e des enfants \u00e0 plein temps les jours froids d&rsquo;automne. Cette veste polaire \u00e0 capuche retient tr\u00e8s bien la chaleur corporelle et garde la t\u00eate et le corps bien au chaud. Deux poches en biais zipp\u00e9e conservent un mouchoir et d&rsquo;autres petites affaires. La polaire douce, facile d&rsquo;entretien et \u00e0 s\u00e9chage rapide est principalement compos\u00e9e de mat\u00e9riau recycl\u00e9, pr\u00e9serve ainsi l&rsquo;environnement et pr\u00e9serve de pr\u00e9cieuses ressources. Les v\u00eatements pour enfants fonctionnels VAUDE ont plus d&rsquo;un atout: mat\u00e9riaux de qualit\u00e9, formes et couleurs adapt\u00e9es aux enfants et fabrication \u00e9cologique. Nous concevons des \u00e9quipements outdoor pour enfants hautement r\u00e9sistants qui peuvent ainsi \u00eatre pass\u00e9s d&rsquo;un enfant \u00e0 un autre. Le label Green Shape de VAUDE garantit un produit \u00e9cologique, fonctionnel et fabriqu\u00e9 dans des mat\u00e9riaux durables. En tant que membre \u00e9lev\u00e9 au rang de Leader de l&rsquo;organisme ind\u00e9pendant Fair Wear, VAUDE s&rsquo;engage en faveur de conditions de travail et de salaires \u00e9quitables.<\/p>\n<p><em>zip invers\u00e9 avec rabat int\u00e9rieur sur le devant, 1 poche avec zip invers\u00e9 sur la poitrine, 2 poches avec bord en lycra sur le devant, bordures en lycra aux poignets et \u00e0 la ceinture, capuche mont\u00e9e, bord de la capuche en Lycra, \u00e9tiquette pour le nom jusqu&rsquo;\u00e0 la taille 122\/128<\/em><\/p>","protected":false},"excerpt":{"rendered":"<p>Veste \u00e0 capuche tr\u00e8s moelleuse et chaude enfant pour les jours froids en automne, qui fait partie du concept de circuit VAUDE #polaire Sherpa moelleuse #fabriqu\u00e9 enti\u00e8rement en polyester recycl\u00e9<\/p>","protected":false},"featured_media":22723,"comment_status":"closed","ping_status":"open","template":"","meta":[],"product_brand":[375],"product_cat":[213,709,216],"product_tag":[365,368,422,421],"class_list":["post-45303","product","type-product","status-publish","has-post-thumbnail","product_brand-vaude","product_cat-boutique","product_cat-veste","product_cat-vetements","product_tag-boutique","product_tag-vente","product_tag-vente-vetement","product_tag-vetement","pa_couleur-dark-sea-desert","pa_couleur-ecru-silt-brown","pa_couleur-savanna","pa_taille-424","pa_taille-110-116","pa_taille-122-128","pa_taille-134-140","pa_taille-146-152","pa_taille-158-164","pa_taille-423","first","instock","purchasable","product-type-variable"],"_links":{"self":[{"href":"https:\/\/www.tracea.ch\/de\/wp-json\/wp\/v2\/product\/45303","targetHints":{"allow":["GET"]}}],"collection":[{"href":"https:\/\/www.tracea.ch\/de\/wp-json\/wp\/v2\/product"}],"about":[{"href":"https:\/\/www.tracea.ch\/de\/wp-json\/wp\/v2\/types\/product"}],"replies":[{"embeddable":true,"href":"https:\/\/www.tracea.ch\/de\/wp-json\/wp\/v2\/comments?post=45303"}],"version-history":[{"count":1,"href":"https:\/\/www.tracea.ch\/de\/wp-json\/wp\/v2\/product\/45303\/revisions"}],"predecessor-version":[{"id":45304,"href":"https:\/\/www.tracea.ch\/de\/wp-json\/wp\/v2\/product\/45303\/revisions\/45304"}],"wp:featuredmedia":[{"embeddable":true,"href":"https:\/\/www.tracea.ch\/de\/wp-json\/wp\/v2\/media\/22723"}],"wp:attachment":[{"href":"https:\/\/www.tracea.ch\/de\/wp-json\/wp\/v2\/media?parent=45303"}],"wp:term":[{"taxonomy":"product_brand","embeddable":true,"href":"https:\/\/www.tracea.ch\/de\/wp-json\/wp\/v2\/product_brand?post=45303"},{"taxonomy":"product_cat","embeddable":true,"href":"https:\/\/www.tracea.ch\/de\/wp-json\/wp\/v2\/product_cat?post=45303"},{"taxonomy":"product_tag","embeddable":true,"href":"https:\/\/www.tracea.ch\/de\/wp-json\/wp\/v2\/product_tag?post=45303"}],"curies":[{"name":"wp","href":"https:\/\/api.w.org\/{rel}","templated":true}]}}

https://www.tracea.ch/boutique/non%20classé/kids-torridon-hoody-jacket-ii/

<p>Un nounours à porter: la veste merveilleusement douce Kids Torridon Hoddy Jacket II est confectionnée dans une épaisse polaire Sherpa moelleuse et sera la tenue préférée des enfants à plein temps les jours froids d&rsquo;automne. Cette veste polaire à capuche retient très bien la chaleur corporelle et garde la tête et le corps bien au chaud. Deux poches en biais zippée conservent un mouchoir et d&rsquo;autres petites affaires. La polaire douce, facile d&rsquo;entretien et à séchage rapide est principalement composée de matériau recyclé, préserve ainsi l&rsquo;environnement et préserve de précieuses ressources. Les vêtements pour enfants fonctionnels VAUDE ont plus d&rsquo;un atout: matériaux de qualité, formes et couleurs adaptées aux enfants et fabrication écologique. Nous concevons des équipements outdoor pour enfants hautement résistants qui peuvent ainsi être passés d&rsquo;un enfant à un autre. Le label Green Shape de VAUDE garantit un produit écologique, fonctionnel et fabriqué dans des matériaux durables. En tant que membre élevé au rang de Leader de l&rsquo;organisme indépendant Fair Wear, VAUDE s&rsquo;engage en faveur de conditions de travail et de salaires équitables.</p>
<p><em>zip inversé avec rabat intérieur sur le devant, 1 poche avec zip inversé sur la poitrine, 2 poches avec bord en lycra sur le devant, bordures en lycra aux poignets et à la ceinture, capuche montée, bord de la capuche en Lycra, étiquette pour le nom jusqu&rsquo;à la taille 122/128</em></p>

<p>Veste à capuche très moelleuse et chaude enfant pour les jours froids en automne, qui fait partie du concept de circuit VAUDE #polaire Sherpa moelleuse #fabriqué entièrement en polyester recyclé</p>
