{"id":45572,"date":"2026-07-08T12:19:45","date_gmt":"2026-07-08T12:19:45","guid":{"rendered":"https:\/\/www.tracea.ch\/boutique\/non%20class\u00e9\/womens-mineo-2-5l-coat\/"},"modified":"2026-07-08T12:21:42","modified_gmt":"2026-07-08T12:21:42","slug":"womens-mineo-2-5l-coat","status":"publish","type":"product","link":"https:\/\/www.tracea.ch\/de\/boutique\/womens-mineo-2-5l-coat\/","title":{"rendered":"Women&rsquo;s Mineo 2.5L Coat"},"content":{"rendered":"<p>Manteau de pluie ultratendance et l\u00e9ger pour les femmes qui se d\u00e9placent volontiers \u00e0 pied ou en v\u00e9lo. La parka Mineo avec sa mati\u00e8re \u00e9cologique 2,5&nbsp;couches n&rsquo;est pas seulement hyper imperm\u00e9able et respirante mais sait aussi s&rsquo;attirer tous les regards. Car sa taille r\u00e9glable int\u00e9gr\u00e9e permet d&rsquo;ajuster le manteau de pluie pour femme \u00e0 chaque silhouette. Tr\u00e8s compact, cet imperm\u00e9able se range en plus dans sa propre poche frontale. Il est l&rsquo;alli\u00e9 indispensable dans vos bagages de voyage. Gr\u00e2ce au zip bidirectionnel, il est possible d&rsquo;atteindre les poches sans se mouiller, m\u00eame s&rsquo;il pleut des cordes sur la selle. Et si le soleil pointe le bout de son nez, la capuche ajustable peut \u00eatre roul\u00e9e et rang\u00e9e dans le col. Un manteau de pluie ultratendance et polyvalent au toucher doux en mati\u00e8re recycl\u00e9e certifi\u00e9e bluesign\u00ae qui offre \u00e0 sa propri\u00e9taire de longues ann\u00e9es de bonheur. Le label Green Shape de VAUDE garantit un produit \u00e9cologique, fonctionnel et fabriqu\u00e9 dans des mat\u00e9riaux durables certifi\u00e9s bluesign\u00ae.<\/p>\n<p><em>mati\u00e8re 2,5 \u00e9paisseurs, capuche mont\u00e9e, r\u00e9glable en largeur et rangeable dans le col, 2 zips \u00e0 double-sens avec rabat sur le devant, 2 poches frontales avec fermeture \u00e9clair, 1 poche \u00e0 l\u2019avant pour ranger, poignets partiellement \u00e9lastiques<\/em><\/p>","protected":false},"excerpt":{"rendered":"<p>Manteau de pluie femme l\u00e9ger et tendance pour le quotidien urbain #imperm\u00e9able, \u00e9tanche au vent et respirant #peut se comprimer dans sa propre poche #fabrication \u00e0 partir de bouteilles PET recycl\u00e9es<\/p>","protected":false},"featured_media":22807,"comment_status":"closed","ping_status":"open","template":"","meta":[],"product_brand":[375],"product_cat":[213,709,216],"product_tag":[365,368,422,421],"class_list":["post-45572","product","type-product","status-publish","has-post-thumbnail","product_brand-vaude","product_cat-boutique","product_cat-veste","product_cat-vetements","product_tag-boutique","product_tag-vente","product_tag-vente-vetement","product_tag-vetement","pa_couleur-black","pa_couleur-brick","pa_couleur-dark-sea","pa_couleur-dusty-fern","pa_couleur-ete-blue","pa_couleur-magenta","pa_taille-466","pa_taille-436","pa_taille-437","pa_taille-438","pa_taille-439","pa_taille-440","pa_taille-441","pa_taille-459","first","instock","purchasable","product-type-variable"],"_links":{"self":[{"href":"https:\/\/www.tracea.ch\/de\/wp-json\/wp\/v2\/product\/45572","targetHints":{"allow":["GET"]}}],"collection":[{"href":"https:\/\/www.tracea.ch\/de\/wp-json\/wp\/v2\/product"}],"about":[{"href":"https:\/\/www.tracea.ch\/de\/wp-json\/wp\/v2\/types\/product"}],"replies":[{"embeddable":true,"href":"https:\/\/www.tracea.ch\/de\/wp-json\/wp\/v2\/comments?post=45572"}],"version-history":[{"count":1,"href":"https:\/\/www.tracea.ch\/de\/wp-json\/wp\/v2\/product\/45572\/revisions"}],"predecessor-version":[{"id":45573,"href":"https:\/\/www.tracea.ch\/de\/wp-json\/wp\/v2\/product\/45572\/revisions\/45573"}],"wp:featuredmedia":[{"embeddable":true,"href":"https:\/\/www.tracea.ch\/de\/wp-json\/wp\/v2\/media\/22807"}],"wp:attachment":[{"href":"https:\/\/www.tracea.ch\/de\/wp-json\/wp\/v2\/media?parent=45572"}],"wp:term":[{"taxonomy":"product_brand","embeddable":true,"href":"https:\/\/www.tracea.ch\/de\/wp-json\/wp\/v2\/product_brand?post=45572"},{"taxonomy":"product_cat","embeddable":true,"href":"https:\/\/www.tracea.ch\/de\/wp-json\/wp\/v2\/product_cat?post=45572"},{"taxonomy":"product_tag","embeddable":true,"href":"https:\/\/www.tracea.ch\/de\/wp-json\/wp\/v2\/product_tag?post=45572"}],"curies":[{"name":"wp","href":"https:\/\/api.w.org\/{rel}","templated":true}]}}

https://www.tracea.ch/boutique/non%20classé/womens-mineo-2-5l-coat/

<p>Manteau de pluie ultratendance et léger pour les femmes qui se déplacent volontiers à pied ou en vélo. La parka Mineo avec sa matière écologique 2,5&nbsp;couches n&rsquo;est pas seulement hyper imperméable et respirante mais sait aussi s&rsquo;attirer tous les regards. Car sa taille réglable intégrée permet d&rsquo;ajuster le manteau de pluie pour femme à chaque silhouette. Très compact, cet imperméable se range en plus dans sa propre poche frontale. Il est l&rsquo;allié indispensable dans vos bagages de voyage. Grâce au zip bidirectionnel, il est possible d&rsquo;atteindre les poches sans se mouiller, même s&rsquo;il pleut des cordes sur la selle. Et si le soleil pointe le bout de son nez, la capuche ajustable peut être roulée et rangée dans le col. Un manteau de pluie ultratendance et polyvalent au toucher doux en matière recyclée certifiée bluesign® qui offre à sa propriétaire de longues années de bonheur. Le label Green Shape de VAUDE garantit un produit écologique, fonctionnel et fabriqué dans des matériaux durables certifiés bluesign®.</p>
<p><em>matière 2,5 épaisseurs, capuche montée, réglable en largeur et rangeable dans le col, 2 zips à double-sens avec rabat sur le devant, 2 poches frontales avec fermeture éclair, 1 poche à l’avant pour ranger, poignets partiellement élastiques</em></p>

<p>Manteau de pluie femme léger et tendance pour le quotidien urbain #imperméable, étanche au vent et respirant #peut se comprimer dans sa propre poche #fabrication à partir de bouteilles PET recyclées</p>
