{"id":45660,"date":"2026-07-08T12:22:35","date_gmt":"2026-07-08T12:22:35","guid":{"rendered":"https:\/\/www.tracea.ch\/boutique\/non%20class\u00e9\/kids-hylax-2l-jacket\/"},"modified":"2026-07-08T12:22:57","modified_gmt":"2026-07-08T12:22:57","slug":"kids-hylax-2l-jacket","status":"publish","type":"product","link":"https:\/\/www.tracea.ch\/de\/boutique\/kids-hylax-2l-jacket\/","title":{"rendered":"Kids Hylax 2L Jacket"},"content":{"rendered":"<p>Cette veste de pluie imperm\u00e9able pour enfant d&rsquo;aspect chin\u00e9 n&rsquo;affiche pas seulement un look d\u00e9contract\u00e9 mais est aussi fabriqu\u00e9e \u00e0 100% en mat\u00e9riaux recycl\u00e9s. La mati\u00e8re \u00e9cologique certifi\u00e9e bluesign\u00ae 2couches est respirante et coupe-vent pour couronner le tout, et fait de la veste une tenue id\u00e9ale en vacances, pour l&rsquo;\u00e9cole et la randonn\u00e9e. La veste Kids Hylax2L pr\u00e9sente un \u00e9quipement complet et pratique avec des poches en biais zipp\u00e9es, des poignets r\u00e9glables en largeur, un r\u00e9glage de ceinture (\u00e0 travers les poches) et des \u00e9l\u00e9ments r\u00e9fl\u00e9chissants sur les faces avant et du dos. Des empi\u00e8cements \u00e9lastiques lat\u00e9raux au lieu de cordons permettent d&rsquo;ajuster la capuche de mani\u00e8re optimale sous la pluie. La veste de pluie pour enfant est munie en plus d&rsquo;un dispositif Zip-in pour en faire une veste toutes saisons avec une polaire en automne et au printemps et une veste isolante en hiver. La fermeture \u00e0 glissi\u00e8re sur la face int\u00e9rieure permet de zipper une veste polaire et une veste isolante. Comme de nombreuses autres tenues durables, la veste de pluie enfant ne doit \u00eatre nettoy\u00e9e et r\u00e9impr\u00e9gn\u00e9e que rarement: il suffit de la brosser pour \u00e9liminer la salet\u00e9. En tant que produit \u00e0 longue dur\u00e9e de vie, la veste enfant peut se transmettre de g\u00e9n\u00e9ration en g\u00e9n\u00e9ration. Le label Green Shape de VAUDE garantit un produit \u00e9cologique, fonctionnel et fabriqu\u00e9 dans des mat\u00e9riaux durables certifi\u00e9s bluesign\u00ae.<\/p>\n<p><em>mati\u00e8re double \u00e9paisseur, cordon plus s\u00fbr enti\u00e8rement cach\u00e9 dans la ceinture, r\u00e9glables par les poches, poignets avec \u00e9lastique et velcro pour adapter la largeur, passepoil r\u00e9fl\u00e9chissante, 2 poches frontales avec fermeture \u00e9clair, capuche mont\u00e9e et r\u00e9glable en largeur, \u00e9l\u00e9ments r\u00e9fl\u00e9chissants sur le devant et dans le dos, \u00e9tiquette pour le nom jusqu&rsquo;\u00e0 la taille 122\/128<\/em><\/p>","protected":false},"excerpt":{"rendered":"<p>Veste de pluie enfant d\u00e9contract\u00e9e et imperm\u00e9able pour les activit\u00e9s outdoor et le quotidien #grandes poches, \u00e9l\u00e9ments r\u00e9fl\u00e9chissants #avec dispositif de zip \u00e0 l&rsquo;int\u00e9rieur #climatiquement neutre&nbsp;; fabrication en mat\u00e9riau recycl\u00e9<\/p>","protected":false},"featured_media":22912,"comment_status":"closed","ping_status":"open","template":"","meta":[],"product_brand":[375],"product_cat":[213,709,216],"product_tag":[365,368,422,421],"class_list":["post-45660","product","type-product","status-publish","has-post-thumbnail","product_brand-vaude","product_cat-boutique","product_cat-veste","product_cat-vetements","product_tag-boutique","product_tag-vente","product_tag-vente-vetement","product_tag-vetement","pa_couleur-hotchili","pa_couleur-ultramarine","pa_couleur-woodland","pa_taille-110-116","pa_taille-122-128","pa_taille-134-140","pa_taille-146-152","pa_taille-158-164","first","instock","purchasable","product-type-variable"],"_links":{"self":[{"href":"https:\/\/www.tracea.ch\/de\/wp-json\/wp\/v2\/product\/45660","targetHints":{"allow":["GET"]}}],"collection":[{"href":"https:\/\/www.tracea.ch\/de\/wp-json\/wp\/v2\/product"}],"about":[{"href":"https:\/\/www.tracea.ch\/de\/wp-json\/wp\/v2\/types\/product"}],"replies":[{"embeddable":true,"href":"https:\/\/www.tracea.ch\/de\/wp-json\/wp\/v2\/comments?post=45660"}],"version-history":[{"count":1,"href":"https:\/\/www.tracea.ch\/de\/wp-json\/wp\/v2\/product\/45660\/revisions"}],"predecessor-version":[{"id":45661,"href":"https:\/\/www.tracea.ch\/de\/wp-json\/wp\/v2\/product\/45660\/revisions\/45661"}],"wp:featuredmedia":[{"embeddable":true,"href":"https:\/\/www.tracea.ch\/de\/wp-json\/wp\/v2\/media\/22912"}],"wp:attachment":[{"href":"https:\/\/www.tracea.ch\/de\/wp-json\/wp\/v2\/media?parent=45660"}],"wp:term":[{"taxonomy":"product_brand","embeddable":true,"href":"https:\/\/www.tracea.ch\/de\/wp-json\/wp\/v2\/product_brand?post=45660"},{"taxonomy":"product_cat","embeddable":true,"href":"https:\/\/www.tracea.ch\/de\/wp-json\/wp\/v2\/product_cat?post=45660"},{"taxonomy":"product_tag","embeddable":true,"href":"https:\/\/www.tracea.ch\/de\/wp-json\/wp\/v2\/product_tag?post=45660"}],"curies":[{"name":"wp","href":"https:\/\/api.w.org\/{rel}","templated":true}]}}

https://www.tracea.ch/boutique/non%20classé/kids-hylax-2l-jacket/

<p>Cette veste de pluie imperméable pour enfant d&rsquo;aspect chiné n&rsquo;affiche pas seulement un look décontracté mais est aussi fabriquée à 100% en matériaux recyclés. La matière écologique certifiée bluesign® 2couches est respirante et coupe-vent pour couronner le tout, et fait de la veste une tenue idéale en vacances, pour l&rsquo;école et la randonnée. La veste Kids Hylax2L présente un équipement complet et pratique avec des poches en biais zippées, des poignets réglables en largeur, un réglage de ceinture (à travers les poches) et des éléments réfléchissants sur les faces avant et du dos. Des empiècements élastiques latéraux au lieu de cordons permettent d&rsquo;ajuster la capuche de manière optimale sous la pluie. La veste de pluie pour enfant est munie en plus d&rsquo;un dispositif Zip-in pour en faire une veste toutes saisons avec une polaire en automne et au printemps et une veste isolante en hiver. La fermeture à glissière sur la face intérieure permet de zipper une veste polaire et une veste isolante. Comme de nombreuses autres tenues durables, la veste de pluie enfant ne doit être nettoyée et réimprégnée que rarement: il suffit de la brosser pour éliminer la saleté. En tant que produit à longue durée de vie, la veste enfant peut se transmettre de génération en génération. Le label Green Shape de VAUDE garantit un produit écologique, fonctionnel et fabriqué dans des matériaux durables certifiés bluesign®.</p>
<p><em>matière double épaisseur, cordon plus sûr entièrement caché dans la ceinture, réglables par les poches, poignets avec élastique et velcro pour adapter la largeur, passepoil réfléchissante, 2 poches frontales avec fermeture éclair, capuche montée et réglable en largeur, éléments réfléchissants sur le devant et dans le dos, étiquette pour le nom jusqu&rsquo;à la taille 122/128</em></p>

<p>Veste de pluie enfant décontractée et imperméable pour les activités outdoor et le quotidien #grandes poches, éléments réfléchissants #avec dispositif de zip à l&rsquo;intérieur #climatiquement neutre&nbsp;; fabrication en matériau recyclé</p>
