{"id":46152,"date":"2026-07-08T12:38:24","date_gmt":"2026-07-08T12:38:24","guid":{"rendered":"https:\/\/www.tracea.ch\/boutique\/non%20class\u00e9\/womens-escape-parka\/"},"modified":"2026-07-08T12:41:43","modified_gmt":"2026-07-08T12:41:43","slug":"womens-escape-parka","status":"publish","type":"product","link":"https:\/\/www.tracea.ch\/de\/boutique\/womens-escape-parka\/","title":{"rendered":"Women&rsquo;s Escape Parka"},"content":{"rendered":"<p>C&rsquo;est notre championne des ventes: la veste de pluie Escape dans une coupe allong\u00e9e et fabriqu\u00e9e principalement en polyester recycl\u00e9. La parka de pluie Escape pour femme sobre et agr\u00e9ment\u00e9e de notes color\u00e9es est la parfaite compagne de route en toute saison: elle est imperm\u00e9able, \u00e9tanche au vent, respirante et se manipule \u00e0 son gr\u00e9 gr\u00e2ce au zip bidirectionnel. La capuche est r\u00e9glable et peut \u00eatre enroul\u00e9e dans le col. Et quand on parle de r\u00e9glage: les poignets en partie \u00e9lastiques en font aussi partie. Les deux poches frontales zipp\u00e9es offrent un bel espace de rangement. La parka de pluie pour femme Escape est dot\u00e9e de la finition d\u00e9perlante et antisalissures Eco Finish sans PFC. Le label Green Shape de VAUDE garantit un produit \u00e9cologique, fonctionnel et fabriqu\u00e9 dans des mat\u00e9riaux durables certifi\u00e9s bluesign\u00ae. En tant que membre Leader de l&rsquo;organisme ind\u00e9pendant Fair Wear, VAUDE s&rsquo;engage en faveur de conditions de travail et de salaires \u00e9quitables.<\/p>\n<p><em>mati\u00e8re double \u00e9paisseur, 2 zip double-sens avec rabat frontal simple \u00e0 l&rsquo;avant, 2 poches frontales avec fermeture \u00e9clair, capuche mont\u00e9e ajustable en largeur, enroulable, avec col s\u00e9par\u00e9, poignets avec \u00e9lastique et velcro pour adapter la largeur, doublure en deux parties, partie sup\u00e9rieure en mesh, partie inf\u00e9rieure en taffetas<\/em><\/p>","protected":false},"excerpt":{"rendered":"<p>Parka de pluie d\u00e9contract\u00e9e pour femme #parfaite tenue pour toute l&rsquo;ann\u00e9e #imperm\u00e9able et \u00e9tanche au vent #fabrication principale en polyester recycl\u00e9<\/p>","protected":false},"featured_media":23566,"comment_status":"closed","ping_status":"open","template":"","meta":[],"product_brand":[375],"product_cat":[213,709,216],"product_tag":[365,368,422,421],"class_list":["post-46152","product","type-product","status-publish","has-post-thumbnail","product_brand-vaude","product_cat-boutique","product_cat-veste","product_cat-vetements","product_tag-boutique","product_tag-vente","product_tag-vente-vetement","product_tag-vetement","pa_couleur-agave","pa_couleur-baltic-sea","pa_couleur-black","pa_couleur-buckeye","pa_couleur-dark-sea-uni","pa_couleur-dusty-fern","pa_couleur-linen","pa_couleur-oat","pa_couleur-redeva","pa_taille-466","pa_taille-436","pa_taille-437","pa_taille-438","pa_taille-439","pa_taille-440","pa_taille-441","pa_taille-459","pa_taille-469","first","instock","purchasable","product-type-variable"],"_links":{"self":[{"href":"https:\/\/www.tracea.ch\/de\/wp-json\/wp\/v2\/product\/46152","targetHints":{"allow":["GET"]}}],"collection":[{"href":"https:\/\/www.tracea.ch\/de\/wp-json\/wp\/v2\/product"}],"about":[{"href":"https:\/\/www.tracea.ch\/de\/wp-json\/wp\/v2\/types\/product"}],"replies":[{"embeddable":true,"href":"https:\/\/www.tracea.ch\/de\/wp-json\/wp\/v2\/comments?post=46152"}],"version-history":[{"count":1,"href":"https:\/\/www.tracea.ch\/de\/wp-json\/wp\/v2\/product\/46152\/revisions"}],"predecessor-version":[{"id":46153,"href":"https:\/\/www.tracea.ch\/de\/wp-json\/wp\/v2\/product\/46152\/revisions\/46153"}],"wp:featuredmedia":[{"embeddable":true,"href":"https:\/\/www.tracea.ch\/de\/wp-json\/wp\/v2\/media\/23566"}],"wp:attachment":[{"href":"https:\/\/www.tracea.ch\/de\/wp-json\/wp\/v2\/media?parent=46152"}],"wp:term":[{"taxonomy":"product_brand","embeddable":true,"href":"https:\/\/www.tracea.ch\/de\/wp-json\/wp\/v2\/product_brand?post=46152"},{"taxonomy":"product_cat","embeddable":true,"href":"https:\/\/www.tracea.ch\/de\/wp-json\/wp\/v2\/product_cat?post=46152"},{"taxonomy":"product_tag","embeddable":true,"href":"https:\/\/www.tracea.ch\/de\/wp-json\/wp\/v2\/product_tag?post=46152"}],"curies":[{"name":"wp","href":"https:\/\/api.w.org\/{rel}","templated":true}]}}

https://www.tracea.ch/boutique/non%20classé/womens-escape-parka/

<p>C&rsquo;est notre championne des ventes: la veste de pluie Escape dans une coupe allongée et fabriquée principalement en polyester recyclé. La parka de pluie Escape pour femme sobre et agrémentée de notes colorées est la parfaite compagne de route en toute saison: elle est imperméable, étanche au vent, respirante et se manipule à son gré grâce au zip bidirectionnel. La capuche est réglable et peut être enroulée dans le col. Et quand on parle de réglage: les poignets en partie élastiques en font aussi partie. Les deux poches frontales zippées offrent un bel espace de rangement. La parka de pluie pour femme Escape est dotée de la finition déperlante et antisalissures Eco Finish sans PFC. Le label Green Shape de VAUDE garantit un produit écologique, fonctionnel et fabriqué dans des matériaux durables certifiés bluesign®. En tant que membre Leader de l&rsquo;organisme indépendant Fair Wear, VAUDE s&rsquo;engage en faveur de conditions de travail et de salaires équitables.</p>
<p><em>matière double épaisseur, 2 zip double-sens avec rabat frontal simple à l&rsquo;avant, 2 poches frontales avec fermeture éclair, capuche montée ajustable en largeur, enroulable, avec col séparé, poignets avec élastique et velcro pour adapter la largeur, doublure en deux parties, partie supérieure en mesh, partie inférieure en taffetas</em></p>

<p>Parka de pluie décontractée pour femme #parfaite tenue pour toute l&rsquo;année #imperméable et étanche au vent #fabrication principale en polyester recyclé</p>
