{"id":46280,"date":"2026-07-08T12:42:45","date_gmt":"2026-07-08T12:42:45","guid":{"rendered":"https:\/\/www.tracea.ch\/boutique\/non%20class\u00e9\/kids-pulex-hooded-jacket-ii\/"},"modified":"2026-07-08T12:44:52","modified_gmt":"2026-07-08T12:44:52","slug":"kids-pulex-hooded-jacket-ii","status":"publish","type":"product","link":"https:\/\/www.tracea.ch\/de\/boutique\/kids-pulex-hooded-jacket-ii\/","title":{"rendered":"Kids Pulex Hooded Jacket II"},"content":{"rendered":"<p>\u00c0 emporter partout avec soi: cette veste polaire toute douillette Pulex pour enfant tient chaud, port\u00e9e seule par des journ\u00e9es d&rsquo;automne agr\u00e9ables, et peut aussi \u00eatre zipp\u00e9e comme couche de chaleur suppl\u00e9mentaire dans toutes les vestes enfant VAUDE \u00e0 dispositif Zip-in (\u00e0 l&rsquo;exception de la veste Escape 3 en 1). Et c&rsquo;est ainsi qu&rsquo;une veste de pluie se transforme rapidement en chaude veste d&rsquo;hiver. La veste pour enfant Pulex \u00e0 capuche est un multitalent pour la garderie en for\u00eat, l&rsquo;\u00e9cole ou les excursions en plein air. Les doigts bien froids, de petites trouvailles ou un mouchoir peuvent se glisser dans les grandes poches en biais. Les empi\u00e8cements \u00e9lastiques au niveau des poignets et de l&rsquo;ourlet maintiennent le corps au chaud et la capuche toute douce prot\u00e8ge les oreilles du vent froid. La veste \u00e0 capuche Pulex pour enfant n&rsquo;est pas seulement chaude, mais aussi facile d&rsquo;entretien, r\u00e9sistante, respirante et fabriqu\u00e9e en outre en mat\u00e9riau recycl\u00e9, pour l&rsquo;amour de l&rsquo;environnement. Les v\u00eatements pour enfants fonctionnels VAUDE ont plus d&rsquo;un atout: mat\u00e9riaux de qualit\u00e9, formes et couleurs adapt\u00e9es aux enfants et fabrication \u00e9cologique. Nous concevons des \u00e9quipements outdoor pour enfants hautement r\u00e9sistants qui peuvent ainsi \u00eatre pass\u00e9s d&rsquo;un enfant \u00e0 un autre. Le label Green Shape de VAUDE garantit un produit \u00e9cologique, fonctionnel et fabriqu\u00e9 dans des mat\u00e9riaux durables certifi\u00e9s bluesign\u00ae.<\/p>\n<p><em>il est possible de l&rsquo;attacher \u00e0 une veste ext\u00e9rieure gr\u00e2ce \u00e0 un zip, fleece 200, 2 poches sur le devant, Rabat int\u00e9rieur avec prot\u00e8ge-menton dans le col, manches avec poignets en lycra, bord de la capuche en Lycra, avec petite plaque pour y inscrire le nom<\/em><\/p>","protected":false},"excerpt":{"rendered":"<p>Veste polaire \u00e0 capuche enfant pour le sport, le quotidien et les loisirs #agr\u00e9ablement chaude et facile d&rsquo;entretien #zippable sur les zip-in vestes VAUDE #fabrication en mat\u00e9riau 100 % recycl\u00e9<\/p>","protected":false},"featured_media":23619,"comment_status":"closed","ping_status":"open","template":"","meta":[],"product_brand":[375],"product_cat":[213,709,216],"product_tag":[365,368,422,421],"class_list":["post-46280","product","type-product","status-publish","has-post-thumbnail","product_brand-vaude","product_cat-boutique","product_cat-veste","product_cat-vetements","product_tag-boutique","product_tag-vente","product_tag-vente-vetement","product_tag-vetement","pa_couleur-dark-sea","pa_couleur-icicle","pa_couleur-linen","pa_couleur-magenta","pa_couleur-oat","pa_couleur-redeva","pa_couleur-savanna","pa_couleur-ultramarine","pa_couleur-woodland-dark-sea","pa_taille-424","pa_taille-110-116","pa_taille-122-128","pa_taille-134-140","pa_taille-146-152","pa_taille-158-164","pa_taille-418","pa_taille-423","first","instock","purchasable","product-type-variable"],"_links":{"self":[{"href":"https:\/\/www.tracea.ch\/de\/wp-json\/wp\/v2\/product\/46280","targetHints":{"allow":["GET"]}}],"collection":[{"href":"https:\/\/www.tracea.ch\/de\/wp-json\/wp\/v2\/product"}],"about":[{"href":"https:\/\/www.tracea.ch\/de\/wp-json\/wp\/v2\/types\/product"}],"replies":[{"embeddable":true,"href":"https:\/\/www.tracea.ch\/de\/wp-json\/wp\/v2\/comments?post=46280"}],"version-history":[{"count":1,"href":"https:\/\/www.tracea.ch\/de\/wp-json\/wp\/v2\/product\/46280\/revisions"}],"predecessor-version":[{"id":46281,"href":"https:\/\/www.tracea.ch\/de\/wp-json\/wp\/v2\/product\/46280\/revisions\/46281"}],"wp:featuredmedia":[{"embeddable":true,"href":"https:\/\/www.tracea.ch\/de\/wp-json\/wp\/v2\/media\/23619"}],"wp:attachment":[{"href":"https:\/\/www.tracea.ch\/de\/wp-json\/wp\/v2\/media?parent=46280"}],"wp:term":[{"taxonomy":"product_brand","embeddable":true,"href":"https:\/\/www.tracea.ch\/de\/wp-json\/wp\/v2\/product_brand?post=46280"},{"taxonomy":"product_cat","embeddable":true,"href":"https:\/\/www.tracea.ch\/de\/wp-json\/wp\/v2\/product_cat?post=46280"},{"taxonomy":"product_tag","embeddable":true,"href":"https:\/\/www.tracea.ch\/de\/wp-json\/wp\/v2\/product_tag?post=46280"}],"curies":[{"name":"wp","href":"https:\/\/api.w.org\/{rel}","templated":true}]}}

https://www.tracea.ch/boutique/non%20classé/kids-pulex-hooded-jacket-ii/

<p>À emporter partout avec soi: cette veste polaire toute douillette Pulex pour enfant tient chaud, portée seule par des journées d&rsquo;automne agréables, et peut aussi être zippée comme couche de chaleur supplémentaire dans toutes les vestes enfant VAUDE à dispositif Zip-in (à l&rsquo;exception de la veste Escape 3 en 1). Et c&rsquo;est ainsi qu&rsquo;une veste de pluie se transforme rapidement en chaude veste d&rsquo;hiver. La veste pour enfant Pulex à capuche est un multitalent pour la garderie en forêt, l&rsquo;école ou les excursions en plein air. Les doigts bien froids, de petites trouvailles ou un mouchoir peuvent se glisser dans les grandes poches en biais. Les empiècements élastiques au niveau des poignets et de l&rsquo;ourlet maintiennent le corps au chaud et la capuche toute douce protège les oreilles du vent froid. La veste à capuche Pulex pour enfant n&rsquo;est pas seulement chaude, mais aussi facile d&rsquo;entretien, résistante, respirante et fabriquée en outre en matériau recyclé, pour l&rsquo;amour de l&rsquo;environnement. Les vêtements pour enfants fonctionnels VAUDE ont plus d&rsquo;un atout: matériaux de qualité, formes et couleurs adaptées aux enfants et fabrication écologique. Nous concevons des équipements outdoor pour enfants hautement résistants qui peuvent ainsi être passés d&rsquo;un enfant à un autre. Le label Green Shape de VAUDE garantit un produit écologique, fonctionnel et fabriqué dans des matériaux durables certifiés bluesign®.</p>
<p><em>il est possible de l&rsquo;attacher à une veste extérieure grâce à un zip, fleece 200, 2 poches sur le devant, Rabat intérieur avec protège-menton dans le col, manches avec poignets en lycra, bord de la capuche en Lycra, avec petite plaque pour y inscrire le nom</em></p>

<p>Veste polaire à capuche enfant pour le sport, le quotidien et les loisirs #agréablement chaude et facile d&rsquo;entretien #zippable sur les zip-in vestes VAUDE #fabrication en matériau 100 % recyclé</p>
