{"id":46441,"date":"2026-07-08T12:46:36","date_gmt":"2026-07-08T12:46:36","guid":{"rendered":"https:\/\/www.tracea.ch\/boutique\/non%20class\u00e9\/womens-matera-softshell-jacket-ii\/"},"modified":"2026-07-08T12:47:04","modified_gmt":"2026-07-08T12:47:04","slug":"womens-matera-softshell-jacket-ii","status":"publish","type":"product","link":"https:\/\/www.tracea.ch\/de\/boutique\/womens-matera-softshell-jacket-ii\/","title":{"rendered":"Women&rsquo;s Matera Softshell Jacket II"},"content":{"rendered":"<p>En selle! Notre veste softshell multitalent pour femme convient aux sorties par les temps les plus froids de l&rsquo;ann\u00e9e. La veste Matera est \u00e9tanche au vent \u00e0 100%, respirante et d\u00e9perlante. Elle permet une libert\u00e9 de mouvement tr\u00e8s \u00e9lastique et sa coupe \u00e0 manches pr\u00e9form\u00e9es est tr\u00e8s confortable. Munie d&rsquo;un col haut avec protection du menton et ourlet silicon\u00e9 dans la ceinture au dos, elle offre un \u00e9quipement complet en plus d&rsquo;une bonne tenue et convient parfaitement au cyclisme avec sa poche zipp\u00e9e dans le dos. La coupe confortable avec les poignets \u00e9lastiques et la polaire chaude gratt\u00e9e \u00e0 l&rsquo;int\u00e9rieur garantissent toutefois aussi le m\u00eame confort en parcours de ski de fond ou pour une promenade avec le chien. Les mati\u00e8res externe et interne de la veste softshell femme sont recycl\u00e9es \u00e0 100%. Notre finition sans PFC Eco Finish apporte une protection suppl\u00e9mentaire sous le crachin et la bruine. La veste softshell femme avec ses belles couleurs s&rsquo;assortit \u00e0 merveille au pantalon Wintry Pants. Le label Green Shape de VAUDE garantit un produit \u00e9cologique, fonctionnel et fabriqu\u00e9 dans des mat\u00e9riaux durables certifi\u00e9s bluesign\u00ae.<\/p>\n<p><em>manches pr\u00e9form\u00e9es, coupe rallong\u00e9e dans le dos, ceinture avec partie anti-d\u00e9rapant dans le dos, prot\u00e8ge-menton avec Foldover, doublure en fleece doux, poignets \u00e9lastiques, \u00e9l\u00e9ments r\u00e9fl\u00e9chissants<\/em><\/p>","protected":false},"excerpt":{"rendered":"<p>Veste softshell femme pour le cyclisme lors des jours froids #100 % \u00e9tanche au vent, d\u00e9perlante et respirante #libert\u00e9 de mouvement optimale #fabrication principale en polyester recycl\u00e9<\/p>","protected":false},"featured_media":23704,"comment_status":"closed","ping_status":"open","template":"","meta":[],"product_brand":[375],"product_cat":[213,709,216],"product_tag":[365,368,422,421],"class_list":["post-46441","product","type-product","status-publish","has-post-thumbnail","product_brand-vaude","product_cat-boutique","product_cat-veste","product_cat-vetements","product_tag-boutique","product_tag-vente","product_tag-vente-vetement","product_tag-vetement","pa_couleur-brick","pa_couleur-dark-sea","pa_taille-436","pa_taille-437","pa_taille-438","pa_taille-439","pa_taille-440","pa_taille-441","first","instock","purchasable","product-type-variable"],"_links":{"self":[{"href":"https:\/\/www.tracea.ch\/de\/wp-json\/wp\/v2\/product\/46441","targetHints":{"allow":["GET"]}}],"collection":[{"href":"https:\/\/www.tracea.ch\/de\/wp-json\/wp\/v2\/product"}],"about":[{"href":"https:\/\/www.tracea.ch\/de\/wp-json\/wp\/v2\/types\/product"}],"replies":[{"embeddable":true,"href":"https:\/\/www.tracea.ch\/de\/wp-json\/wp\/v2\/comments?post=46441"}],"version-history":[{"count":1,"href":"https:\/\/www.tracea.ch\/de\/wp-json\/wp\/v2\/product\/46441\/revisions"}],"predecessor-version":[{"id":46442,"href":"https:\/\/www.tracea.ch\/de\/wp-json\/wp\/v2\/product\/46441\/revisions\/46442"}],"wp:featuredmedia":[{"embeddable":true,"href":"https:\/\/www.tracea.ch\/de\/wp-json\/wp\/v2\/media\/23704"}],"wp:attachment":[{"href":"https:\/\/www.tracea.ch\/de\/wp-json\/wp\/v2\/media?parent=46441"}],"wp:term":[{"taxonomy":"product_brand","embeddable":true,"href":"https:\/\/www.tracea.ch\/de\/wp-json\/wp\/v2\/product_brand?post=46441"},{"taxonomy":"product_cat","embeddable":true,"href":"https:\/\/www.tracea.ch\/de\/wp-json\/wp\/v2\/product_cat?post=46441"},{"taxonomy":"product_tag","embeddable":true,"href":"https:\/\/www.tracea.ch\/de\/wp-json\/wp\/v2\/product_tag?post=46441"}],"curies":[{"name":"wp","href":"https:\/\/api.w.org\/{rel}","templated":true}]}}

https://www.tracea.ch/boutique/non%20classé/womens-matera-softshell-jacket-ii/

<p>En selle! Notre veste softshell multitalent pour femme convient aux sorties par les temps les plus froids de l&rsquo;année. La veste Matera est étanche au vent à 100%, respirante et déperlante. Elle permet une liberté de mouvement très élastique et sa coupe à manches préformées est très confortable. Munie d&rsquo;un col haut avec protection du menton et ourlet siliconé dans la ceinture au dos, elle offre un équipement complet en plus d&rsquo;une bonne tenue et convient parfaitement au cyclisme avec sa poche zippée dans le dos. La coupe confortable avec les poignets élastiques et la polaire chaude grattée à l&rsquo;intérieur garantissent toutefois aussi le même confort en parcours de ski de fond ou pour une promenade avec le chien. Les matières externe et interne de la veste softshell femme sont recyclées à 100%. Notre finition sans PFC Eco Finish apporte une protection supplémentaire sous le crachin et la bruine. La veste softshell femme avec ses belles couleurs s&rsquo;assortit à merveille au pantalon Wintry Pants. Le label Green Shape de VAUDE garantit un produit écologique, fonctionnel et fabriqué dans des matériaux durables certifiés bluesign®.</p>
<p><em>manches préformées, coupe rallongée dans le dos, ceinture avec partie anti-dérapant dans le dos, protège-menton avec Foldover, doublure en fleece doux, poignets élastiques, éléments réfléchissants</em></p>

<p>Veste softshell femme pour le cyclisme lors des jours froids #100 % étanche au vent, déperlante et respirante #liberté de mouvement optimale #fabrication principale en polyester recyclé</p>
