{"id":47272,"date":"2026-07-08T13:10:09","date_gmt":"2026-07-08T13:10:09","guid":{"rendered":"https:\/\/www.tracea.ch\/boutique\/non%20class\u00e9\/womens-minaki-jacket-iv\/"},"modified":"2026-07-08T13:11:21","modified_gmt":"2026-07-08T13:11:21","slug":"womens-minaki-jacket-iv","status":"publish","type":"product","link":"https:\/\/www.tracea.ch\/de\/boutique\/womens-minaki-jacket-iv\/","title":{"rendered":"Women&rsquo;s Minaki Jacket IV"},"content":{"rendered":"<p>Un classique revisit\u00e9. Le matelassage PrimaLoft\u00ae de la veste isolante VTT femme r\u00e9chauffe l&rsquo;avant tandis que des empi\u00e8cements stretch d\u00e9perlants assurent une libert\u00e9 de mouvement \u00e9lev\u00e9e. Quand le trail prend l&rsquo;eau, la protection anti-\u00e9claboussures 3\u00a0couches imperm\u00e9able remplit sa mission au bas du dos. Le label Green Shape de VAUDE garantit un produit \u00e9cologique, fonctionnel et fabriqu\u00e9 dans des mat\u00e9riaux durables.<\/p>\n<p><em>manches pr\u00e9form\u00e9es, coupe sport, zones respirantes, partiellement matelass\u00e9, parties en stretch, 2 poches frontales avec fermeture \u00e9clair, zip \u00e0 l&rsquo;avant, poignets avec int\u00e9rieur en lycra, long col montant, coutures d\u00e9coratives, \u00e9l\u00e9ments r\u00e9flecteurs dans la partie dorsale<\/em><\/p>","protected":false},"excerpt":{"rendered":"<p>Veste isolante VTT chaude pour femme #avec protection anti-\u00e9claboussures imperm\u00e9able dans le bas du dos #avec empi\u00e8cements stretch pour une haute libert\u00e9 de mouvement #tissu principal enti\u00e8rement fabriqu\u00e9 en polyester recycl\u00e9<\/p>","protected":false},"featured_media":24756,"comment_status":"closed","ping_status":"open","template":"","meta":[],"product_brand":[375],"product_cat":[213,709,216],"product_tag":[365,368,422,421],"class_list":["post-47272","product","type-product","status-publish","has-post-thumbnail","product_brand-vaude","product_cat-boutique","product_cat-veste","product_cat-vetements","product_tag-boutique","product_tag-vente","product_tag-vente-vetement","product_tag-vetement","pa_couleur-agave","pa_couleur-buckeye","pa_couleur-cassis","pa_couleur-dark-sea","pa_taille-466","pa_taille-436","pa_taille-437","pa_taille-438","pa_taille-439","pa_taille-440","pa_taille-441","first","instock","purchasable","product-type-variable"],"_links":{"self":[{"href":"https:\/\/www.tracea.ch\/de\/wp-json\/wp\/v2\/product\/47272","targetHints":{"allow":["GET"]}}],"collection":[{"href":"https:\/\/www.tracea.ch\/de\/wp-json\/wp\/v2\/product"}],"about":[{"href":"https:\/\/www.tracea.ch\/de\/wp-json\/wp\/v2\/types\/product"}],"replies":[{"embeddable":true,"href":"https:\/\/www.tracea.ch\/de\/wp-json\/wp\/v2\/comments?post=47272"}],"version-history":[{"count":1,"href":"https:\/\/www.tracea.ch\/de\/wp-json\/wp\/v2\/product\/47272\/revisions"}],"predecessor-version":[{"id":47273,"href":"https:\/\/www.tracea.ch\/de\/wp-json\/wp\/v2\/product\/47272\/revisions\/47273"}],"wp:featuredmedia":[{"embeddable":true,"href":"https:\/\/www.tracea.ch\/de\/wp-json\/wp\/v2\/media\/24756"}],"wp:attachment":[{"href":"https:\/\/www.tracea.ch\/de\/wp-json\/wp\/v2\/media?parent=47272"}],"wp:term":[{"taxonomy":"product_brand","embeddable":true,"href":"https:\/\/www.tracea.ch\/de\/wp-json\/wp\/v2\/product_brand?post=47272"},{"taxonomy":"product_cat","embeddable":true,"href":"https:\/\/www.tracea.ch\/de\/wp-json\/wp\/v2\/product_cat?post=47272"},{"taxonomy":"product_tag","embeddable":true,"href":"https:\/\/www.tracea.ch\/de\/wp-json\/wp\/v2\/product_tag?post=47272"}],"curies":[{"name":"wp","href":"https:\/\/api.w.org\/{rel}","templated":true}]}}

https://www.tracea.ch/boutique/non%20classé/womens-minaki-jacket-iv/

<p>Un classique revisité. Le matelassage PrimaLoft® de la veste isolante VTT femme réchauffe l&rsquo;avant tandis que des empiècements stretch déperlants assurent une liberté de mouvement élevée. Quand le trail prend l&rsquo;eau, la protection anti-éclaboussures 3 couches imperméable remplit sa mission au bas du dos. Le label Green Shape de VAUDE garantit un produit écologique, fonctionnel et fabriqué dans des matériaux durables.</p>
<p><em>manches préformées, coupe sport, zones respirantes, partiellement matelassé, parties en stretch, 2 poches frontales avec fermeture éclair, zip à l&rsquo;avant, poignets avec intérieur en lycra, long col montant, coutures décoratives, éléments réflecteurs dans la partie dorsale</em></p>

<p>Veste isolante VTT chaude pour femme #avec protection anti-éclaboussures imperméable dans le bas du dos #avec empiècements stretch pour une haute liberté de mouvement #tissu principal entièrement fabriqué en polyester recyclé</p>
