{"id":47602,"date":"2026-07-08T13:20:22","date_gmt":"2026-07-08T13:20:22","guid":{"rendered":"https:\/\/www.tracea.ch\/boutique\/non%20class\u00e9\/mens-mineo-fleece-jacket-ii\/"},"modified":"2026-07-08T13:21:18","modified_gmt":"2026-07-08T13:21:18","slug":"mens-mineo-fleece-jacket-ii","status":"publish","type":"product","link":"https:\/\/www.tracea.ch\/de\/boutique\/mens-mineo-fleece-jacket-ii\/","title":{"rendered":"Men&rsquo;s Mineo Fleece Jacket II"},"content":{"rendered":"<p>Une veste polaire homme \u00e0 mettre sens dessus dessous\u00a0: ce v\u00eatement l\u00e9ger et \u00e9cologique en mati\u00e8re s\u00e9chant rapidement offre une chaleur moelleuse lors des jours froids. La veste polaire homme se porte tant en couche interm\u00e9diaire sous une veste de pluie qu&rsquo;en solo comme une veste demi-saison. L&#8217;empi\u00e8cement tiss\u00e9 sur la poitrine et au dos n&rsquo;est pas seulement attrayant mais prot\u00e8ge aussi les \u00e9paules de l&rsquo;abrasion par un daypack par exemple. Le col montant prot\u00e8ge des fortes brises et la poche poitrine zipp\u00e9e permet de conserver un mobile ou un porte-monnaie en s\u00e9curit\u00e9. Le cordon de serrage \u00e0 la taille se manipule du c\u00f4t\u00e9 et retient en plus la chaleur corporel en cas de n\u00e9cessit\u00e9. Sa haute teneur en \u00e9lasthanne permet \u00e0 la veste polaire Mineo pour homme d&rsquo;accompagner tous les mouvements. Au final, cette polaire homme est une tenue facile \u00e0 porter et \u00e0 entretenir pour le quotidien en ville. Le label Green Shape de VAUDE garantit un produit \u00e9cologique, fonctionnel et fabriqu\u00e9 dans des mat\u00e9riaux durables. En tant que membre Leader de l&rsquo;organisme ind\u00e9pendant Fair Wear, VAUDE s&rsquo;engage en faveur de conditions de travail et de salaires \u00e9quitables.<\/p>\n<p><em>col montant, zip frontal invers\u00e9, 1 poche poitrine avec zipp\u00e9e, 2 poches frontales avec zip invers\u00e9, manches avec poignets en lycra, cordon \u00e0 la ceinture avec syst\u00e8me de r\u00e9glage \u00e0 une main<\/em><\/p>","protected":false},"excerpt":{"rendered":"<p>Veste polaire \u00e9lastique et l\u00e9g\u00e8re homme pour la mi-saison #avec empi\u00e8cement sur la poitrine et le dos #entretien facile et s\u00e9chage rapide #mati\u00e8re principale fabriqu\u00e9e en polyester 100&nbsp;% recycl\u00e9<\/p>","protected":false},"featured_media":24964,"comment_status":"closed","ping_status":"open","template":"","meta":[],"product_brand":[375],"product_cat":[213,709,216],"product_tag":[365,368,422,421],"class_list":["post-47602","product","type-product","status-publish","has-post-thumbnail","product_brand-vaude","product_cat-boutique","product_cat-veste","product_cat-vetements","product_tag-boutique","product_tag-vente","product_tag-vente-vetement","product_tag-vetement","pa_couleur-agave","pa_couleur-black","pa_couleur-deep-pond","pa_couleur-tobacco","pa_taille-l","pa_taille-m","pa_taille-s","pa_taille-xl","pa_taille-xxl","first","instock","purchasable","product-type-variable"],"_links":{"self":[{"href":"https:\/\/www.tracea.ch\/de\/wp-json\/wp\/v2\/product\/47602","targetHints":{"allow":["GET"]}}],"collection":[{"href":"https:\/\/www.tracea.ch\/de\/wp-json\/wp\/v2\/product"}],"about":[{"href":"https:\/\/www.tracea.ch\/de\/wp-json\/wp\/v2\/types\/product"}],"replies":[{"embeddable":true,"href":"https:\/\/www.tracea.ch\/de\/wp-json\/wp\/v2\/comments?post=47602"}],"version-history":[{"count":1,"href":"https:\/\/www.tracea.ch\/de\/wp-json\/wp\/v2\/product\/47602\/revisions"}],"predecessor-version":[{"id":47603,"href":"https:\/\/www.tracea.ch\/de\/wp-json\/wp\/v2\/product\/47602\/revisions\/47603"}],"wp:featuredmedia":[{"embeddable":true,"href":"https:\/\/www.tracea.ch\/de\/wp-json\/wp\/v2\/media\/24964"}],"wp:attachment":[{"href":"https:\/\/www.tracea.ch\/de\/wp-json\/wp\/v2\/media?parent=47602"}],"wp:term":[{"taxonomy":"product_brand","embeddable":true,"href":"https:\/\/www.tracea.ch\/de\/wp-json\/wp\/v2\/product_brand?post=47602"},{"taxonomy":"product_cat","embeddable":true,"href":"https:\/\/www.tracea.ch\/de\/wp-json\/wp\/v2\/product_cat?post=47602"},{"taxonomy":"product_tag","embeddable":true,"href":"https:\/\/www.tracea.ch\/de\/wp-json\/wp\/v2\/product_tag?post=47602"}],"curies":[{"name":"wp","href":"https:\/\/api.w.org\/{rel}","templated":true}]}}

https://www.tracea.ch/boutique/non%20classé/mens-mineo-fleece-jacket-ii/

<p>Une veste polaire homme à mettre sens dessus dessous : ce vêtement léger et écologique en matière séchant rapidement offre une chaleur moelleuse lors des jours froids. La veste polaire homme se porte tant en couche intermédiaire sous une veste de pluie qu&rsquo;en solo comme une veste demi-saison. L&#8217;empiècement tissé sur la poitrine et au dos n&rsquo;est pas seulement attrayant mais protège aussi les épaules de l&rsquo;abrasion par un daypack par exemple. Le col montant protège des fortes brises et la poche poitrine zippée permet de conserver un mobile ou un porte-monnaie en sécurité. Le cordon de serrage à la taille se manipule du côté et retient en plus la chaleur corporel en cas de nécessité. Sa haute teneur en élasthanne permet à la veste polaire Mineo pour homme d&rsquo;accompagner tous les mouvements. Au final, cette polaire homme est une tenue facile à porter et à entretenir pour le quotidien en ville. Le label Green Shape de VAUDE garantit un produit écologique, fonctionnel et fabriqué dans des matériaux durables. En tant que membre Leader de l&rsquo;organisme indépendant Fair Wear, VAUDE s&rsquo;engage en faveur de conditions de travail et de salaires équitables.</p>
<p><em>col montant, zip frontal inversé, 1 poche poitrine avec zippée, 2 poches frontales avec zip inversé, manches avec poignets en lycra, cordon à la ceinture avec système de réglage à une main</em></p>

<p>Veste polaire élastique et légère homme pour la mi-saison #avec empiècement sur la poitrine et le dos #entretien facile et séchage rapide #matière principale fabriquée en polyester 100&nbsp;% recyclé</p>
