{"id":47706,"date":"2026-07-08T13:23:18","date_gmt":"2026-07-08T13:23:18","guid":{"rendered":"https:\/\/www.tracea.ch\/boutique\/non%20class\u00e9\/kids-pulex-aop-jacket\/"},"modified":"2026-07-08T13:23:53","modified_gmt":"2026-07-08T13:23:53","slug":"kids-pulex-aop-jacket","status":"publish","type":"product","link":"https:\/\/www.tracea.ch\/de\/boutique\/kids-pulex-aop-jacket\/","title":{"rendered":"Kids Pulex AOP Jacket"},"content":{"rendered":"<p>Indispensable dans l&rsquo;armoire enfant, cette veste polaire enfant chaude et douce s&rsquo;utilise au quotidien et pour les loisirs. La veste polaire Pulex enfant aux couleurs gaies et ultra confortable r\u00e9chauffe \u00e0 la mi-saison et se zippe en plus dans les vestes enfant VAUDE (hormis la veste Escape 3 en 1), pour transformer une veste de pluie en une veste 3 en 1 chaude en deux temps trois mouvements. Elle tient les doigts et la gorge bien au chaud avec ses poches en biais et son petit col montant. La mati\u00e8re principale de fabrication \u00e9cologique et recycl\u00e9e est facile \u00e0 entretenir et s\u00e8che rapidement. Les v\u00eatements pour enfants VAUDE ont plus d&rsquo;un atout\u00a0: mat\u00e9riaux de qualit\u00e9, formes et couleurs adapt\u00e9es aux enfants et fabrication \u00e9cologique. Nous concevons des \u00e9quipements outdoor pour enfants hautement r\u00e9sistants qui peuvent ainsi \u00eatre pass\u00e9s d&rsquo;un enfant \u00e0 un autre. Le label Green Shape de VAUDE garantit un produit \u00e9cologique, fonctionnel et fabriqu\u00e9 dans des mat\u00e9riaux durables certifi\u00e9s bluesign\u00ae.<\/p>\n<p><em>il est possible de l&rsquo;attacher \u00e0 une veste ext\u00e9rieure gr\u00e2ce \u00e0 un zip, fleece 200, 2 poches sur le devant, Rabat int\u00e9rieur avec prot\u00e8ge-menton dans le col, col montant mont\u00e9, imprim\u00e9 large superficie, \u00e9tiquette pour le nom jusqu&rsquo;\u00e0 la taille 122\/128<\/em><\/p>","protected":false},"excerpt":{"rendered":"<p>Veste polaire enfant douce pour le quotidien et les loisirs #zippable sur presque toutes les vestes enfant VAUDE #entretien facile et s\u00e9chage rapide #fabrication en polyester 100&nbsp;% recycl\u00e9<\/p>","protected":false},"featured_media":25084,"comment_status":"closed","ping_status":"open","template":"","meta":[],"product_brand":[375],"product_cat":[213,709,216],"product_tag":[365,368,422,421],"class_list":["post-47706","product","type-product","status-publish","has-post-thumbnail","product_brand-vaude","product_cat-boutique","product_cat-veste","product_cat-vetements","product_tag-boutique","product_tag-vente","product_tag-vente-vetement","product_tag-vetement","pa_couleur-pastel-blue","pa_couleur-soft-rose","pa_couleur-woodland","pa_taille-424","pa_taille-110-116","pa_taille-122-128","pa_taille-134-140","pa_taille-146-152","pa_taille-158-164","pa_taille-418","pa_taille-423","first","instock","purchasable","product-type-variable"],"_links":{"self":[{"href":"https:\/\/www.tracea.ch\/de\/wp-json\/wp\/v2\/product\/47706","targetHints":{"allow":["GET"]}}],"collection":[{"href":"https:\/\/www.tracea.ch\/de\/wp-json\/wp\/v2\/product"}],"about":[{"href":"https:\/\/www.tracea.ch\/de\/wp-json\/wp\/v2\/types\/product"}],"replies":[{"embeddable":true,"href":"https:\/\/www.tracea.ch\/de\/wp-json\/wp\/v2\/comments?post=47706"}],"version-history":[{"count":1,"href":"https:\/\/www.tracea.ch\/de\/wp-json\/wp\/v2\/product\/47706\/revisions"}],"predecessor-version":[{"id":47707,"href":"https:\/\/www.tracea.ch\/de\/wp-json\/wp\/v2\/product\/47706\/revisions\/47707"}],"wp:featuredmedia":[{"embeddable":true,"href":"https:\/\/www.tracea.ch\/de\/wp-json\/wp\/v2\/media\/25084"}],"wp:attachment":[{"href":"https:\/\/www.tracea.ch\/de\/wp-json\/wp\/v2\/media?parent=47706"}],"wp:term":[{"taxonomy":"product_brand","embeddable":true,"href":"https:\/\/www.tracea.ch\/de\/wp-json\/wp\/v2\/product_brand?post=47706"},{"taxonomy":"product_cat","embeddable":true,"href":"https:\/\/www.tracea.ch\/de\/wp-json\/wp\/v2\/product_cat?post=47706"},{"taxonomy":"product_tag","embeddable":true,"href":"https:\/\/www.tracea.ch\/de\/wp-json\/wp\/v2\/product_tag?post=47706"}],"curies":[{"name":"wp","href":"https:\/\/api.w.org\/{rel}","templated":true}]}}

https://www.tracea.ch/boutique/non%20classé/kids-pulex-aop-jacket/

<p>Indispensable dans l&rsquo;armoire enfant, cette veste polaire enfant chaude et douce s&rsquo;utilise au quotidien et pour les loisirs. La veste polaire Pulex enfant aux couleurs gaies et ultra confortable réchauffe à la mi-saison et se zippe en plus dans les vestes enfant VAUDE (hormis la veste Escape 3 en 1), pour transformer une veste de pluie en une veste 3 en 1 chaude en deux temps trois mouvements. Elle tient les doigts et la gorge bien au chaud avec ses poches en biais et son petit col montant. La matière principale de fabrication écologique et recyclée est facile à entretenir et sèche rapidement. Les vêtements pour enfants VAUDE ont plus d&rsquo;un atout : matériaux de qualité, formes et couleurs adaptées aux enfants et fabrication écologique. Nous concevons des équipements outdoor pour enfants hautement résistants qui peuvent ainsi être passés d&rsquo;un enfant à un autre. Le label Green Shape de VAUDE garantit un produit écologique, fonctionnel et fabriqué dans des matériaux durables certifiés bluesign®.</p>
<p><em>il est possible de l&rsquo;attacher à une veste extérieure grâce à un zip, fleece 200, 2 poches sur le devant, Rabat intérieur avec protège-menton dans le col, col montant monté, imprimé large superficie, étiquette pour le nom jusqu&rsquo;à la taille 122/128</em></p>

<p>Veste polaire enfant douce pour le quotidien et les loisirs #zippable sur presque toutes les vestes enfant VAUDE #entretien facile et séchage rapide #fabrication en polyester 100&nbsp;% recyclé</p>
