{"id":48643,"date":"2026-07-08T13:52:55","date_gmt":"2026-07-08T13:52:55","guid":{"rendered":"https:\/\/www.tracea.ch\/boutique\/non%20class\u00e9\/womens-qimsa-mid-jacket\/"},"modified":"2026-07-08T13:53:45","modified_gmt":"2026-07-08T13:53:45","slug":"womens-qimsa-mid-jacket","status":"publish","type":"product","link":"https:\/\/www.tracea.ch\/de\/boutique\/womens-qimsa-mid-jacket\/","title":{"rendered":"Women&rsquo;s Qimsa Mid Jacket"},"content":{"rendered":"<p>L&rsquo;avant du torse coupe-vent et la mati\u00e8re en laine drirelease\u00ae est l&rsquo;alliance magique qui fait de la veste cycliste Qimsa pour femme une tenue indispensable sur les circuits de VTT\u00a0: elle barre la route aux courants d&rsquo;air et \u00e9vacue rapidement l&rsquo;humidit\u00e9 vers l&rsquo;ext\u00e9rieur dans le m\u00eame temps. De plus, la mati\u00e8re neutralise les odeurs et offre un toucher agr\u00e9ablement l\u00e9ger sur la peau. Elle est munie d&rsquo;une poche sur le c\u00f4t\u00e9 et d&rsquo;un col montant. Sa teneur \u00e9lastique permet de porter la veste cycliste Qimsa pour femme aussi bien au quotidien. Le label Green Shape de VAUDE garantit un produit \u00e9cologique, fonctionnel et fabriqu\u00e9 dans des mat\u00e9riaux durables.<\/p>\n<p><em>parties windproof \u00e0 l&rsquo;avant, 2 poches zipp\u00e9es sur le c\u00f4t\u00e9, zip frontal avec fold over, long col montant, colourblock<\/em><\/p>","protected":false},"excerpt":{"rendered":"<p>Veste cycliste femme pour sorties VTT #torse r\u00e9sistant au vent #s\u00e8che rapidement et neutralise les odeurs gr\u00e2ce \u00e0 la mati\u00e8re en laine drirelease\u00ae<\/p>","protected":false},"featured_media":40135,"comment_status":"closed","ping_status":"open","template":"","meta":[],"product_brand":[375],"product_cat":[213,709,216],"product_tag":[365,368,422,421],"class_list":["post-48643","product","type-product","status-publish","has-post-thumbnail","product_brand-vaude","product_cat-boutique","product_cat-veste","product_cat-vetements","product_tag-boutique","product_tag-vente","product_tag-vente-vetement","product_tag-vetement","pa_couleur-agave","pa_couleur-black","pa_couleur-eggplant","pa_taille-466","pa_taille-436","pa_taille-437","pa_taille-438","pa_taille-439","pa_taille-440","first","instock","purchasable","product-type-variable"],"_links":{"self":[{"href":"https:\/\/www.tracea.ch\/de\/wp-json\/wp\/v2\/product\/48643","targetHints":{"allow":["GET"]}}],"collection":[{"href":"https:\/\/www.tracea.ch\/de\/wp-json\/wp\/v2\/product"}],"about":[{"href":"https:\/\/www.tracea.ch\/de\/wp-json\/wp\/v2\/types\/product"}],"replies":[{"embeddable":true,"href":"https:\/\/www.tracea.ch\/de\/wp-json\/wp\/v2\/comments?post=48643"}],"version-history":[{"count":1,"href":"https:\/\/www.tracea.ch\/de\/wp-json\/wp\/v2\/product\/48643\/revisions"}],"predecessor-version":[{"id":48644,"href":"https:\/\/www.tracea.ch\/de\/wp-json\/wp\/v2\/product\/48643\/revisions\/48644"}],"wp:featuredmedia":[{"embeddable":true,"href":"https:\/\/www.tracea.ch\/de\/wp-json\/wp\/v2\/media\/40135"}],"wp:attachment":[{"href":"https:\/\/www.tracea.ch\/de\/wp-json\/wp\/v2\/media?parent=48643"}],"wp:term":[{"taxonomy":"product_brand","embeddable":true,"href":"https:\/\/www.tracea.ch\/de\/wp-json\/wp\/v2\/product_brand?post=48643"},{"taxonomy":"product_cat","embeddable":true,"href":"https:\/\/www.tracea.ch\/de\/wp-json\/wp\/v2\/product_cat?post=48643"},{"taxonomy":"product_tag","embeddable":true,"href":"https:\/\/www.tracea.ch\/de\/wp-json\/wp\/v2\/product_tag?post=48643"}],"curies":[{"name":"wp","href":"https:\/\/api.w.org\/{rel}","templated":true}]}}

https://www.tracea.ch/boutique/non%20classé/womens-qimsa-mid-jacket/

<p>L&rsquo;avant du torse coupe-vent et la matière en laine drirelease® est l&rsquo;alliance magique qui fait de la veste cycliste Qimsa pour femme une tenue indispensable sur les circuits de VTT : elle barre la route aux courants d&rsquo;air et évacue rapidement l&rsquo;humidité vers l&rsquo;extérieur dans le même temps. De plus, la matière neutralise les odeurs et offre un toucher agréablement léger sur la peau. Elle est munie d&rsquo;une poche sur le côté et d&rsquo;un col montant. Sa teneur élastique permet de porter la veste cycliste Qimsa pour femme aussi bien au quotidien. Le label Green Shape de VAUDE garantit un produit écologique, fonctionnel et fabriqué dans des matériaux durables.</p>
<p><em>parties windproof à l&rsquo;avant, 2 poches zippées sur le côté, zip frontal avec fold over, long col montant, colourblock</em></p>

<p>Veste cycliste femme pour sorties VTT #torse résistant au vent #sèche rapidement et neutralise les odeurs grâce à la matière en laine drirelease®</p>
