{"id":48886,"date":"2026-07-08T14:00:41","date_gmt":"2026-07-08T14:00:41","guid":{"rendered":"https:\/\/www.tracea.ch\/boutique\/non%20class\u00e9\/mens-luminum-rain-jacket\/"},"modified":"2026-07-08T14:00:57","modified_gmt":"2026-07-08T14:00:57","slug":"mens-luminum-rain-jacket","status":"publish","type":"product","link":"https:\/\/www.tracea.ch\/de\/boutique\/mens-luminum-rain-jacket\/","title":{"rendered":"Men&rsquo;s Luminum Rain Jacket"},"content":{"rendered":"<p>Difficile de passer inaper\u00e7u, avec la certification T\u00dcV selon DIN EN 17353:2020-11\u00a0! La veste de pluie Luminum homme pour le v\u00e9lo prot\u00e8ge efficacement de l\u2019humidit\u00e9 et du vent. La couleur lumineuse et les \u00e9l\u00e9ments r\u00e9fl\u00e9chissants dispos\u00e9s tout autour augmentent consid\u00e9rablement la visibilit\u00e9 de jour comme de nuit. Ceci en fait le compagnon id\u00e9al lors des jours de pluie, en route vers la fac ou son travail ou en cyclotourisme. La capuche est compatible avec le port d\u2019un casque, mais s\u2019ajuste aussi parfaitement sans ou se range dans le col. La construction du zip frontal bidirectionnel permet de le r\u00e9parer tr\u00e8s facilement en cas de besoin. L\u2019ouverture r\u00e9glable des poignets et les deux poches avant munies d\u2019un zip compl\u00e8tent les prestations. En plus de la membrane imperm\u00e9able, le tissu ext\u00e9rieur de la veste de pluie Luminum pour homme est appr\u00eat\u00e9 avec la finition Eco Finish d\u00e9perlante et antisalissures sans PFC.<\/p>\n<p><em>Veste double \u00e9paisseur, tr\u00e8s bonne visibilit\u00e9 le jour et la nuit gr\u00e2ce \u00e0 la couleur, des bandes r\u00e9fl\u00e9chissantes sur le pourtour et une mati\u00e8re partiellement r\u00e9fl\u00e9chissante, 2 poches frontales avec fermeture \u00e9clair, 2 zip double-sens avec double rabat, avec zip facilement r\u00e9parable, poignets r\u00e9glables, ceinture avec cordon, capuche mont\u00e9e, r\u00e9glable en largeur et rangeable dans le col, Capuche compatible avec un casque, doublure en deux parties, partie sup\u00e9rieure en mesh, partie inf\u00e9rieure en taffetas<\/em><\/p>","protected":false},"excerpt":{"rendered":"<p>Veste de pluie homme favorisant une visibilit\u00e9 \u00e9lev\u00e9e #imperm\u00e9able, \u00e9tanche au vent et respirante #la capuche peut se ranger dans le col #mati\u00e8re principale fabriqu\u00e9e en polyester recycl\u00e9<\/p>","protected":false},"featured_media":41796,"comment_status":"closed","ping_status":"open","template":"","meta":[],"product_brand":[375],"product_cat":[213,709,216],"product_tag":[365,368,422,421],"class_list":["post-48886","product","type-product","status-publish","has-post-thumbnail","product_brand-vaude","product_cat-boutique","product_cat-veste","product_cat-vetements","product_tag-boutique","product_tag-vente","product_tag-vente-vetement","product_tag-vetement","pa_couleur-neon-yellow","pa_taille-l","pa_taille-m","pa_taille-s","pa_taille-xl","pa_taille-xxl","pa_taille-xxxl","first","instock","purchasable","product-type-variable"],"_links":{"self":[{"href":"https:\/\/www.tracea.ch\/de\/wp-json\/wp\/v2\/product\/48886","targetHints":{"allow":["GET"]}}],"collection":[{"href":"https:\/\/www.tracea.ch\/de\/wp-json\/wp\/v2\/product"}],"about":[{"href":"https:\/\/www.tracea.ch\/de\/wp-json\/wp\/v2\/types\/product"}],"replies":[{"embeddable":true,"href":"https:\/\/www.tracea.ch\/de\/wp-json\/wp\/v2\/comments?post=48886"}],"version-history":[{"count":1,"href":"https:\/\/www.tracea.ch\/de\/wp-json\/wp\/v2\/product\/48886\/revisions"}],"predecessor-version":[{"id":48887,"href":"https:\/\/www.tracea.ch\/de\/wp-json\/wp\/v2\/product\/48886\/revisions\/48887"}],"wp:featuredmedia":[{"embeddable":true,"href":"https:\/\/www.tracea.ch\/de\/wp-json\/wp\/v2\/media\/41796"}],"wp:attachment":[{"href":"https:\/\/www.tracea.ch\/de\/wp-json\/wp\/v2\/media?parent=48886"}],"wp:term":[{"taxonomy":"product_brand","embeddable":true,"href":"https:\/\/www.tracea.ch\/de\/wp-json\/wp\/v2\/product_brand?post=48886"},{"taxonomy":"product_cat","embeddable":true,"href":"https:\/\/www.tracea.ch\/de\/wp-json\/wp\/v2\/product_cat?post=48886"},{"taxonomy":"product_tag","embeddable":true,"href":"https:\/\/www.tracea.ch\/de\/wp-json\/wp\/v2\/product_tag?post=48886"}],"curies":[{"name":"wp","href":"https:\/\/api.w.org\/{rel}","templated":true}]}}

https://www.tracea.ch/boutique/non%20classé/mens-luminum-rain-jacket/

<p>Difficile de passer inaperçu, avec la certification TÜV selon DIN EN 17353:2020-11 ! La veste de pluie Luminum homme pour le vélo protège efficacement de l’humidité et du vent. La couleur lumineuse et les éléments réfléchissants disposés tout autour augmentent considérablement la visibilité de jour comme de nuit. Ceci en fait le compagnon idéal lors des jours de pluie, en route vers la fac ou son travail ou en cyclotourisme. La capuche est compatible avec le port d’un casque, mais s’ajuste aussi parfaitement sans ou se range dans le col. La construction du zip frontal bidirectionnel permet de le réparer très facilement en cas de besoin. L’ouverture réglable des poignets et les deux poches avant munies d’un zip complètent les prestations. En plus de la membrane imperméable, le tissu extérieur de la veste de pluie Luminum pour homme est apprêté avec la finition Eco Finish déperlante et antisalissures sans PFC.</p>
<p><em>Veste double épaisseur, très bonne visibilité le jour et la nuit grâce à la couleur, des bandes réfléchissantes sur le pourtour et une matière partiellement réfléchissante, 2 poches frontales avec fermeture éclair, 2 zip double-sens avec double rabat, avec zip facilement réparable, poignets réglables, ceinture avec cordon, capuche montée, réglable en largeur et rangeable dans le col, Capuche compatible avec un casque, doublure en deux parties, partie supérieure en mesh, partie inférieure en taffetas</em></p>

<p>Veste de pluie homme favorisant une visibilité élevée #imperméable, étanche au vent et respirante #la capuche peut se ranger dans le col #matière principale fabriquée en polyester recyclé</p>
