{"id":48960,"date":"2026-07-08T14:02:20","date_gmt":"2026-07-08T14:02:20","guid":{"rendered":"https:\/\/www.tracea.ch\/boutique\/non%20class\u00e9\/kids-capacida-hybrid-jacket-ii\/"},"modified":"2026-07-08T14:02:45","modified_gmt":"2026-07-08T14:02:45","slug":"kids-capacida-hybrid-jacket-ii","status":"publish","type":"product","link":"https:\/\/www.tracea.ch\/de\/boutique\/kids-capacida-hybrid-jacket-ii\/","title":{"rendered":"Kids Capacida Hybrid Jacket II"},"content":{"rendered":"<p>Que ce soit pour le ski de randonn\u00e9e, le ski de fond, le v\u00e9lo d\u2019hiver ou tout simplement comme deuxi\u00e8me couche sous une veste de pluie hardshell : cette veste d\u2019hiver polyvalente et sportive pour enfants est pr\u00eate \u00e0 tout. Cette veste pour enfants \u00e0 la coupe \u00e9troite, coupe-vent et d\u00e9perlante, est dot\u00e9e d\u2019inserts stretch respirants pour une libert\u00e9 de mouvement illimit\u00e9e dans tous les sports. Les poignets avec passe-pouces maintiennent la chaleur contre le corps et veillent \u00e0 ce que rien ne glisse. Deux poches en biais int\u00e9rieures zipp\u00e9es permettent de ranger les petites affaires indispensables et la capuche avec une bande en lycra doux emp\u00eache la t\u00eate de se refroidir. Gr\u00e2ce au rembourrage l\u00e9ger et thermique Primaloft\u00ae, le corps reste agr\u00e9ablement chaud pendant toutes les activit\u00e9s de plein air. Le label Green Shape de VAUDE garantit un produit \u00e9cologique, fonctionnel et fabriqu\u00e9 dans des mat\u00e9riaux durables.<\/p>\n<p><em>coupe sport \u00e9troite, manches pr\u00e9form\u00e9es, ceinture avec bordure en lycra, 1 poche poitrine avec zipp\u00e9e, 2 poches frontales avec zip invers\u00e9, zip invers\u00e9 avec rabat int\u00e9rieur sur le devant, bordures en lycra avec trous pour les pouces, bord de la capuche en Lycra, avec petite plaque pour y inscrire le nom<\/em><\/p>","protected":false},"excerpt":{"rendered":"<p>Veste respirante, confortable et rembourr\u00e9e, prenant part au concept d&rsquo;\u00e9conomie circulaire VAUDE #avec des empi\u00e8cements \u00e9lastiques respirants #mati\u00e8re sup\u00e9rieure coupe-vent et d\u00e9perlante #mati\u00e8re principale fabriqu\u00e9e \u00e0 100\u00a0% en polyester recycl\u00e9<\/p>","protected":false},"featured_media":42219,"comment_status":"closed","ping_status":"open","template":"","meta":[],"product_brand":[375],"product_cat":[213,709,216],"product_tag":[365,368,422,421],"class_list":["post-48960","product","type-product","status-publish","has-post-thumbnail","product_brand-vaude","product_cat-boutique","product_cat-veste","product_cat-vetements","product_tag-boutique","product_tag-vente","product_tag-vente-vetement","product_tag-vetement","pa_couleur-carmine","pa_couleur-shore-blue","pa_couleur-woodland","pa_taille-110-116","pa_taille-122-128","pa_taille-134-140","pa_taille-146-152","pa_taille-158-164","first","instock","purchasable","product-type-variable"],"_links":{"self":[{"href":"https:\/\/www.tracea.ch\/de\/wp-json\/wp\/v2\/product\/48960","targetHints":{"allow":["GET"]}}],"collection":[{"href":"https:\/\/www.tracea.ch\/de\/wp-json\/wp\/v2\/product"}],"about":[{"href":"https:\/\/www.tracea.ch\/de\/wp-json\/wp\/v2\/types\/product"}],"replies":[{"embeddable":true,"href":"https:\/\/www.tracea.ch\/de\/wp-json\/wp\/v2\/comments?post=48960"}],"version-history":[{"count":1,"href":"https:\/\/www.tracea.ch\/de\/wp-json\/wp\/v2\/product\/48960\/revisions"}],"predecessor-version":[{"id":48961,"href":"https:\/\/www.tracea.ch\/de\/wp-json\/wp\/v2\/product\/48960\/revisions\/48961"}],"wp:featuredmedia":[{"embeddable":true,"href":"https:\/\/www.tracea.ch\/de\/wp-json\/wp\/v2\/media\/42219"}],"wp:attachment":[{"href":"https:\/\/www.tracea.ch\/de\/wp-json\/wp\/v2\/media?parent=48960"}],"wp:term":[{"taxonomy":"product_brand","embeddable":true,"href":"https:\/\/www.tracea.ch\/de\/wp-json\/wp\/v2\/product_brand?post=48960"},{"taxonomy":"product_cat","embeddable":true,"href":"https:\/\/www.tracea.ch\/de\/wp-json\/wp\/v2\/product_cat?post=48960"},{"taxonomy":"product_tag","embeddable":true,"href":"https:\/\/www.tracea.ch\/de\/wp-json\/wp\/v2\/product_tag?post=48960"}],"curies":[{"name":"wp","href":"https:\/\/api.w.org\/{rel}","templated":true}]}}

https://www.tracea.ch/boutique/non%20classé/kids-capacida-hybrid-jacket-ii/

<p>Que ce soit pour le ski de randonnée, le ski de fond, le vélo d’hiver ou tout simplement comme deuxième couche sous une veste de pluie hardshell : cette veste d’hiver polyvalente et sportive pour enfants est prête à tout. Cette veste pour enfants à la coupe étroite, coupe-vent et déperlante, est dotée d’inserts stretch respirants pour une liberté de mouvement illimitée dans tous les sports. Les poignets avec passe-pouces maintiennent la chaleur contre le corps et veillent à ce que rien ne glisse. Deux poches en biais intérieures zippées permettent de ranger les petites affaires indispensables et la capuche avec une bande en lycra doux empêche la tête de se refroidir. Grâce au rembourrage léger et thermique Primaloft®, le corps reste agréablement chaud pendant toutes les activités de plein air. Le label Green Shape de VAUDE garantit un produit écologique, fonctionnel et fabriqué dans des matériaux durables.</p>
<p><em>coupe sport étroite, manches préformées, ceinture avec bordure en lycra, 1 poche poitrine avec zippée, 2 poches frontales avec zip inversé, zip inversé avec rabat intérieur sur le devant, bordures en lycra avec trous pour les pouces, bord de la capuche en Lycra, avec petite plaque pour y inscrire le nom</em></p>

<p>Veste respirante, confortable et rembourrée, prenant part au concept d&rsquo;économie circulaire VAUDE #avec des empiècements élastiques respirants #matière supérieure coupe-vent et déperlante #matière principale fabriquée à 100 % en polyester recyclé</p>
