{"id":49119,"date":"2026-07-08T14:07:10","date_gmt":"2026-07-08T14:07:10","guid":{"rendered":"https:\/\/www.tracea.ch\/boutique\/non%20class\u00e9\/mens-idris-fleece-hoody\/"},"modified":"2026-07-08T14:08:18","modified_gmt":"2026-07-08T14:08:18","slug":"mens-idris-fleece-hoody","status":"publish","type":"product","link":"https:\/\/www.tracea.ch\/de\/boutique\/mens-idris-fleece-hoody\/","title":{"rendered":"Men&rsquo;s Idris Fleece Hoody"},"content":{"rendered":"<p>Le hoodie polaire Idris pour homme est un vrai couteau suisse parmi les vestes polaires\u00a0: il s\u2019accompagne d\u2019une capuche, d\u2019une mati\u00e8re mi-lourde et se porte tant en solo que sous une veste ext\u00e9rieure comme couche thermique. \u00c0 ceci s\u2019ajoute son look \u00e9pur\u00e9 qui se fond dans la ville comme dans la nature. Les avantages de la polaire\u00a0: elle est robuste, facile d\u2019entretien, respirante et s\u00e8che rapidement. Cette propri\u00e9t\u00e9 thermor\u00e9gulatrice est renforc\u00e9e par la structure gratt\u00e9e sur la face int\u00e9rieure du hoodie polaire Idris pour homme. Quand le vent souffle, la capuche et le col haut couvrent la t\u00eate et le cou efficacement. Un d\u00e9tail malin de plus\u00a0: les \u00e9paules sont exemptes de couture, afin d\u2019emp\u00eacher la formation de points de pression d\u00e9sagr\u00e9ables lors de sorties avec un sac \u00e0 dos. Si l\u2019on se d\u00e9place sans daypack, il suffit de ranger ses affaires essentielles dans les deux poches zipp\u00e9es lat\u00e9rales. En hiver, le hoodie polaire Idris pour homme constitue une magnifique couche interm\u00e9diaire isolante pas trop chaude. En tant que membre Leader de l\u2019organisme ind\u00e9pendant Fair Wear, VAUDE s\u2019engage en faveur de conditions de travail et de salaires \u00e9quitables. Le label Green Shape de VAUDE garantit un produit \u00e9cologique, fonctionnel et fabriqu\u00e9 dans des mat\u00e9riaux durables.<\/p>\n<p><em>zip \u00e0 l&rsquo;avant, capuche mont\u00e9e, 2 poches frontales avec fermeture \u00e9clair<\/em><\/p>","protected":false},"excerpt":{"rendered":"<p>Hoodie polaire homme mi-lourd et polyvalent, prenant part au concept d&rsquo;\u00e9conomie circulaire VAUDE #\u00e9paules sans couture pour \u00e9liminer les points de pression #mati\u00e8re principale fabriqu\u00e9e \u00e0 100\u00a0% en polyester recycl\u00e9<\/p>","protected":false},"featured_media":0,"comment_status":"closed","ping_status":"open","template":"","meta":[],"product_brand":[375],"product_cat":[213,709,216],"product_tag":[365,368,422,421],"class_list":["post-49119","product","type-product","status-publish","product_brand-vaude","product_cat-boutique","product_cat-veste","product_cat-vetements","product_tag-boutique","product_tag-vente","product_tag-vente-vetement","product_tag-vetement","pa_couleur-baltic-sea","pa_couleur-black","pa_couleur-khaki","pa_couleur-savanna","pa_taille-l","pa_taille-m","pa_taille-s","pa_taille-xl","pa_taille-xxl","pa_taille-xxxl","first","instock","purchasable","product-type-variable"],"_links":{"self":[{"href":"https:\/\/www.tracea.ch\/de\/wp-json\/wp\/v2\/product\/49119","targetHints":{"allow":["GET"]}}],"collection":[{"href":"https:\/\/www.tracea.ch\/de\/wp-json\/wp\/v2\/product"}],"about":[{"href":"https:\/\/www.tracea.ch\/de\/wp-json\/wp\/v2\/types\/product"}],"replies":[{"embeddable":true,"href":"https:\/\/www.tracea.ch\/de\/wp-json\/wp\/v2\/comments?post=49119"}],"version-history":[{"count":1,"href":"https:\/\/www.tracea.ch\/de\/wp-json\/wp\/v2\/product\/49119\/revisions"}],"predecessor-version":[{"id":49120,"href":"https:\/\/www.tracea.ch\/de\/wp-json\/wp\/v2\/product\/49119\/revisions\/49120"}],"wp:attachment":[{"href":"https:\/\/www.tracea.ch\/de\/wp-json\/wp\/v2\/media?parent=49119"}],"wp:term":[{"taxonomy":"product_brand","embeddable":true,"href":"https:\/\/www.tracea.ch\/de\/wp-json\/wp\/v2\/product_brand?post=49119"},{"taxonomy":"product_cat","embeddable":true,"href":"https:\/\/www.tracea.ch\/de\/wp-json\/wp\/v2\/product_cat?post=49119"},{"taxonomy":"product_tag","embeddable":true,"href":"https:\/\/www.tracea.ch\/de\/wp-json\/wp\/v2\/product_tag?post=49119"}],"curies":[{"name":"wp","href":"https:\/\/api.w.org\/{rel}","templated":true}]}}

https://www.tracea.ch/boutique/non%20classé/mens-idris-fleece-hoody/

<p>Le hoodie polaire Idris pour homme est un vrai couteau suisse parmi les vestes polaires : il s’accompagne d’une capuche, d’une matière mi-lourde et se porte tant en solo que sous une veste extérieure comme couche thermique. À ceci s’ajoute son look épuré qui se fond dans la ville comme dans la nature. Les avantages de la polaire : elle est robuste, facile d’entretien, respirante et sèche rapidement. Cette propriété thermorégulatrice est renforcée par la structure grattée sur la face intérieure du hoodie polaire Idris pour homme. Quand le vent souffle, la capuche et le col haut couvrent la tête et le cou efficacement. Un détail malin de plus : les épaules sont exemptes de couture, afin d’empêcher la formation de points de pression désagréables lors de sorties avec un sac à dos. Si l’on se déplace sans daypack, il suffit de ranger ses affaires essentielles dans les deux poches zippées latérales. En hiver, le hoodie polaire Idris pour homme constitue une magnifique couche intermédiaire isolante pas trop chaude. En tant que membre Leader de l’organisme indépendant Fair Wear, VAUDE s’engage en faveur de conditions de travail et de salaires équitables. Le label Green Shape de VAUDE garantit un produit écologique, fonctionnel et fabriqué dans des matériaux durables.</p>
<p><em>zip à l&rsquo;avant, capuche montée, 2 poches frontales avec fermeture éclair</em></p>

<p>Hoodie polaire homme mi-lourd et polyvalent, prenant part au concept d&rsquo;économie circulaire VAUDE #épaules sans couture pour éliminer les points de pression #matière principale fabriquée à 100 % en polyester recyclé</p>
