{"id":49286,"date":"2026-07-08T14:12:25","date_gmt":"2026-07-08T14:12:25","guid":{"rendered":"https:\/\/www.tracea.ch\/boutique\/non%20class\u00e9\/mens-tinshan-jacket-iv\/"},"modified":"2026-07-08T14:12:39","modified_gmt":"2026-07-08T14:12:39","slug":"mens-tinshan-jacket-iv","status":"publish","type":"product","link":"https:\/\/www.tracea.ch\/de\/boutique\/mens-tinshan-jacket-iv\/","title":{"rendered":"Men&rsquo;s Tinshan Jacket IV"},"content":{"rendered":"<p>Il affiche une belle sobri\u00e9t\u00e9 comme une esth\u00e9tique \u00e9pur\u00e9e : le blouson Tinshan II pour homme, au look de laine raffin\u00e9. Le mat\u00e9riau softshell \u00e9lastique et la doublure en polaire douillette assurent un grand confort. Le tissu ext\u00e9rieur tiss\u00e9 serr\u00e9 avec une part de laine est coupe-vent et chaud. Le col montant rend de bons services sous les rafales de vent ; une poche de poitrine et deux poches en biais zipp\u00e9es permettent de ranger cl\u00e9s, t\u00e9l\u00e9phone portable et autres petits objets. La veste Tinshan pour homme est facile \u00e0 entretenir et se porte tr\u00e8s bien sous une veste de protection contre les intemp\u00e9ries lors des froides journ\u00e9es d\u2019hiver. Le label Green Shape de VAUDE garantit un produit \u00e9cologique, fonctionnel et fabriqu\u00e9 dans des mat\u00e9riaux durables.<\/p>\n<p><em>1 poche poitrine avec zipp\u00e9e, 2 poches frontales avec fermeture \u00e9clair<\/em><\/p>","protected":false},"excerpt":{"rendered":"<p>Veste homme l\u00e9g\u00e8re et urbaine #mati\u00e8re softshell thermique #optimale pour la mi-saison #mati\u00e8re principale avec teneur en laine<\/p>","protected":false},"featured_media":42457,"comment_status":"closed","ping_status":"open","template":"","meta":[],"product_brand":[375],"product_cat":[213,709,216],"product_tag":[365,368,422,421],"class_list":["post-49286","product","type-product","status-publish","has-post-thumbnail","product_brand-vaude","product_cat-boutique","product_cat-veste","product_cat-vetements","product_tag-boutique","product_tag-vente","product_tag-vente-vetement","product_tag-vetement","pa_couleur-phantom-black","pa_taille-l","pa_taille-m","pa_taille-s","pa_taille-xl","pa_taille-xxl","first","instock","purchasable","product-type-variable"],"_links":{"self":[{"href":"https:\/\/www.tracea.ch\/de\/wp-json\/wp\/v2\/product\/49286","targetHints":{"allow":["GET"]}}],"collection":[{"href":"https:\/\/www.tracea.ch\/de\/wp-json\/wp\/v2\/product"}],"about":[{"href":"https:\/\/www.tracea.ch\/de\/wp-json\/wp\/v2\/types\/product"}],"replies":[{"embeddable":true,"href":"https:\/\/www.tracea.ch\/de\/wp-json\/wp\/v2\/comments?post=49286"}],"version-history":[{"count":1,"href":"https:\/\/www.tracea.ch\/de\/wp-json\/wp\/v2\/product\/49286\/revisions"}],"predecessor-version":[{"id":49287,"href":"https:\/\/www.tracea.ch\/de\/wp-json\/wp\/v2\/product\/49286\/revisions\/49287"}],"wp:featuredmedia":[{"embeddable":true,"href":"https:\/\/www.tracea.ch\/de\/wp-json\/wp\/v2\/media\/42457"}],"wp:attachment":[{"href":"https:\/\/www.tracea.ch\/de\/wp-json\/wp\/v2\/media?parent=49286"}],"wp:term":[{"taxonomy":"product_brand","embeddable":true,"href":"https:\/\/www.tracea.ch\/de\/wp-json\/wp\/v2\/product_brand?post=49286"},{"taxonomy":"product_cat","embeddable":true,"href":"https:\/\/www.tracea.ch\/de\/wp-json\/wp\/v2\/product_cat?post=49286"},{"taxonomy":"product_tag","embeddable":true,"href":"https:\/\/www.tracea.ch\/de\/wp-json\/wp\/v2\/product_tag?post=49286"}],"curies":[{"name":"wp","href":"https:\/\/api.w.org\/{rel}","templated":true}]}}

https://www.tracea.ch/boutique/non%20classé/mens-tinshan-jacket-iv/

<p>Il affiche une belle sobriété comme une esthétique épurée : le blouson Tinshan II pour homme, au look de laine raffiné. Le matériau softshell élastique et la doublure en polaire douillette assurent un grand confort. Le tissu extérieur tissé serré avec une part de laine est coupe-vent et chaud. Le col montant rend de bons services sous les rafales de vent ; une poche de poitrine et deux poches en biais zippées permettent de ranger clés, téléphone portable et autres petits objets. La veste Tinshan pour homme est facile à entretenir et se porte très bien sous une veste de protection contre les intempéries lors des froides journées d’hiver. Le label Green Shape de VAUDE garantit un produit écologique, fonctionnel et fabriqué dans des matériaux durables.</p>
<p><em>1 poche poitrine avec zippée, 2 poches frontales avec fermeture éclair</em></p>

<p>Veste homme légère et urbaine #matière softshell thermique #optimale pour la mi-saison #matière principale avec teneur en laine</p>
