{"id":49632,"date":"2026-07-08T14:23:22","date_gmt":"2026-07-08T14:23:22","guid":{"rendered":"https:\/\/www.tracea.ch\/boutique\/non%20class\u00e9\/mens-minaki-mid-jacket-ii\/"},"modified":"2026-07-08T14:23:53","modified_gmt":"2026-07-08T14:23:53","slug":"mens-minaki-mid-jacket-ii","status":"publish","type":"product","link":"https:\/\/www.tracea.ch\/de\/boutique\/mens-minaki-mid-jacket-ii\/","title":{"rendered":"Men&rsquo;s Minaki Mid Jacket II"},"content":{"rendered":"<p>Elle repousse les courants d\u2019air et tient le v\u00e9t\u00e9tiste bien au chaud\u00a0: mais encore\u00a0? Cette veste polaire VTT polyvalente pour homme allie une mati\u00e8re polaire chauffante \u00e0 une couche coupe-vent sur l\u2019avant du torse. Elle convient ainsi parfaitement pour la mi-saison. La veste polaire VTT homme peut se porter solo par temps sec et avec aisance sous une veste de pluie en cas de pr\u00e9cipitations. Deux poches zipp\u00e9es sur l\u2019avant permettent d\u2019emporter un smartphone, une barre \u00e9nerg\u00e9tique ou des mouchoirs. Le label Green Shape de VAUDE garantit un produit \u00e9cologique, fonctionnel et fabriqu\u00e9 dans des mat\u00e9riaux durables.<\/p>\n<p><em>motif d\u00e9coratif, , int\u00e9rieur gratt\u00e9, 2 poches frontales avec zip invers\u00e9, zip frontal avec fold over, ceinture en partie \u00e9lastique, long col montant<\/em><\/p>","protected":false},"excerpt":{"rendered":"<p>Veste polaire VTT homme chaude pour la mi-saison, prenant part au concept d&rsquo;\u00e9conomie circulaire VAUDE #se porte comme couche interm\u00e9diaire ou en solo #prot\u00e8ge le torse des courants d&rsquo;air #mati\u00e8re principale enti\u00e8rement fabriqu\u00e9e en polyester recycl\u00e9<\/p>","protected":false},"featured_media":42728,"comment_status":"closed","ping_status":"open","template":"","meta":[],"product_brand":[375],"product_cat":[213,709,216],"product_tag":[365,368,422,421],"class_list":["post-49632","product","type-product","status-publish","has-post-thumbnail","product_brand-vaude","product_cat-boutique","product_cat-veste","product_cat-vetements","product_tag-boutique","product_tag-vente","product_tag-vente-vetement","product_tag-vetement","pa_couleur-black","pa_couleur-carmine","pa_taille-l","pa_taille-m","pa_taille-s","pa_taille-xl","pa_taille-xxl","pa_taille-xxxl","first","instock","purchasable","product-type-variable"],"_links":{"self":[{"href":"https:\/\/www.tracea.ch\/de\/wp-json\/wp\/v2\/product\/49632","targetHints":{"allow":["GET"]}}],"collection":[{"href":"https:\/\/www.tracea.ch\/de\/wp-json\/wp\/v2\/product"}],"about":[{"href":"https:\/\/www.tracea.ch\/de\/wp-json\/wp\/v2\/types\/product"}],"replies":[{"embeddable":true,"href":"https:\/\/www.tracea.ch\/de\/wp-json\/wp\/v2\/comments?post=49632"}],"version-history":[{"count":1,"href":"https:\/\/www.tracea.ch\/de\/wp-json\/wp\/v2\/product\/49632\/revisions"}],"predecessor-version":[{"id":49633,"href":"https:\/\/www.tracea.ch\/de\/wp-json\/wp\/v2\/product\/49632\/revisions\/49633"}],"wp:featuredmedia":[{"embeddable":true,"href":"https:\/\/www.tracea.ch\/de\/wp-json\/wp\/v2\/media\/42728"}],"wp:attachment":[{"href":"https:\/\/www.tracea.ch\/de\/wp-json\/wp\/v2\/media?parent=49632"}],"wp:term":[{"taxonomy":"product_brand","embeddable":true,"href":"https:\/\/www.tracea.ch\/de\/wp-json\/wp\/v2\/product_brand?post=49632"},{"taxonomy":"product_cat","embeddable":true,"href":"https:\/\/www.tracea.ch\/de\/wp-json\/wp\/v2\/product_cat?post=49632"},{"taxonomy":"product_tag","embeddable":true,"href":"https:\/\/www.tracea.ch\/de\/wp-json\/wp\/v2\/product_tag?post=49632"}],"curies":[{"name":"wp","href":"https:\/\/api.w.org\/{rel}","templated":true}]}}

https://www.tracea.ch/boutique/non%20classé/mens-minaki-mid-jacket-ii/

<p>Elle repousse les courants d’air et tient le vététiste bien au chaud : mais encore ? Cette veste polaire VTT polyvalente pour homme allie une matière polaire chauffante à une couche coupe-vent sur l’avant du torse. Elle convient ainsi parfaitement pour la mi-saison. La veste polaire VTT homme peut se porter solo par temps sec et avec aisance sous une veste de pluie en cas de précipitations. Deux poches zippées sur l’avant permettent d’emporter un smartphone, une barre énergétique ou des mouchoirs. Le label Green Shape de VAUDE garantit un produit écologique, fonctionnel et fabriqué dans des matériaux durables.</p>
<p><em>motif décoratif, , intérieur gratté, 2 poches frontales avec zip inversé, zip frontal avec fold over, ceinture en partie élastique, long col montant</em></p>

<p>Veste polaire VTT homme chaude pour la mi-saison, prenant part au concept d&rsquo;économie circulaire VAUDE #se porte comme couche intermédiaire ou en solo #protège le torse des courants d&rsquo;air #matière principale entièrement fabriquée en polyester recyclé</p>
