{"id":50250,"date":"2026-07-08T14:40:44","date_gmt":"2026-07-08T14:40:44","guid":{"rendered":"https:\/\/www.tracea.ch\/boutique\/non%20class\u00e9\/mens-kuro-pro-rain-jacket\/"},"modified":"2026-07-08T14:41:24","modified_gmt":"2026-07-08T14:41:24","slug":"mens-kuro-pro-rain-jacket","status":"publish","type":"product","link":"https:\/\/www.tracea.ch\/de\/boutique\/mens-kuro-pro-rain-jacket\/","title":{"rendered":"Men&rsquo;s Kuro Pro Rain Jacket"},"content":{"rendered":"<p>Pr\u00eat pour toutes les aventures \u00e0 v\u00e9lo et parfaitement prot\u00e9g\u00e9 contre la pluie, le vent et autres intemp\u00e9ries ! La veste de pluie pour v\u00e9lo Kuro pour hommes a \u00e9t\u00e9 sp\u00e9cialement con\u00e7ue pour les cyclistes de gravel et de course qui veulent rester en s\u00e9curit\u00e9 par tous les temps. Le tissu 2,5 couches offre non seulement une excellente protection contre les \u00e9l\u00e9ments, mais rend \u00e9galement la veste l\u00e9g\u00e8re et compacte. Gr\u00e2ce \u00e0 la membrane Ceplex Pro, la veste de pluie r\u00e9siste \u00e0 une colonne d&rsquo;eau d&rsquo;au moins 20\u00a0000 millim\u00e8tres (JIS L 1092 B) et reste s\u00e8che m\u00eame en cas de forte pluie. Malgr\u00e9 son faible encombrement, la veste de pluie pour homme Kuro offre un confort exceptionnel. La coupe sportive et pr\u00e9form\u00e9e est parfaitement adapt\u00e9e \u00e0 la position assise sur le v\u00e9lo. Les manches sont con\u00e7ues sp\u00e9cifiquement pour le cyclisme et, gr\u00e2ce \u00e0 leur coupe ajust\u00e9e et \u00e0 l&rsquo;extr\u00e9mit\u00e9 serr\u00e9e des poignets, elles \u00e9cartent la pluie de mani\u00e8re fiable. Le pli d&rsquo;a\u00e9ration au dos garantit une ventilation optimale, m\u00eame lorsque les temp\u00e9ratures augmentent ou que l&rsquo;effort fourni fait transpirer. Le mat\u00e9riau \u00e9lastique permet une libert\u00e9 de mouvement maximale, que ce soit en position basse ou en danseuse. La bande en silicone au niveau de l&rsquo;ourlet assure un bon maintien de la veste, m\u00eame en cas de changement de position de conduite. Une petite poche zipp\u00e9e pratique dans le dos permet de ranger les essentiels comme les cl\u00e9s ou les barres \u00e9nerg\u00e9tiques. Pour une protection totale parfaite contre la pluie, la veste de pluie Kuro pour hommes se combine parfaitement avec le pantalon de pluie Kuro &#8211; le corps entier reste ainsi prot\u00e9g\u00e9 de mani\u00e8re fiable contre les \u00e9l\u00e9ments.<\/p>\n<p><em>mati\u00e8re 2,5 \u00e9paisseurs, zip double sens hydrophobe avec rabat int\u00e9rieur sur le devant, prot\u00e8ge-menton avec Foldover, col montant, orifices de ventilation lat\u00e9raux au dos, 1&#038;nbsp, poche dorsale avec zip imperm\u00e9able, manches pr\u00e9form\u00e9es, poignets \u00e9lastiques, coupe rallong\u00e9e dans le dos, ceinture avec partie anti-d\u00e9rapant dans le dos, \u00e9l\u00e9ments r\u00e9fl\u00e9chissants<\/em><\/p>","protected":false},"excerpt":{"rendered":"<p>Veste de pluie sportive homme avec stretch pour sorties en gravel et v\u00e9lo de course #imperm\u00e9able, \u00e9tanche au vent et respirante #a\u00e9ration lat\u00e9rale dans le haut du dos #mati\u00e8re principale hors membrane en polyester recycl\u00e9<\/p>","protected":false},"featured_media":45079,"comment_status":"closed","ping_status":"open","template":"","meta":[],"product_brand":[375],"product_cat":[213,709,216],"product_tag":[365,368,422,421],"class_list":["post-50250","product","type-product","status-publish","has-post-thumbnail","product_brand-vaude","product_cat-boutique","product_cat-veste","product_cat-vetements","product_tag-boutique","product_tag-vente","product_tag-vente-vetement","product_tag-vetement","pa_couleur-black","pa_couleur-deep-pond","pa_couleur-neon-yellow","pa_taille-l","pa_taille-m","pa_taille-s","pa_taille-xl","pa_taille-xxl","first","instock","purchasable","product-type-variable"],"_links":{"self":[{"href":"https:\/\/www.tracea.ch\/de\/wp-json\/wp\/v2\/product\/50250","targetHints":{"allow":["GET"]}}],"collection":[{"href":"https:\/\/www.tracea.ch\/de\/wp-json\/wp\/v2\/product"}],"about":[{"href":"https:\/\/www.tracea.ch\/de\/wp-json\/wp\/v2\/types\/product"}],"replies":[{"embeddable":true,"href":"https:\/\/www.tracea.ch\/de\/wp-json\/wp\/v2\/comments?post=50250"}],"version-history":[{"count":1,"href":"https:\/\/www.tracea.ch\/de\/wp-json\/wp\/v2\/product\/50250\/revisions"}],"predecessor-version":[{"id":50251,"href":"https:\/\/www.tracea.ch\/de\/wp-json\/wp\/v2\/product\/50250\/revisions\/50251"}],"wp:featuredmedia":[{"embeddable":true,"href":"https:\/\/www.tracea.ch\/de\/wp-json\/wp\/v2\/media\/45079"}],"wp:attachment":[{"href":"https:\/\/www.tracea.ch\/de\/wp-json\/wp\/v2\/media?parent=50250"}],"wp:term":[{"taxonomy":"product_brand","embeddable":true,"href":"https:\/\/www.tracea.ch\/de\/wp-json\/wp\/v2\/product_brand?post=50250"},{"taxonomy":"product_cat","embeddable":true,"href":"https:\/\/www.tracea.ch\/de\/wp-json\/wp\/v2\/product_cat?post=50250"},{"taxonomy":"product_tag","embeddable":true,"href":"https:\/\/www.tracea.ch\/de\/wp-json\/wp\/v2\/product_tag?post=50250"}],"curies":[{"name":"wp","href":"https:\/\/api.w.org\/{rel}","templated":true}]}}

https://www.tracea.ch/boutique/non%20classé/mens-kuro-pro-rain-jacket/

<p>Prêt pour toutes les aventures à vélo et parfaitement protégé contre la pluie, le vent et autres intempéries ! La veste de pluie pour vélo Kuro pour hommes a été spécialement conçue pour les cyclistes de gravel et de course qui veulent rester en sécurité par tous les temps. Le tissu 2,5 couches offre non seulement une excellente protection contre les éléments, mais rend également la veste légère et compacte. Grâce à la membrane Ceplex Pro, la veste de pluie résiste à une colonne d&rsquo;eau d&rsquo;au moins 20 000 millimètres (JIS L 1092 B) et reste sèche même en cas de forte pluie. Malgré son faible encombrement, la veste de pluie pour homme Kuro offre un confort exceptionnel. La coupe sportive et préformée est parfaitement adaptée à la position assise sur le vélo. Les manches sont conçues spécifiquement pour le cyclisme et, grâce à leur coupe ajustée et à l&rsquo;extrémité serrée des poignets, elles écartent la pluie de manière fiable. Le pli d&rsquo;aération au dos garantit une ventilation optimale, même lorsque les températures augmentent ou que l&rsquo;effort fourni fait transpirer. Le matériau élastique permet une liberté de mouvement maximale, que ce soit en position basse ou en danseuse. La bande en silicone au niveau de l&rsquo;ourlet assure un bon maintien de la veste, même en cas de changement de position de conduite. Une petite poche zippée pratique dans le dos permet de ranger les essentiels comme les clés ou les barres énergétiques. Pour une protection totale parfaite contre la pluie, la veste de pluie Kuro pour hommes se combine parfaitement avec le pantalon de pluie Kuro &#8211; le corps entier reste ainsi protégé de manière fiable contre les éléments.</p>
<p><em>matière 2,5 épaisseurs, zip double sens hydrophobe avec rabat intérieur sur le devant, protège-menton avec Foldover, col montant, orifices de ventilation latéraux au dos, 1&#038;nbsp, poche dorsale avec zip imperméable, manches préformées, poignets élastiques, coupe rallongée dans le dos, ceinture avec partie anti-dérapant dans le dos, éléments réfléchissants</em></p>

<p>Veste de pluie sportive homme avec stretch pour sorties en gravel et vélo de course #imperméable, étanche au vent et respirante #aération latérale dans le haut du dos #matière principale hors membrane en polyester recyclé</p>
