{"id":50363,"date":"2026-07-08T14:44:27","date_gmt":"2026-07-08T14:44:27","guid":{"rendered":"https:\/\/www.tracea.ch\/boutique\/non%20class\u00e9\/womens-loamer-air-jacket-ii\/"},"modified":"2026-07-08T14:45:07","modified_gmt":"2026-07-08T14:45:07","slug":"womens-loamer-air-jacket-ii","status":"publish","type":"product","link":"https:\/\/www.tracea.ch\/de\/boutique\/womens-loamer-air-jacket-ii\/","title":{"rendered":"Women&rsquo;s Loamer Air Jacket II"},"content":{"rendered":"<p>Parfait pour les passionn\u00e9es de VTT qui privil\u00e9gient l\u2019\u00e9l\u00e9gance et la fonctionnalit\u00e9. La veste VTT Loamer femme est coupe-vent et respirante \u00e0 la fois. Elle est trait\u00e9e avec Eco Finish pour r\u00e9sister \u00e0 l&rsquo;eau et \u00e0 la salet\u00e9. VAUDE renonce aux fluorocarbones, des produits chimiques appel\u00e9s PFAS ou PFC, qui sont soup\u00e7onn\u00e9s d&rsquo;\u00eatre nocifs pour la sant\u00e9. Deux poches \u00e0 l\u2019avant peuvent accueillir une barre \u00e9nerg\u00e9tique ou des mouchoirs. Les poignets \u00e9lastiques et la ceinture maintiennent la veste coupe-vent VTT femme bien en place sur les single trails et les virages en \u00e9pingle. La veste coupe-vent Loamer pour femme est \u00e9galement id\u00e9ale pour d\u2019autres activit\u00e9s \u00ab\u00a0\u00e0 plein tube\u00a0\u00bb. Le label Green Shape de VAUDE garantit un produit \u00e9cologique, fonctionnel et fabriqu\u00e9 dans des mat\u00e9riaux durables.<\/p>\n<p><em>2 poches frontales dissimul\u00e9es avec zip invers\u00e9, zip frontal avec rabat int\u00e9rieur, poignets et ceinture \u00e9lastiques, col montant, colourblock, \u00e9l\u00e9ments r\u00e9fl\u00e9chissants<\/em><\/p>","protected":false},"excerpt":{"rendered":"<p>Veste coupe-vent VTT femme polyvalente #coupe-vent et d\u00e9perlante #respirante #mati\u00e8re principale fabriqu\u00e9e en polyester recycl\u00e9<\/p>","protected":false},"featured_media":46583,"comment_status":"closed","ping_status":"open","template":"","meta":[],"product_brand":[375],"product_cat":[213,709,216],"product_tag":[365,368,422,421],"class_list":["post-50363","product","type-product","status-publish","has-post-thumbnail","product_brand-vaude","product_cat-boutique","product_cat-veste","product_cat-vetements","product_tag-boutique","product_tag-vente","product_tag-vente-vetement","product_tag-vetement","pa_couleur-black-black","pa_couleur-dusty-fern","pa_couleur-raspberry","pa_taille-436","pa_taille-437","pa_taille-438","pa_taille-439","pa_taille-440","first","instock","purchasable","product-type-variable"],"_links":{"self":[{"href":"https:\/\/www.tracea.ch\/de\/wp-json\/wp\/v2\/product\/50363","targetHints":{"allow":["GET"]}}],"collection":[{"href":"https:\/\/www.tracea.ch\/de\/wp-json\/wp\/v2\/product"}],"about":[{"href":"https:\/\/www.tracea.ch\/de\/wp-json\/wp\/v2\/types\/product"}],"replies":[{"embeddable":true,"href":"https:\/\/www.tracea.ch\/de\/wp-json\/wp\/v2\/comments?post=50363"}],"version-history":[{"count":1,"href":"https:\/\/www.tracea.ch\/de\/wp-json\/wp\/v2\/product\/50363\/revisions"}],"predecessor-version":[{"id":50364,"href":"https:\/\/www.tracea.ch\/de\/wp-json\/wp\/v2\/product\/50363\/revisions\/50364"}],"wp:featuredmedia":[{"embeddable":true,"href":"https:\/\/www.tracea.ch\/de\/wp-json\/wp\/v2\/media\/46583"}],"wp:attachment":[{"href":"https:\/\/www.tracea.ch\/de\/wp-json\/wp\/v2\/media?parent=50363"}],"wp:term":[{"taxonomy":"product_brand","embeddable":true,"href":"https:\/\/www.tracea.ch\/de\/wp-json\/wp\/v2\/product_brand?post=50363"},{"taxonomy":"product_cat","embeddable":true,"href":"https:\/\/www.tracea.ch\/de\/wp-json\/wp\/v2\/product_cat?post=50363"},{"taxonomy":"product_tag","embeddable":true,"href":"https:\/\/www.tracea.ch\/de\/wp-json\/wp\/v2\/product_tag?post=50363"}],"curies":[{"name":"wp","href":"https:\/\/api.w.org\/{rel}","templated":true}]}}

https://www.tracea.ch/boutique/non%20classé/womens-loamer-air-jacket-ii/

<p>Parfait pour les passionnées de VTT qui privilégient l’élégance et la fonctionnalité. La veste VTT Loamer femme est coupe-vent et respirante à la fois. Elle est traitée avec Eco Finish pour résister à l&rsquo;eau et à la saleté. VAUDE renonce aux fluorocarbones, des produits chimiques appelés PFAS ou PFC, qui sont soupçonnés d&rsquo;être nocifs pour la santé. Deux poches à l’avant peuvent accueillir une barre énergétique ou des mouchoirs. Les poignets élastiques et la ceinture maintiennent la veste coupe-vent VTT femme bien en place sur les single trails et les virages en épingle. La veste coupe-vent Loamer pour femme est également idéale pour d’autres activités « à plein tube ». Le label Green Shape de VAUDE garantit un produit écologique, fonctionnel et fabriqué dans des matériaux durables.</p>
<p><em>2 poches frontales dissimulées avec zip inversé, zip frontal avec rabat intérieur, poignets et ceinture élastiques, col montant, colourblock, éléments réfléchissants</em></p>

<p>Veste coupe-vent VTT femme polyvalente #coupe-vent et déperlante #respirante #matière principale fabriquée en polyester recyclé</p>
