{"id":50686,"date":"2026-07-08T14:55:00","date_gmt":"2026-07-08T14:55:00","guid":{"rendered":"https:\/\/www.tracea.ch\/boutique\/non%20class\u00e9\/womens-matera-air-vest\/"},"modified":"2026-07-08T14:57:44","modified_gmt":"2026-07-08T14:57:44","slug":"womens-matera-air-vest","status":"publish","type":"product","link":"https:\/\/www.tracea.ch\/de\/boutique\/womens-matera-air-vest\/","title":{"rendered":"Women&rsquo;s Matera Air Vest"},"content":{"rendered":"<p>Le gilet cycliste Matera offre aux cyclistes chevronn\u00e9es une excellente protection coupe-vent pour toutes les sorties. Avec ses 82\u00a0g, la Gilet coupe-vent femme est ultral\u00e9g\u00e8re et peut se comprimer dans sa propre poche au dos pour le gain de place. Le gilet cycliste coup\u00e9 pr\u00e8s du corps assure une libert\u00e9 de mouvement optimale et une excellente a\u00e9ration avec son empi\u00e8cement en mesh perm\u00e9able \u00e0 l&rsquo;air et \u00e9lastique au dos. La mati\u00e8re principale recycl\u00e9e, coupe-vent est imperm\u00e9abilis\u00e9e avec la finition Eco Finish d\u00e9perlante et antisalissures, tr\u00e8s respirante et s\u00e8che rapidement. Des logos r\u00e9fl\u00e9chissants et les poignets et la ceinture \u00e9lastiques compl\u00e8tent le gilet multitalent pour femme. Le label Green Shape de VAUDE garantit un produit \u00e9cologique, fonctionnel et fabriqu\u00e9 dans des mat\u00e9riaux durables certifi\u00e9s bluesign\u00ae. En tant que membre Leader de l&rsquo;organisme ind\u00e9pendant Fair Wear, VAUDE s&rsquo;engage en faveur de conditions de travail et de salaires \u00e9quitables.<\/p>\n<p><em>Rabat int\u00e9rieur avec prot\u00e8ge-menton dans le col, ceinture avec bordure en lycra, 1 poche dorsale pour ranger la veste, zip continu sur le devant, \u00e9l\u00e9ments r\u00e9fl\u00e9chissants<\/em><\/p>","protected":false},"excerpt":{"rendered":"<p>Gilet coupe-vent l\u00e9g\u00e8re et respirante pour le cyclisme au f\u00e9minin #coupe-vent et d\u00e9perlante #l\u00e9g\u00e8re, compacte #fabrication \u00e9cologique en mat\u00e9riaux principalement recycl\u00e9s<\/p>","protected":false},"featured_media":23017,"comment_status":"closed","ping_status":"open","template":"","meta":[],"product_brand":[375],"product_cat":[213,728,216],"product_tag":[365,368,422,421],"class_list":["post-50686","product","type-product","status-publish","has-post-thumbnail","product_brand-vaude","product_cat-boutique","product_cat-gilet","product_cat-vetements","product_tag-boutique","product_tag-vente","product_tag-vente-vetement","product_tag-vetement","pa_couleur-black","pa_couleur-brick","pa_couleur-dark-oak","pa_couleur-dark-sea","pa_couleur-dusty-fern","pa_couleur-eggplant","pa_couleur-magenta","pa_couleur-shore-blue","pa_couleur-white","pa_taille-466","pa_taille-436","pa_taille-437","pa_taille-438","pa_taille-439","pa_taille-440","pa_taille-441","first","instock","purchasable","product-type-variable"],"_links":{"self":[{"href":"https:\/\/www.tracea.ch\/de\/wp-json\/wp\/v2\/product\/50686","targetHints":{"allow":["GET"]}}],"collection":[{"href":"https:\/\/www.tracea.ch\/de\/wp-json\/wp\/v2\/product"}],"about":[{"href":"https:\/\/www.tracea.ch\/de\/wp-json\/wp\/v2\/types\/product"}],"replies":[{"embeddable":true,"href":"https:\/\/www.tracea.ch\/de\/wp-json\/wp\/v2\/comments?post=50686"}],"version-history":[{"count":1,"href":"https:\/\/www.tracea.ch\/de\/wp-json\/wp\/v2\/product\/50686\/revisions"}],"predecessor-version":[{"id":50687,"href":"https:\/\/www.tracea.ch\/de\/wp-json\/wp\/v2\/product\/50686\/revisions\/50687"}],"wp:featuredmedia":[{"embeddable":true,"href":"https:\/\/www.tracea.ch\/de\/wp-json\/wp\/v2\/media\/23017"}],"wp:attachment":[{"href":"https:\/\/www.tracea.ch\/de\/wp-json\/wp\/v2\/media?parent=50686"}],"wp:term":[{"taxonomy":"product_brand","embeddable":true,"href":"https:\/\/www.tracea.ch\/de\/wp-json\/wp\/v2\/product_brand?post=50686"},{"taxonomy":"product_cat","embeddable":true,"href":"https:\/\/www.tracea.ch\/de\/wp-json\/wp\/v2\/product_cat?post=50686"},{"taxonomy":"product_tag","embeddable":true,"href":"https:\/\/www.tracea.ch\/de\/wp-json\/wp\/v2\/product_tag?post=50686"}],"curies":[{"name":"wp","href":"https:\/\/api.w.org\/{rel}","templated":true}]}}

https://www.tracea.ch/boutique/non%20classé/womens-matera-air-vest/

<p>Le gilet cycliste Matera offre aux cyclistes chevronnées une excellente protection coupe-vent pour toutes les sorties. Avec ses 82 g, la Gilet coupe-vent femme est ultralégère et peut se comprimer dans sa propre poche au dos pour le gain de place. Le gilet cycliste coupé près du corps assure une liberté de mouvement optimale et une excellente aération avec son empiècement en mesh perméable à l&rsquo;air et élastique au dos. La matière principale recyclée, coupe-vent est imperméabilisée avec la finition Eco Finish déperlante et antisalissures, très respirante et sèche rapidement. Des logos réfléchissants et les poignets et la ceinture élastiques complètent le gilet multitalent pour femme. Le label Green Shape de VAUDE garantit un produit écologique, fonctionnel et fabriqué dans des matériaux durables certifiés bluesign®. En tant que membre Leader de l&rsquo;organisme indépendant Fair Wear, VAUDE s&rsquo;engage en faveur de conditions de travail et de salaires équitables.</p>
<p><em>Rabat intérieur avec protège-menton dans le col, ceinture avec bordure en lycra, 1 poche dorsale pour ranger la veste, zip continu sur le devant, éléments réfléchissants</em></p>

<p>Gilet coupe-vent légère et respirante pour le cyclisme au féminin #coupe-vent et déperlante #légère, compacte #fabrication écologique en matériaux principalement recyclés</p>
