{"id":50813,"date":"2026-07-08T14:59:08","date_gmt":"2026-07-08T14:59:08","guid":{"rendered":"https:\/\/www.tracea.ch\/boutique\/non%20class\u00e9\/mens-matera-air-vest\/"},"modified":"2026-07-08T15:02:11","modified_gmt":"2026-07-08T15:02:11","slug":"mens-matera-air-vest","status":"publish","type":"product","link":"https:\/\/www.tracea.ch\/de\/boutique\/mens-matera-air-vest\/","title":{"rendered":"Men&rsquo;s Matera Air Vest"},"content":{"rendered":"<p>Le gilet de v\u00e9lo Matera prot\u00e8ge parfaitement les cyclistes ambitieux du vent lors des sorties. Elle ne p\u00e8se pas plus de 99\u00a0g et peut \u00eatre comprim\u00e9e dans sa propre poche au dos. Un empi\u00e8cement en mesh perm\u00e9able \u00e0 l&rsquo;air et \u00e9lastique situ\u00e9 au dos assure la meilleure libert\u00e9 de mouvement. La mati\u00e8re principale recycl\u00e9e, coupe-vent est imperm\u00e9abilis\u00e9e avec la finition Eco Finish d\u00e9perlante et antisalissures, tr\u00e8s respirante et s\u00e8che rapidement. Des logos r\u00e9fl\u00e9chissants, les poignets et la ceinture \u00e9lastiques compl\u00e8tent ce gilet multitalent. Le label Green Shape de VAUDE garantit un produit \u00e9cologique, fonctionnel et fabriqu\u00e9 dans des mat\u00e9riaux durables certifi\u00e9s bluesign\u00ae. En tant que membre Leader de l&rsquo;organisme ind\u00e9pendant Fair Wear, VAUDE s&rsquo;engage en faveur de conditions de travail et de salaires \u00e9quitables.<\/p>\n<p><em>Rabat int\u00e9rieur avec prot\u00e8ge-menton dans le col, bordures en lycra aux poignets et \u00e0 la ceinture, 1 poche dorsale pour ranger la veste, zip continu sur le devant, parties en filet dans le dos, \u00e9l\u00e9ments r\u00e9fl\u00e9chissants<\/em><\/p>","protected":false},"excerpt":{"rendered":"<p>Gilet cycliste coupe-vent l\u00e9g\u00e8re et respirante pour homme #coupe-vent et d\u00e9perlante #l\u00e9g\u00e8re, compacte #fabrication \u00e9cologique en mat\u00e9riaux principalement recycl\u00e9s<\/p>","protected":false},"featured_media":23101,"comment_status":"closed","ping_status":"open","template":"","meta":[],"product_brand":[375],"product_cat":[213,728,216],"product_tag":[365,368,422,421],"class_list":["post-50813","product","type-product","status-publish","has-post-thumbnail","product_brand-vaude","product_cat-boutique","product_cat-gilet","product_cat-vetements","product_tag-boutique","product_tag-vente","product_tag-vente-vetement","product_tag-vetement","pa_couleur-black","pa_couleur-bright-green","pa_couleur-dark-sea","pa_couleur-deep-pond","pa_couleur-glowing-red-uni","pa_couleur-heron","pa_couleur-radiate-blue","pa_couleur-redeva","pa_couleur-signal-blue","pa_couleur-white","pa_taille-l","pa_taille-m","pa_taille-s","pa_taille-xl","pa_taille-xxl","pa_taille-xxxl","pa_taille-xxxxl","first","instock","purchasable","product-type-variable"],"_links":{"self":[{"href":"https:\/\/www.tracea.ch\/de\/wp-json\/wp\/v2\/product\/50813","targetHints":{"allow":["GET"]}}],"collection":[{"href":"https:\/\/www.tracea.ch\/de\/wp-json\/wp\/v2\/product"}],"about":[{"href":"https:\/\/www.tracea.ch\/de\/wp-json\/wp\/v2\/types\/product"}],"replies":[{"embeddable":true,"href":"https:\/\/www.tracea.ch\/de\/wp-json\/wp\/v2\/comments?post=50813"}],"version-history":[{"count":1,"href":"https:\/\/www.tracea.ch\/de\/wp-json\/wp\/v2\/product\/50813\/revisions"}],"predecessor-version":[{"id":50814,"href":"https:\/\/www.tracea.ch\/de\/wp-json\/wp\/v2\/product\/50813\/revisions\/50814"}],"wp:featuredmedia":[{"embeddable":true,"href":"https:\/\/www.tracea.ch\/de\/wp-json\/wp\/v2\/media\/23101"}],"wp:attachment":[{"href":"https:\/\/www.tracea.ch\/de\/wp-json\/wp\/v2\/media?parent=50813"}],"wp:term":[{"taxonomy":"product_brand","embeddable":true,"href":"https:\/\/www.tracea.ch\/de\/wp-json\/wp\/v2\/product_brand?post=50813"},{"taxonomy":"product_cat","embeddable":true,"href":"https:\/\/www.tracea.ch\/de\/wp-json\/wp\/v2\/product_cat?post=50813"},{"taxonomy":"product_tag","embeddable":true,"href":"https:\/\/www.tracea.ch\/de\/wp-json\/wp\/v2\/product_tag?post=50813"}],"curies":[{"name":"wp","href":"https:\/\/api.w.org\/{rel}","templated":true}]}}

https://www.tracea.ch/boutique/non%20classé/mens-matera-air-vest/

<p>Le gilet de vélo Matera protège parfaitement les cyclistes ambitieux du vent lors des sorties. Elle ne pèse pas plus de 99 g et peut être comprimée dans sa propre poche au dos. Un empiècement en mesh perméable à l&rsquo;air et élastique situé au dos assure la meilleure liberté de mouvement. La matière principale recyclée, coupe-vent est imperméabilisée avec la finition Eco Finish déperlante et antisalissures, très respirante et sèche rapidement. Des logos réfléchissants, les poignets et la ceinture élastiques complètent ce gilet multitalent. Le label Green Shape de VAUDE garantit un produit écologique, fonctionnel et fabriqué dans des matériaux durables certifiés bluesign®. En tant que membre Leader de l&rsquo;organisme indépendant Fair Wear, VAUDE s&rsquo;engage en faveur de conditions de travail et de salaires équitables.</p>
<p><em>Rabat intérieur avec protège-menton dans le col, bordures en lycra aux poignets et à la ceinture, 1 poche dorsale pour ranger la veste, zip continu sur le devant, parties en filet dans le dos, éléments réfléchissants</em></p>

<p>Gilet cycliste coupe-vent légère et respirante pour homme #coupe-vent et déperlante #légère, compacte #fabrication écologique en matériaux principalement recyclés</p>
