{"id":51151,"date":"2026-07-08T15:09:57","date_gmt":"2026-07-08T15:09:57","guid":{"rendered":"https:\/\/www.tracea.ch\/boutique\/non%20class\u00e9\/mens-neyland-padded-vest-ii\/"},"modified":"2026-07-08T15:10:25","modified_gmt":"2026-07-08T15:10:25","slug":"herren-weste-neyland-padded-vest-ii","status":"publish","type":"product","link":"https:\/\/www.tracea.ch\/de\/boutique\/mens-neyland-padded-vest-ii\/","title":{"rendered":"Herren-Weste \u201eNeyland Padded Vest II\u201c"},"content":{"rendered":"<p>Westen bieten gewisse Vorteile, insbesondere in der \u00dcbergangszeit oder als Isolierschicht unter einer Hardshell-Jacke: Sie sch\u00fctzen den Oberk\u00f6rper vor Ausk\u00fchlung, ohne dabei die Bewegungsfreiheit einzuschr\u00e4nken oder bei k\u00f6rperlicher Aktivit\u00e4t zu einem Hitzestau zu f\u00fchren. Neyland II ist eine Steppweste f\u00fcr Herren, die dank ihres Stehkragens den Oberk\u00f6rper vor Wind und K\u00e4lte sch\u00fctzt. Zudem ist das Au\u00dfenmaterial der Weste mit Eco Finish behandelt, einem PFC-freien Mittel, das Wasser und Schmutz abweist \u2013 so h\u00e4lt sie kurzen Regenschauern stand. Zwei seitliche Rei\u00dfverschlusstaschen bieten Platz f\u00fcr die wichtigsten Utensilien, wenn man ohne Rucksack unterwegs ist. Und nat\u00fcrlich macht die Herren-Steppweste Neyland II auch im Alltag eine gute Figur! Das Green Shape-Label von VAUDE garantiert ein umweltfreundliches, funktionales Produkt aus nachhaltigen Materialien. Als Leader-Mitglied der unabh\u00e4ngigen Organisation Fair Wear setzt sich VAUDE f\u00fcr faire Arbeitsbedingungen und L\u00f6hne ein.<\/p>\n<p><em>hoher Stehkragen, Rei\u00dfverschluss vorne mit innerer Abdeckung, 2 Vordertaschen mit Rei\u00dfverschluss, Wattierung 170 g\/m\u00b2<\/em><\/p>","protected":false},"excerpt":{"rendered":"<p>Gepolsterte Herrenweste f\u00fcr Freizeit und Alltag, Teil des VAUDE-Kreislaufwirtschaftskonzepts #, mit Stehkragen und zwei ger\u00e4umigen Seitentaschen #, wasserabweisend und atmungsaktiv #, Hauptmaterial zu 100 % aus recyceltem Polyester<\/p>","protected":false},"featured_media":42336,"comment_status":"closed","ping_status":"open","template":"","meta":[],"product_brand":[375],"product_cat":[213,728,216],"product_tag":[365,368,422,421],"class_list":["post-51151","product","type-product","status-publish","has-post-thumbnail","product_brand-vaude","product_cat-boutique","product_cat-gilet","product_cat-vetements","product_tag-boutique","product_tag-vente","product_tag-vente-vetement","product_tag-vetement","pa_couleur-black","pa_couleur-tobacco","pa_taille-l","pa_taille-m","pa_taille-s","pa_taille-xl","pa_taille-xxl","first","instock","purchasable","product-type-variable"],"_links":{"self":[{"href":"https:\/\/www.tracea.ch\/de\/wp-json\/wp\/v2\/product\/51151","targetHints":{"allow":["GET"]}}],"collection":[{"href":"https:\/\/www.tracea.ch\/de\/wp-json\/wp\/v2\/product"}],"about":[{"href":"https:\/\/www.tracea.ch\/de\/wp-json\/wp\/v2\/types\/product"}],"replies":[{"embeddable":true,"href":"https:\/\/www.tracea.ch\/de\/wp-json\/wp\/v2\/comments?post=51151"}],"version-history":[{"count":1,"href":"https:\/\/www.tracea.ch\/de\/wp-json\/wp\/v2\/product\/51151\/revisions"}],"predecessor-version":[{"id":51152,"href":"https:\/\/www.tracea.ch\/de\/wp-json\/wp\/v2\/product\/51151\/revisions\/51152"}],"wp:featuredmedia":[{"embeddable":true,"href":"https:\/\/www.tracea.ch\/de\/wp-json\/wp\/v2\/media\/42336"}],"wp:attachment":[{"href":"https:\/\/www.tracea.ch\/de\/wp-json\/wp\/v2\/media?parent=51151"}],"wp:term":[{"taxonomy":"product_brand","embeddable":true,"href":"https:\/\/www.tracea.ch\/de\/wp-json\/wp\/v2\/product_brand?post=51151"},{"taxonomy":"product_cat","embeddable":true,"href":"https:\/\/www.tracea.ch\/de\/wp-json\/wp\/v2\/product_cat?post=51151"},{"taxonomy":"product_tag","embeddable":true,"href":"https:\/\/www.tracea.ch\/de\/wp-json\/wp\/v2\/product_tag?post=51151"}],"curies":[{"name":"wp","href":"https:\/\/api.w.org\/{rel}","templated":true}]}}

https://www.tracea.ch/boutique/non%20classé/mens-neyland-padded-vest-ii/

<p>Westen bieten gewisse Vorteile, insbesondere in der Übergangszeit oder als Isolierschicht unter einer Hardshell-Jacke: Sie schützen den Oberkörper vor Auskühlung, ohne dabei die Bewegungsfreiheit einzuschränken oder bei körperlicher Aktivität zu einem Hitzestau zu führen. Neyland II ist eine Steppweste für Herren, die dank ihres Stehkragens den Oberkörper vor Wind und Kälte schützt. Zudem ist das Außenmaterial der Weste mit Eco Finish behandelt, einem PFC-freien Mittel, das Wasser und Schmutz abweist – so hält sie kurzen Regenschauern stand. Zwei seitliche Reißverschlusstaschen bieten Platz für die wichtigsten Utensilien, wenn man ohne Rucksack unterwegs ist. Und natürlich macht die Herren-Steppweste Neyland II auch im Alltag eine gute Figur! Das Green Shape-Label von VAUDE garantiert ein umweltfreundliches, funktionales Produkt aus nachhaltigen Materialien. Als Leader-Mitglied der unabhängigen Organisation Fair Wear setzt sich VAUDE für faire Arbeitsbedingungen und Löhne ein.</p>
<p><em>hoher Stehkragen, Reißverschluss vorne mit innerer Abdeckung, 2 Vordertaschen mit Reißverschluss, Wattierung 170 g/m²</em></p>

<p>Gepolsterte Herrenweste für Freizeit und Alltag, Teil des VAUDE-Kreislaufwirtschaftskonzepts #, mit Stehkragen und zwei geräumigen Seitentaschen #, wasserabweisend und atmungsaktiv #, Hauptmaterial zu 100 % aus recyceltem Polyester</p>
