{"id":51197,"date":"2026-07-08T15:11:26","date_gmt":"2026-07-08T15:11:26","guid":{"rendered":"https:\/\/www.tracea.ch\/boutique\/non%20class\u00e9\/womens-everhike-softshell-vest\/"},"modified":"2026-07-08T15:12:24","modified_gmt":"2026-07-08T15:12:24","slug":"everhike-softshell-weste-fur-damen","status":"publish","type":"product","link":"https:\/\/www.tracea.ch\/de\/boutique\/womens-everhike-softshell-vest\/","title":{"rendered":"Everhike Softshell-Weste f\u00fcr Damen"},"content":{"rendered":"<p>Die Everhike Softshell-Weste f\u00fcr Damen ist ein vielseitiges Must-Have f\u00fcr Outdoor-Begeisterte. Sie bietet zuverl\u00e4ssigen Windschutz und h\u00e4lt den Oberk\u00f6rper warm \u2013 die perfekte Wahl als zus\u00e4tzliche Thermoschicht an k\u00fchleren Tagen. Der Stehkragen sch\u00fctzt zudem Hals und Nacken an windigen Tagen vor Zugluft. Ein besonderer Vorteil der Everhike Softshell-Weste ist ihr innovatives, elastisches Softshell-Material, das sich jeder Bewegung anpasst und uneingeschr\u00e4nkte Flexibilit\u00e4t garantiert. Die Innenseite mit einer leichten Netzstruktur f\u00f6rdert die Atmungsaktivit\u00e4t, indem sie Feuchtigkeit effizient ableitet. So bleibt die Weste auch bei w\u00e4rmeren Temperaturen und schwei\u00dftreibenden Aufstiegen angenehm zu tragen. Zwei Rei\u00dfverschlusstaschen bieten Stauraum f\u00fcr den Karabiner oder das Smartphone. Der Saum l\u00e4sst sich in der Weite verstellen. F\u00fcr alle, die eine bequeme und funktionale Weste f\u00fcr Outdoor-Abenteuer und den Alltag suchen, ist die Everhike Softshell-Weste die ideale Wahl. Das Au\u00dfenmaterial der Everhike Softshell-Weste f\u00fcr Damen ist mit Eco Finish behandelt, um wasser- und schmutzabweisend zu sein. VAUDE verzichtet auf Fluorkohlenwasserstoffe, sogenannte PFAS oder PFC, die im Verdacht stehen, gesundheitssch\u00e4dlich zu sein. Das Green Shape-Label von VAUDE garantiert ein umweltfreundliches, funktionales Produkt aus nachhaltigen Materialien.<\/p>\n<p><em>winddichte Softshell-Jacke, Frontrei\u00dfverschluss mit Innenpatte, Stehkragen, 2 Vordertaschen mit Rei\u00dfverschluss, \u00c4rmelb\u00fcndchen mit Lycra-Einsatz, Kordelzug am Bund, \u00fcber die Taschen verstellbar<\/em><\/p>","protected":false},"excerpt":{"rendered":"<p>Praktische Softshell-Weste f\u00fcr Damen f\u00fcr den Sommer # Angenehm weiches und dehnbares Material # Winddicht, wasserabweisend und atmungsaktiv # Das Hauptmaterial besteht gr\u00f6\u00dftenteils aus recyceltem Polyester<\/p>","protected":false},"featured_media":17722,"comment_status":"closed","ping_status":"open","template":"","meta":[],"product_brand":[375],"product_cat":[213,728,216],"product_tag":[365,368,422,421],"class_list":["post-51197","product","type-product","status-publish","has-post-thumbnail","product_brand-vaude","product_cat-boutique","product_cat-gilet","product_cat-vetements","product_tag-boutique","product_tag-vente","product_tag-vente-vetement","product_tag-vetement","pa_couleur-agave","pa_couleur-black","pa_couleur-shore-blue","pa_taille-466","pa_taille-436","pa_taille-437","pa_taille-438","pa_taille-439","pa_taille-440","pa_taille-441","pa_taille-459","first","instock","purchasable","product-type-variable"],"_links":{"self":[{"href":"https:\/\/www.tracea.ch\/de\/wp-json\/wp\/v2\/product\/51197","targetHints":{"allow":["GET"]}}],"collection":[{"href":"https:\/\/www.tracea.ch\/de\/wp-json\/wp\/v2\/product"}],"about":[{"href":"https:\/\/www.tracea.ch\/de\/wp-json\/wp\/v2\/types\/product"}],"replies":[{"embeddable":true,"href":"https:\/\/www.tracea.ch\/de\/wp-json\/wp\/v2\/comments?post=51197"}],"version-history":[{"count":1,"href":"https:\/\/www.tracea.ch\/de\/wp-json\/wp\/v2\/product\/51197\/revisions"}],"predecessor-version":[{"id":51198,"href":"https:\/\/www.tracea.ch\/de\/wp-json\/wp\/v2\/product\/51197\/revisions\/51198"}],"wp:featuredmedia":[{"embeddable":true,"href":"https:\/\/www.tracea.ch\/de\/wp-json\/wp\/v2\/media\/17722"}],"wp:attachment":[{"href":"https:\/\/www.tracea.ch\/de\/wp-json\/wp\/v2\/media?parent=51197"}],"wp:term":[{"taxonomy":"product_brand","embeddable":true,"href":"https:\/\/www.tracea.ch\/de\/wp-json\/wp\/v2\/product_brand?post=51197"},{"taxonomy":"product_cat","embeddable":true,"href":"https:\/\/www.tracea.ch\/de\/wp-json\/wp\/v2\/product_cat?post=51197"},{"taxonomy":"product_tag","embeddable":true,"href":"https:\/\/www.tracea.ch\/de\/wp-json\/wp\/v2\/product_tag?post=51197"}],"curies":[{"name":"wp","href":"https:\/\/api.w.org\/{rel}","templated":true}]}}

https://www.tracea.ch/boutique/non%20classé/womens-everhike-softshell-vest/

Everhike Softshell-Weste für Damen

<p>Die Everhike Softshell-Weste für Damen ist ein vielseitiges Must-Have für Outdoor-Begeisterte. Sie bietet zuverlässigen Windschutz und hält den Oberkörper warm – die perfekte Wahl als zusätzliche Thermoschicht an kühleren Tagen. Der Stehkragen schützt zudem Hals und Nacken an windigen Tagen vor Zugluft. Ein besonderer Vorteil der Everhike Softshell-Weste ist ihr innovatives, elastisches Softshell-Material, das sich jeder Bewegung anpasst und uneingeschränkte Flexibilität garantiert. Die Innenseite mit einer leichten Netzstruktur fördert die Atmungsaktivität, indem sie Feuchtigkeit effizient ableitet. So bleibt die Weste auch bei wärmeren Temperaturen und schweißtreibenden Aufstiegen angenehm zu tragen. Zwei Reißverschlusstaschen bieten Stauraum für den Karabiner oder das Smartphone. Der Saum lässt sich in der Weite verstellen. Für alle, die eine bequeme und funktionale Weste für Outdoor-Abenteuer und den Alltag suchen, ist die Everhike Softshell-Weste die ideale Wahl. Das Außenmaterial der Everhike Softshell-Weste für Damen ist mit Eco Finish behandelt, um wasser- und schmutzabweisend zu sein. VAUDE verzichtet auf Fluorkohlenwasserstoffe, sogenannte PFAS oder PFC, die im Verdacht stehen, gesundheitsschädlich zu sein. Das Green Shape-Label von VAUDE garantiert ein umweltfreundliches, funktionales Produkt aus nachhaltigen Materialien.</p>
<p><em>winddichte Softshell-Jacke, Frontreißverschluss mit Innenpatte, Stehkragen, 2 Vordertaschen mit Reißverschluss, Ärmelbündchen mit Lycra-Einsatz, Kordelzug am Bund, über die Taschen verstellbar</em></p>

<p>Praktische Softshell-Weste für Damen für den Sommer # Angenehm weiches und dehnbares Material # Winddicht, wasserabweisend und atmungsaktiv # Das Hauptmaterial besteht größtenteils aus recyceltem Polyester</p>
