{"id":51228,"date":"2026-07-08T15:12:24","date_gmt":"2026-07-08T15:12:24","guid":{"rendered":"https:\/\/www.tracea.ch\/boutique\/non%20class\u00e9\/mens-everhike-softshell-vest\/"},"modified":"2026-07-08T15:12:57","modified_gmt":"2026-07-08T15:12:57","slug":"herren-softshellweste-von-everhike","status":"publish","type":"product","link":"https:\/\/www.tracea.ch\/de\/boutique\/mens-everhike-softshell-vest\/","title":{"rendered":"Everhike Softshell-Weste f\u00fcr Herren"},"content":{"rendered":"<p>Die Everhike Softshell-Weste f\u00fcr Herren ist ein zuverl\u00e4ssiger Begleiter an windigen Tagen und bei wechselhaftem Wetter. Mit ihrem winddichten 100 %-Material h\u00e4lt sie kalten Windb\u00f6en stand. Das elastische Softshell-Material passt sich perfekt an, folgt jeder Bewegung, ohne sie einzuschr\u00e4nken, und sorgt so f\u00fcr hohen Tragekomfort. Auf der Innenseite verhindert eine atmungsaktive Mesh-Struktur, dass sich Feuchtigkeit staut, wodurch stets eine angenehme K\u00f6rpertemperatur aufrechterhalten wird. Dank ihres schlichten und sportlichen Designs l\u00e4sst sich die Everhike Softshell-Weste vielseitig kombinieren \u2013 als leichte Au\u00dfenschicht \u00fcber einem T-Shirt oder als w\u00e4rmende Zwischenschicht unter einer Jacke. Funktional, robust und schlicht \u2013 genau das Richtige f\u00fcr Wanderer und Trekker. Das Au\u00dfenmaterial der Everhike Softshell-Weste f\u00fcr Herren ist mit Eco Finish behandelt, um wasser- und schmutzabweisend zu sein. VAUDE verzichtet auf Fluorkohlenwasserstoffe, sogenannte PFAS oder PFC, die im Verdacht stehen, gesundheitssch\u00e4dlich zu sein. Das Green Shape-Label von VAUDE garantiert ein umweltfreundliches, funktionales Produkt aus nachhaltigen Materialien.<\/p>\n<p><em>winddichte Softshell-Jacke, Frontrei\u00dfverschluss mit innerer Abdeckung, 2 Vordertaschen mit Rei\u00dfverschluss, am Bund befindlicher Kordelzug, der \u00fcber die Taschen verstellbar ist<\/em><\/p>","protected":false},"excerpt":{"rendered":"<p>Atmungsaktive Softshell-Weste f\u00fcr Herren f\u00fcr Outdoor-Sportarten #Winddicht und wasserabweisend #Bequemes und elastisches Material #Material aus recyceltem Polyester<\/p>","protected":false},"featured_media":43257,"comment_status":"closed","ping_status":"open","template":"","meta":[],"product_brand":[375],"product_cat":[213,728,216],"product_tag":[365,368,422,421],"class_list":["post-51228","product","type-product","status-publish","has-post-thumbnail","product_brand-vaude","product_cat-boutique","product_cat-gilet","product_cat-vetements","product_tag-boutique","product_tag-vente","product_tag-vente-vetement","product_tag-vetement","pa_couleur-baltic-sea","pa_couleur-black","pa_taille-l","pa_taille-m","pa_taille-s","pa_taille-xl","pa_taille-xxl","pa_taille-xxxl","first","instock","purchasable","product-type-variable"],"_links":{"self":[{"href":"https:\/\/www.tracea.ch\/de\/wp-json\/wp\/v2\/product\/51228","targetHints":{"allow":["GET"]}}],"collection":[{"href":"https:\/\/www.tracea.ch\/de\/wp-json\/wp\/v2\/product"}],"about":[{"href":"https:\/\/www.tracea.ch\/de\/wp-json\/wp\/v2\/types\/product"}],"replies":[{"embeddable":true,"href":"https:\/\/www.tracea.ch\/de\/wp-json\/wp\/v2\/comments?post=51228"}],"version-history":[{"count":1,"href":"https:\/\/www.tracea.ch\/de\/wp-json\/wp\/v2\/product\/51228\/revisions"}],"predecessor-version":[{"id":51229,"href":"https:\/\/www.tracea.ch\/de\/wp-json\/wp\/v2\/product\/51228\/revisions\/51229"}],"wp:featuredmedia":[{"embeddable":true,"href":"https:\/\/www.tracea.ch\/de\/wp-json\/wp\/v2\/media\/43257"}],"wp:attachment":[{"href":"https:\/\/www.tracea.ch\/de\/wp-json\/wp\/v2\/media?parent=51228"}],"wp:term":[{"taxonomy":"product_brand","embeddable":true,"href":"https:\/\/www.tracea.ch\/de\/wp-json\/wp\/v2\/product_brand?post=51228"},{"taxonomy":"product_cat","embeddable":true,"href":"https:\/\/www.tracea.ch\/de\/wp-json\/wp\/v2\/product_cat?post=51228"},{"taxonomy":"product_tag","embeddable":true,"href":"https:\/\/www.tracea.ch\/de\/wp-json\/wp\/v2\/product_tag?post=51228"}],"curies":[{"name":"wp","href":"https:\/\/api.w.org\/{rel}","templated":true}]}}

https://www.tracea.ch/boutique/non%20classé/mens-everhike-softshell-vest/

Everhike Softshell-Weste für Herren

<p>Die Everhike Softshell-Weste für Herren ist ein zuverlässiger Begleiter an windigen Tagen und bei wechselhaftem Wetter. Mit ihrem winddichten 100 %-Material hält sie kalten Windböen stand. Das elastische Softshell-Material passt sich perfekt an, folgt jeder Bewegung, ohne sie einzuschränken, und sorgt so für hohen Tragekomfort. Auf der Innenseite verhindert eine atmungsaktive Mesh-Struktur, dass sich Feuchtigkeit staut, wodurch stets eine angenehme Körpertemperatur aufrechterhalten wird. Dank ihres schlichten und sportlichen Designs lässt sich die Everhike Softshell-Weste vielseitig kombinieren – als leichte Außenschicht über einem T-Shirt oder als wärmende Zwischenschicht unter einer Jacke. Funktional, robust und schlicht – genau das Richtige für Wanderer und Trekker. Das Außenmaterial der Everhike Softshell-Weste für Herren ist mit Eco Finish behandelt, um wasser- und schmutzabweisend zu sein. VAUDE verzichtet auf Fluorkohlenwasserstoffe, sogenannte PFAS oder PFC, die im Verdacht stehen, gesundheitsschädlich zu sein. Das Green Shape-Label von VAUDE garantiert ein umweltfreundliches, funktionales Produkt aus nachhaltigen Materialien.</p>
<p><em>winddichte Softshell-Jacke, Frontreißverschluss mit innerer Abdeckung, 2 Vordertaschen mit Reißverschluss, am Bund befindlicher Kordelzug, der über die Taschen verstellbar ist</em></p>

<p>Atmungsaktive Softshell-Weste für Herren für Outdoor-Sportarten #Winddicht und wasserabweisend #Bequemes und elastisches Material #Material aus recyceltem Polyester</p>
