{"id":6346,"date":"2026-06-29T15:24:05","date_gmt":"2026-06-29T15:24:05","guid":{"rendered":"https:\/\/www.tracea.ch\/boutique\/non%20class\u00e9\/light-pillow\/"},"modified":"2026-06-29T15:24:21","modified_gmt":"2026-06-29T15:24:21","slug":"light-pillow","status":"publish","type":"product","link":"https:\/\/www.tracea.ch\/de\/boutique\/light-pillow\/","title":{"rendered":"Light Pillow"},"content":{"rendered":"<p>Pas de compromis quand il est question de sommeil r\u00e9parateur\u00a0: qui voyage en autonomie et transporte tout son \u00e9quipement dans son sac \u00e0 dos doit en surveiller le poids. En comparaison \u00e0 son pr\u00e9d\u00e9cesseur, nous avons r\u00e9duit de moiti\u00e9 le poids et l&rsquo;encombrement de ce coussin de camping l\u00e9ger, mais am\u00e9lior\u00e9 son confort dans le m\u00eame temps. Le coussin de camping ne p\u00e8se pas plus qu&rsquo;une plaque de chocolat et se fait tout petit dans chaque bagage. La mati\u00e8re ultra-\u00e9lastique permettant de mieux expulser l&rsquo;air est garante d&rsquo;une v\u00e9ritable sensation de coussin doux. Les trois chambres \u00e0 air pr\u00e9sentent des hauteurs diff\u00e9rentes pour offrir une position de couchage confortable \u00e0 tous les types de dormeurs. Le coussin se fixe solidement au sac de couchage gr\u00e2ce \u00e0 la boucle soud\u00e9e. Le label Green Shape de VAUDE garantit un produit \u00e9cologique, fonctionnel et fabriqu\u00e9 dans des mat\u00e9riaux durables. En tant que membre Leader de l&rsquo;organisme ind\u00e9pendant Fair Wear, VAUDE s&rsquo;engage en faveur de conditions de travail et de salaires \u00e9quitables.<\/p>\n<p><em>Coussin l\u00e9ger et gonflable pour le trekking, le camping et le voyage #faibles poids et encombrement #diff\u00e9rentes hauteurs de compartiment pour des positions de sommeil vari\u00e9es #mati\u00e8re principale essentiellement fabriqu\u00e9e en polyester recycl\u00e9<\/em><\/p>","protected":false},"excerpt":{"rendered":"<p>Coussin l\u00e9ger et gonflable pour le trekking, le camping et le voyage #faibles poids et encombrement #diff\u00e9rentes hauteurs de compartiment pour des positions de sommeil vari\u00e9es #mati\u00e8re principale essentiellement fabriqu\u00e9e en polyester recycl\u00e9<\/p>","protected":false},"featured_media":6347,"comment_status":"closed","ping_status":"open","template":"","meta":[],"product_brand":[375],"product_cat":[388,213,362],"product_tag":[365,389,368,390],"class_list":["post-6346","product","type-product","status-publish","has-post-thumbnail","product_brand-vaude","product_cat-accessoires-sacs-de-couchage","product_cat-boutique","product_cat-sacs-de-couchage","product_tag-boutique","product_tag-sac-de-couchage","product_tag-vente","product_tag-vente-sac-de-couchage","pa_saison-toutes-saisons","first","instock","purchasable","product-type-simple"],"_links":{"self":[{"href":"https:\/\/www.tracea.ch\/de\/wp-json\/wp\/v2\/product\/6346","targetHints":{"allow":["GET"]}}],"collection":[{"href":"https:\/\/www.tracea.ch\/de\/wp-json\/wp\/v2\/product"}],"about":[{"href":"https:\/\/www.tracea.ch\/de\/wp-json\/wp\/v2\/types\/product"}],"replies":[{"embeddable":true,"href":"https:\/\/www.tracea.ch\/de\/wp-json\/wp\/v2\/comments?post=6346"}],"version-history":[{"count":0,"href":"https:\/\/www.tracea.ch\/de\/wp-json\/wp\/v2\/product\/6346\/revisions"}],"wp:featuredmedia":[{"embeddable":true,"href":"https:\/\/www.tracea.ch\/de\/wp-json\/wp\/v2\/media\/6347"}],"wp:attachment":[{"href":"https:\/\/www.tracea.ch\/de\/wp-json\/wp\/v2\/media?parent=6346"}],"wp:term":[{"taxonomy":"product_brand","embeddable":true,"href":"https:\/\/www.tracea.ch\/de\/wp-json\/wp\/v2\/product_brand?post=6346"},{"taxonomy":"product_cat","embeddable":true,"href":"https:\/\/www.tracea.ch\/de\/wp-json\/wp\/v2\/product_cat?post=6346"},{"taxonomy":"product_tag","embeddable":true,"href":"https:\/\/www.tracea.ch\/de\/wp-json\/wp\/v2\/product_tag?post=6346"}],"curies":[{"name":"wp","href":"https:\/\/api.w.org\/{rel}","templated":true}]}}

https://www.tracea.ch/boutique/non%20classé/light-pillow/

<p>Pas de compromis quand il est question de sommeil réparateur : qui voyage en autonomie et transporte tout son équipement dans son sac à dos doit en surveiller le poids. En comparaison à son prédécesseur, nous avons réduit de moitié le poids et l&rsquo;encombrement de ce coussin de camping léger, mais amélioré son confort dans le même temps. Le coussin de camping ne pèse pas plus qu&rsquo;une plaque de chocolat et se fait tout petit dans chaque bagage. La matière ultra-élastique permettant de mieux expulser l&rsquo;air est garante d&rsquo;une véritable sensation de coussin doux. Les trois chambres à air présentent des hauteurs différentes pour offrir une position de couchage confortable à tous les types de dormeurs. Le coussin se fixe solidement au sac de couchage grâce à la boucle soudée. Le label Green Shape de VAUDE garantit un produit écologique, fonctionnel et fabriqué dans des matériaux durables. En tant que membre Leader de l&rsquo;organisme indépendant Fair Wear, VAUDE s&rsquo;engage en faveur de conditions de travail et de salaires équitables.</p>
<p><em>Coussin léger et gonflable pour le trekking, le camping et le voyage #faibles poids et encombrement #différentes hauteurs de compartiment pour des positions de sommeil variées #matière principale essentiellement fabriquée en polyester recyclé</em></p>

<p>Coussin léger et gonflable pour le trekking, le camping et le voyage #faibles poids et encombrement #différentes hauteurs de compartiment pour des positions de sommeil variées #matière principale essentiellement fabriquée en polyester recyclé</p>
