{"id":6396,"date":"2026-06-29T15:33:19","date_gmt":"2026-06-29T15:33:19","guid":{"rendered":"https:\/\/www.tracea.ch\/boutique\/non%20class\u00e9\/hochgrat-500-dwn\/"},"modified":"2026-06-29T15:33:19","modified_gmt":"2026-06-29T15:33:19","slug":"hochgrat-500-dwn","status":"publish","type":"product","link":"https:\/\/www.tracea.ch\/de\/boutique\/hochgrat-500-dwn\/","title":{"rendered":"Hochgrat 500 DWN"},"content":{"rendered":"<p>Un multitalent \u00e9colo pour les circuits de trekking et le cyclotourisme : Hochgrat 500 Sac de couchage en duvet offre une utilisation ultra polyvalente et assure un sommeil r\u00e9parateur gr\u00e2ce \u00e0 son \u00e9quipement tout confort. Son garnissage en duvet haut de gamme 600+ cuin, conforme aux normes de protection des animaux, est insensible \u00e0 l&rsquo;humidit\u00e9 et assure un climat agr\u00e9ablement chaud pour la qualit\u00e9 de sommeil. Les compartiments en H asym\u00e9triques maintiennent le duvet bien en place, pr\u00e9viennent les ponts thermiques et offrent un confort de sommeil maximal. Le mat\u00e9riau int\u00e9rieur du sac de couchage en duvet est une v\u00e9ritable caresse sur la peau gr\u00e2ce au taffetas en polyester recycl\u00e9 doux. Sa fermeture \u00e9clair positionn\u00e9e de mani\u00e8re ergonomique, une collerette antifroid et la capuche chaude et confortable parfaitement ajust\u00e9e et adapt\u00e9e aux besoins des sportifs outdoor \u00e9reint\u00e9s apportent un plus en termes de confort et d&rsquo;adaptabilit\u00e9. Hautement polyvalent, Hochgrat 500 Sac de couchage en duvet est par cons\u00e9quent le sac de couchage de trekking compressible id\u00e9al au printemps, en \u00e9t\u00e9 ou en automne. Le label Green Shape de VAUDE garantit un produit \u00e9cologique, fonctionnel et fabriqu\u00e9 dans des mat\u00e9riaux durables.<\/p>\n<p><em>Sac de couchage en duvet chaud et polyvalent pour le trekking et le cyclotourisme # r\u00e9partition de la chaleur optimale gr\u00e2ce \u00e0 la coupe momie # compartiment des pieds 3D pour plus de confort #fabrication en mat\u00e9riau recycl\u00e9 et duvet certifi\u00e9 # Nikwax Hydrophobic Down Plus<\/em><\/p>","protected":false},"excerpt":{"rendered":"<p>Sac de couchage en duvet chaud et polyvalent pour le trekking et le cyclotourisme # r\u00e9partition de la chaleur optimale gr\u00e2ce \u00e0 la coupe momie # compartiment des pieds 3D pour plus de confort #fabrication en mat\u00e9riau recycl\u00e9 et duvet certifi\u00e9 # Nikwax Hydrophobic Down Plus<\/p>","protected":false},"featured_media":6397,"comment_status":"closed","ping_status":"open","template":"","meta":[],"product_brand":[375],"product_cat":[213,394,362],"product_tag":[365,389,368,390],"class_list":["post-6396","product","type-product","status-publish","has-post-thumbnail","product_brand-vaude","product_cat-boutique","product_cat-duvet","product_cat-sacs-de-couchage","product_tag-boutique","product_tag-sac-de-couchage","product_tag-vente","product_tag-vente-sac-de-couchage","pa_saison-toutes-saisons-printemps-automne","first","instock","purchasable","product-type-simple"],"_links":{"self":[{"href":"https:\/\/www.tracea.ch\/de\/wp-json\/wp\/v2\/product\/6396","targetHints":{"allow":["GET"]}}],"collection":[{"href":"https:\/\/www.tracea.ch\/de\/wp-json\/wp\/v2\/product"}],"about":[{"href":"https:\/\/www.tracea.ch\/de\/wp-json\/wp\/v2\/types\/product"}],"replies":[{"embeddable":true,"href":"https:\/\/www.tracea.ch\/de\/wp-json\/wp\/v2\/comments?post=6396"}],"version-history":[{"count":0,"href":"https:\/\/www.tracea.ch\/de\/wp-json\/wp\/v2\/product\/6396\/revisions"}],"wp:featuredmedia":[{"embeddable":true,"href":"https:\/\/www.tracea.ch\/de\/wp-json\/wp\/v2\/media\/6397"}],"wp:attachment":[{"href":"https:\/\/www.tracea.ch\/de\/wp-json\/wp\/v2\/media?parent=6396"}],"wp:term":[{"taxonomy":"product_brand","embeddable":true,"href":"https:\/\/www.tracea.ch\/de\/wp-json\/wp\/v2\/product_brand?post=6396"},{"taxonomy":"product_cat","embeddable":true,"href":"https:\/\/www.tracea.ch\/de\/wp-json\/wp\/v2\/product_cat?post=6396"},{"taxonomy":"product_tag","embeddable":true,"href":"https:\/\/www.tracea.ch\/de\/wp-json\/wp\/v2\/product_tag?post=6396"}],"curies":[{"name":"wp","href":"https:\/\/api.w.org\/{rel}","templated":true}]}}

https://www.tracea.ch/boutique/non%20classé/hochgrat-500-dwn/

<p>Un multitalent écolo pour les circuits de trekking et le cyclotourisme : Hochgrat 500 Sac de couchage en duvet offre une utilisation ultra polyvalente et assure un sommeil réparateur grâce à son équipement tout confort. Son garnissage en duvet haut de gamme 600+ cuin, conforme aux normes de protection des animaux, est insensible à l&rsquo;humidité et assure un climat agréablement chaud pour la qualité de sommeil. Les compartiments en H asymétriques maintiennent le duvet bien en place, préviennent les ponts thermiques et offrent un confort de sommeil maximal. Le matériau intérieur du sac de couchage en duvet est une véritable caresse sur la peau grâce au taffetas en polyester recyclé doux. Sa fermeture éclair positionnée de manière ergonomique, une collerette antifroid et la capuche chaude et confortable parfaitement ajustée et adaptée aux besoins des sportifs outdoor éreintés apportent un plus en termes de confort et d&rsquo;adaptabilité. Hautement polyvalent, Hochgrat 500 Sac de couchage en duvet est par conséquent le sac de couchage de trekking compressible idéal au printemps, en été ou en automne. Le label Green Shape de VAUDE garantit un produit écologique, fonctionnel et fabriqué dans des matériaux durables.</p>
<p><em>Sac de couchage en duvet chaud et polyvalent pour le trekking et le cyclotourisme # répartition de la chaleur optimale grâce à la coupe momie # compartiment des pieds 3D pour plus de confort #fabrication en matériau recyclé et duvet certifié # Nikwax Hydrophobic Down Plus</em></p>

<p>Sac de couchage en duvet chaud et polyvalent pour le trekking et le cyclotourisme # répartition de la chaleur optimale grâce à la coupe momie # compartiment des pieds 3D pour plus de confort #fabrication en matériau recyclé et duvet certifié # Nikwax Hydrophobic Down Plus</p>
