{"id":6468,"date":"2026-06-29T15:36:37","date_gmt":"2026-06-29T15:36:37","guid":{"rendered":"https:\/\/www.tracea.ch\/boutique\/non%20class\u00e9\/tour-5-m-ii\/"},"modified":"2026-06-29T15:36:47","modified_gmt":"2026-06-29T15:36:47","slug":"tour-5-m-ii","status":"publish","type":"product","link":"https:\/\/www.tracea.ch\/de\/boutique\/tour-5-m-ii\/","title":{"rendered":"Tour 5 M II"},"content":{"rendered":"<p>Plus, c&rsquo;est plus : Avec son \u00e9paisseur de cinq centim\u00e8tres, le Tour 5 M II est clairement la variante confort des tapis de camping d&rsquo;entr\u00e9e de gamme VAUDE. Le noyau de mousse tr\u00e8s volumineux n&rsquo;assure pas seulement un confort de couchage particuli\u00e8rement \u00e9lev\u00e9. La manipulation du matelas Tour 5 M II est tr\u00e8s simple : Lorsque la valve est ouverte, le noyau de mousse s&rsquo;\u00e9tend automatiquement, le r\u00e9glage fin s&rsquo;effectue id\u00e9alement \u00e0 l&rsquo;aide d&rsquo;un sac ou d&rsquo;un coussin de pompage VAUDE &#8211; ainsi, l&rsquo;humidit\u00e9 ne p\u00e9n\u00e8tre pas \u00e0 l&rsquo;int\u00e9rieur du matelas. La face sup\u00e9rieure est constitu\u00e9e d&rsquo;un mat\u00e9riau stretch et le nouveau rev\u00eatement TPU sur la face int\u00e9rieure r\u00e9siste \u00e0 l&rsquo;hydrolyse. Kit de r\u00e9paration inclus. Le matelas isolant Tour 5 M II est le bon choix pour tous ceux qui recherchent un matelas polyvalent et confortable pour une utilisation toute l&rsquo;ann\u00e9e ou un support de couchage pour les h\u00f4tes spontan\u00e9s qui passent la nuit.<\/p>\n<p><em>Matelas isolant chaud et tr\u00e8s confortable pour le camping, le festival etc. #avec c\u0153ur en mousse autogonflant #adapt\u00e9 \u00e0 l\u2019hiver #VAUDE s\u2019engage pour des conditions de travail responsables dans le monde entier<\/em><\/p>","protected":false},"excerpt":{"rendered":"<p>Matelas isolant chaud et tr\u00e8s confortable pour le camping, le festival etc. #avec c\u0153ur en mousse autogonflant #adapt\u00e9 \u00e0 l\u2019hiver #VAUDE s\u2019engage pour des conditions de travail responsables dans le monde entier<\/p>","protected":false},"featured_media":6469,"comment_status":"closed","ping_status":"open","template":"","meta":[],"product_brand":[375],"product_cat":[213,399,362],"product_tag":[365,389,368,390],"class_list":["post-6468","product","type-product","status-publish","has-post-thumbnail","product_brand-vaude","product_cat-boutique","product_cat-matelas","product_cat-sacs-de-couchage","product_tag-boutique","product_tag-sac-de-couchage","product_tag-vente","product_tag-vente-sac-de-couchage","pa_saison-toutes-saisons-hiver-ete-printemps-automne","first","instock","purchasable","product-type-simple"],"_links":{"self":[{"href":"https:\/\/www.tracea.ch\/de\/wp-json\/wp\/v2\/product\/6468","targetHints":{"allow":["GET"]}}],"collection":[{"href":"https:\/\/www.tracea.ch\/de\/wp-json\/wp\/v2\/product"}],"about":[{"href":"https:\/\/www.tracea.ch\/de\/wp-json\/wp\/v2\/types\/product"}],"replies":[{"embeddable":true,"href":"https:\/\/www.tracea.ch\/de\/wp-json\/wp\/v2\/comments?post=6468"}],"version-history":[{"count":0,"href":"https:\/\/www.tracea.ch\/de\/wp-json\/wp\/v2\/product\/6468\/revisions"}],"wp:featuredmedia":[{"embeddable":true,"href":"https:\/\/www.tracea.ch\/de\/wp-json\/wp\/v2\/media\/6469"}],"wp:attachment":[{"href":"https:\/\/www.tracea.ch\/de\/wp-json\/wp\/v2\/media?parent=6468"}],"wp:term":[{"taxonomy":"product_brand","embeddable":true,"href":"https:\/\/www.tracea.ch\/de\/wp-json\/wp\/v2\/product_brand?post=6468"},{"taxonomy":"product_cat","embeddable":true,"href":"https:\/\/www.tracea.ch\/de\/wp-json\/wp\/v2\/product_cat?post=6468"},{"taxonomy":"product_tag","embeddable":true,"href":"https:\/\/www.tracea.ch\/de\/wp-json\/wp\/v2\/product_tag?post=6468"}],"curies":[{"name":"wp","href":"https:\/\/api.w.org\/{rel}","templated":true}]}}

https://www.tracea.ch/boutique/non%20classé/tour-5-m-ii/

<p>Plus, c&rsquo;est plus : Avec son épaisseur de cinq centimètres, le Tour 5 M II est clairement la variante confort des tapis de camping d&rsquo;entrée de gamme VAUDE. Le noyau de mousse très volumineux n&rsquo;assure pas seulement un confort de couchage particulièrement élevé. La manipulation du matelas Tour 5 M II est très simple : Lorsque la valve est ouverte, le noyau de mousse s&rsquo;étend automatiquement, le réglage fin s&rsquo;effectue idéalement à l&rsquo;aide d&rsquo;un sac ou d&rsquo;un coussin de pompage VAUDE &#8211; ainsi, l&rsquo;humidité ne pénètre pas à l&rsquo;intérieur du matelas. La face supérieure est constituée d&rsquo;un matériau stretch et le nouveau revêtement TPU sur la face intérieure résiste à l&rsquo;hydrolyse. Kit de réparation inclus. Le matelas isolant Tour 5 M II est le bon choix pour tous ceux qui recherchent un matelas polyvalent et confortable pour une utilisation toute l&rsquo;année ou un support de couchage pour les hôtes spontanés qui passent la nuit.</p>
<p><em>Matelas isolant chaud et très confortable pour le camping, le festival etc. #avec cœur en mousse autogonflant #adapté à l’hiver #VAUDE s’engage pour des conditions de travail responsables dans le monde entier</em></p>

<p>Matelas isolant chaud et très confortable pour le camping, le festival etc. #avec cœur en mousse autogonflant #adapté à l’hiver #VAUDE s’engage pour des conditions de travail responsables dans le monde entier</p>
