{"id":6472,"date":"2026-06-29T15:36:52","date_gmt":"2026-06-29T15:36:52","guid":{"rendered":"https:\/\/www.tracea.ch\/boutique\/non%20class\u00e9\/dream-7-5-l-ii\/"},"modified":"2026-06-29T15:36:56","modified_gmt":"2026-06-29T15:36:56","slug":"dream-7-5-l-ii","status":"publish","type":"product","link":"https:\/\/www.tracea.ch\/de\/boutique\/dream-7-5-l-ii\/","title":{"rendered":"Dream 7.5 L II"},"content":{"rendered":"<p>Seul un sommeil r\u00e9parateur permet d&rsquo;\u00eatre performant pendant la journ\u00e9e. Le matelas isolant Dream 7.5 L II en est le parfait garant : Une \u00e9paisseur de 7,5 centim\u00e8tres et un tissu stretch agr\u00e9ablement doux assurent un grand confort de couchage sur toutes les surfaces. L&rsquo;int\u00e9rieur est recouvert d&rsquo;un rev\u00eatement TPU r\u00e9sistant \u00e0 l&rsquo;hydrolyse, un kit de r\u00e9paration est fourni avec le matelas. La construction 3D permet d&rsquo;utiliser pleinement la surface, et plusieurs tapis peuvent \u00eatre assembl\u00e9s sans laisser d&rsquo;espace gr\u00e2ce \u00e0 la forme. Le noyau autogonflant du matelas pneumatique s&rsquo;adapte aux contours du corps. Pour \u00e9viter que l&rsquo;humidit\u00e9 ne p\u00e9n\u00e8tre \u00e0 l&rsquo;int\u00e9rieur, il faut achever le gonflage du matelas \u00e0 l&rsquo;aide d&rsquo;un sac ou d&rsquo;un coussin de gonflage VAUDE.<\/p>\n<p><em>Matelas isolant tr\u00e8s confortable pour l\u2019usage stationnaire en camping et autre #haut confort de couchage gr\u00e2ce \u00e0 la mati\u00e8re sup\u00e9rieure \u00e9lastique et au c\u0153ur de mousse #utilisable jusqu\u2019\u00e0 -30 degr\u00e9s #VAUDE s\u2019engage pour des conditions de travail responsables dans le monde entier<\/em><\/p>","protected":false},"excerpt":{"rendered":"<p>Matelas isolant tr\u00e8s confortable pour l\u2019usage stationnaire en camping et autre #haut confort de couchage gr\u00e2ce \u00e0 la mati\u00e8re sup\u00e9rieure \u00e9lastique et au c\u0153ur de mousse #utilisable jusqu\u2019\u00e0 -30 degr\u00e9s #VAUDE s\u2019engage pour des conditions de travail responsables dans le monde entier<\/p>","protected":false},"featured_media":6473,"comment_status":"closed","ping_status":"open","template":"","meta":[],"product_brand":[375],"product_cat":[213,399,362],"product_tag":[365,389,368,390],"class_list":["post-6472","product","type-product","status-publish","has-post-thumbnail","product_brand-vaude","product_cat-boutique","product_cat-matelas","product_cat-sacs-de-couchage","product_tag-boutique","product_tag-sac-de-couchage","product_tag-vente","product_tag-vente-sac-de-couchage","pa_saison-toutes-saisons-hiver-ete-printemps-automne","first","instock","purchasable","product-type-simple"],"_links":{"self":[{"href":"https:\/\/www.tracea.ch\/de\/wp-json\/wp\/v2\/product\/6472","targetHints":{"allow":["GET"]}}],"collection":[{"href":"https:\/\/www.tracea.ch\/de\/wp-json\/wp\/v2\/product"}],"about":[{"href":"https:\/\/www.tracea.ch\/de\/wp-json\/wp\/v2\/types\/product"}],"replies":[{"embeddable":true,"href":"https:\/\/www.tracea.ch\/de\/wp-json\/wp\/v2\/comments?post=6472"}],"version-history":[{"count":0,"href":"https:\/\/www.tracea.ch\/de\/wp-json\/wp\/v2\/product\/6472\/revisions"}],"wp:featuredmedia":[{"embeddable":true,"href":"https:\/\/www.tracea.ch\/de\/wp-json\/wp\/v2\/media\/6473"}],"wp:attachment":[{"href":"https:\/\/www.tracea.ch\/de\/wp-json\/wp\/v2\/media?parent=6472"}],"wp:term":[{"taxonomy":"product_brand","embeddable":true,"href":"https:\/\/www.tracea.ch\/de\/wp-json\/wp\/v2\/product_brand?post=6472"},{"taxonomy":"product_cat","embeddable":true,"href":"https:\/\/www.tracea.ch\/de\/wp-json\/wp\/v2\/product_cat?post=6472"},{"taxonomy":"product_tag","embeddable":true,"href":"https:\/\/www.tracea.ch\/de\/wp-json\/wp\/v2\/product_tag?post=6472"}],"curies":[{"name":"wp","href":"https:\/\/api.w.org\/{rel}","templated":true}]}}

https://www.tracea.ch/boutique/non%20classé/dream-7-5-l-ii/

<p>Seul un sommeil réparateur permet d&rsquo;être performant pendant la journée. Le matelas isolant Dream 7.5 L II en est le parfait garant : Une épaisseur de 7,5 centimètres et un tissu stretch agréablement doux assurent un grand confort de couchage sur toutes les surfaces. L&rsquo;intérieur est recouvert d&rsquo;un revêtement TPU résistant à l&rsquo;hydrolyse, un kit de réparation est fourni avec le matelas. La construction 3D permet d&rsquo;utiliser pleinement la surface, et plusieurs tapis peuvent être assemblés sans laisser d&rsquo;espace grâce à la forme. Le noyau autogonflant du matelas pneumatique s&rsquo;adapte aux contours du corps. Pour éviter que l&rsquo;humidité ne pénètre à l&rsquo;intérieur, il faut achever le gonflage du matelas à l&rsquo;aide d&rsquo;un sac ou d&rsquo;un coussin de gonflage VAUDE.</p>
<p><em>Matelas isolant très confortable pour l’usage stationnaire en camping et autre #haut confort de couchage grâce à la matière supérieure élastique et au cœur de mousse #utilisable jusqu’à -30 degrés #VAUDE s’engage pour des conditions de travail responsables dans le monde entier</em></p>

<p>Matelas isolant très confortable pour l’usage stationnaire en camping et autre #haut confort de couchage grâce à la matière supérieure élastique et au cœur de mousse #utilisable jusqu’à -30 degrés #VAUDE s’engage pour des conditions de travail responsables dans le monde entier</p>
