{"id":6496,"date":"2026-06-29T15:37:43","date_gmt":"2026-06-29T15:37:43","guid":{"rendered":"https:\/\/www.tracea.ch\/boutique\/non%20class\u00e9\/selun-800-syn\/"},"modified":"2026-06-29T15:38:00","modified_gmt":"2026-06-29T15:38:00","slug":"laut-800-syn","status":"publish","type":"product","link":"https:\/\/www.tracea.ch\/de\/boutique\/selun-800-syn\/","title":{"rendered":"Selun 800 SYN"},"content":{"rendered":"<p>Warmer und innovativer Mumienschlafsack mit synthetischer F\u00fcllung f\u00fcr Bergsteigen, Radtouren und Trekking von Fr\u00fchling bis Herbst. Dieser ausgekl\u00fcgelte Schlafsack mit K\u00e4lteschutzkragen kommt ganz ohne N\u00e4hte aus: So beh\u00e4lt das F\u00fcllmaterial seine Bauschkraft \u00fcber die gesamte L\u00e4nge bei und es entstehen keine W\u00e4rmebr\u00fccken; die K\u00f6rperw\u00e4rme wird gleichm\u00e4\u00dfig im Schlafsack verteilt und das Fehlen von N\u00e4hten verhindert das Eindringen von Feuchtigkeit und Tau. Das bluesign\u00ae-zertifizierte Material besteht zu 100 % aus recyceltem Polyester und ist auch f\u00fcr empfindliche Haut geeignet. Die Kapuze des Selun ist mit verschiedenen Kordeln ausgestattet, um die Handhabung zu vereinfachen: So l\u00e4sst sich die Kapuze schnell und einfach an die verschiedenen Schlafpositionen w\u00e4hrend der Nacht anpassen. Der neue \u00abEasy-Exit\u00bb-Rei\u00dfverschluss l\u00e4sst sich im Handumdrehen mit beiden H\u00e4nden \u00f6ffnen und erm\u00f6glicht ein einfaches und schnelles \u00d6ffnen des Schlafsacks. Das erweist sich als sehr praktisch, wenn man den Schlafsack dringend verlassen m\u00f6chte oder muss. Ein weiterer Sicherheitsaspekt ist die Dokumententasche im Fu\u00dfbereich des Schlafsacks, in der Wertsachen wie Handy, Reisepass und Geldscheine vor Dieben gesch\u00fctzt, aber schnell griffbereit aufbewahrt werden k\u00f6nnen \u2013 ohne den Schlaf zu st\u00f6ren. Die warme Primaloft\u00ae-F\u00fcllung aus recyceltem Polyester ist pflegeleicht und schnell trocknend und w\u00e4rmt zudem auch im feuchten Zustand. Leichte Materialien reduzieren das Gewicht des Schlafsacks, der sich zudem gut komprimieren l\u00e4sst. Das VAUDE Green Shape-Label garantiert ein umweltfreundliches, funktionales Produkt aus nachhaltigen Materialien.<\/p>\n<p><em>Warmer Mumienschlafsack aus Kunstfasern f\u00fcr den Bergsport, Radtouren und Trekking # nahezu nahtlos f\u00fcr hohe W\u00e4rmespeicherung # mit gro\u00dfem Sicherheitsfach im Fu\u00dfbereich # hergestellt aus 100 % recycelten Materialien, mit Primaloft\u00ae-F\u00fcllung<\/em><\/p>","protected":false},"excerpt":{"rendered":"<p>Warmer Mumienschlafsack aus Kunstfasern f\u00fcr den Bergsport, Radtouren und Trekking # nahezu nahtlos f\u00fcr hohe W\u00e4rmespeicherung # mit gro\u00dfem Sicherheitsfach im Fu\u00dfbereich # hergestellt aus 100 % recycelten Materialien, mit Primaloft\u00ae-F\u00fcllung<\/p>","protected":false},"featured_media":6497,"comment_status":"closed","ping_status":"open","template":"","meta":[],"product_brand":[375],"product_cat":[213,401,362],"product_tag":[365,389,368,390],"class_list":["post-6496","product","type-product","status-publish","has-post-thumbnail","product_brand-vaude","product_cat-boutique","product_cat-fibre-synthetique","product_cat-sacs-de-couchage","product_tag-boutique","product_tag-sac-de-couchage","product_tag-vente","product_tag-vente-sac-de-couchage","pa_saison-toutes-saisons-ete-printemps-automne","first","instock","purchasable","product-type-simple"],"_links":{"self":[{"href":"https:\/\/www.tracea.ch\/de\/wp-json\/wp\/v2\/product\/6496","targetHints":{"allow":["GET"]}}],"collection":[{"href":"https:\/\/www.tracea.ch\/de\/wp-json\/wp\/v2\/product"}],"about":[{"href":"https:\/\/www.tracea.ch\/de\/wp-json\/wp\/v2\/types\/product"}],"replies":[{"embeddable":true,"href":"https:\/\/www.tracea.ch\/de\/wp-json\/wp\/v2\/comments?post=6496"}],"version-history":[{"count":0,"href":"https:\/\/www.tracea.ch\/de\/wp-json\/wp\/v2\/product\/6496\/revisions"}],"wp:featuredmedia":[{"embeddable":true,"href":"https:\/\/www.tracea.ch\/de\/wp-json\/wp\/v2\/media\/6497"}],"wp:attachment":[{"href":"https:\/\/www.tracea.ch\/de\/wp-json\/wp\/v2\/media?parent=6496"}],"wp:term":[{"taxonomy":"product_brand","embeddable":true,"href":"https:\/\/www.tracea.ch\/de\/wp-json\/wp\/v2\/product_brand?post=6496"},{"taxonomy":"product_cat","embeddable":true,"href":"https:\/\/www.tracea.ch\/de\/wp-json\/wp\/v2\/product_cat?post=6496"},{"taxonomy":"product_tag","embeddable":true,"href":"https:\/\/www.tracea.ch\/de\/wp-json\/wp\/v2\/product_tag?post=6496"}],"curies":[{"name":"wp","href":"https:\/\/api.w.org\/{rel}","templated":true}]}}

https://www.tracea.ch/boutique/non%20classé/selun-800-syn/

<p>Warmer und innovativer Mumienschlafsack mit synthetischer Füllung für Bergsteigen, Radtouren und Trekking von Frühling bis Herbst. Dieser ausgeklügelte Schlafsack mit Kälteschutzkragen kommt ganz ohne Nähte aus: So behält das Füllmaterial seine Bauschkraft über die gesamte Länge bei und es entstehen keine Wärmebrücken; die Körperwärme wird gleichmäßig im Schlafsack verteilt und das Fehlen von Nähten verhindert das Eindringen von Feuchtigkeit und Tau. Das bluesign®-zertifizierte Material besteht zu 100 % aus recyceltem Polyester und ist auch für empfindliche Haut geeignet. Die Kapuze des Selun ist mit verschiedenen Kordeln ausgestattet, um die Handhabung zu vereinfachen: So lässt sich die Kapuze schnell und einfach an die verschiedenen Schlafpositionen während der Nacht anpassen. Der neue «Easy-Exit»-Reißverschluss lässt sich im Handumdrehen mit beiden Händen öffnen und ermöglicht ein einfaches und schnelles Öffnen des Schlafsacks. Das erweist sich als sehr praktisch, wenn man den Schlafsack dringend verlassen möchte oder muss. Ein weiterer Sicherheitsaspekt ist die Dokumententasche im Fußbereich des Schlafsacks, in der Wertsachen wie Handy, Reisepass und Geldscheine vor Dieben geschützt, aber schnell griffbereit aufbewahrt werden können – ohne den Schlaf zu stören. Die warme Primaloft®-Füllung aus recyceltem Polyester ist pflegeleicht und schnell trocknend und wärmt zudem auch im feuchten Zustand. Leichte Materialien reduzieren das Gewicht des Schlafsacks, der sich zudem gut komprimieren lässt. Das VAUDE Green Shape-Label garantiert ein umweltfreundliches, funktionales Produkt aus nachhaltigen Materialien.</p>
<p><em>Warmer Mumienschlafsack aus Kunstfasern für den Bergsport, Radtouren und Trekking # nahezu nahtlos für hohe Wärmespeicherung # mit großem Sicherheitsfach im Fußbereich # hergestellt aus 100 % recycelten Materialien, mit Primaloft®-Füllung</em></p>

<p>Warmer Mumienschlafsack aus Kunstfasern für den Bergsport, Radtouren und Trekking # nahezu nahtlos für hohe Wärmespeicherung # mit großem Sicherheitsfach im Fußbereich # hergestellt aus 100 % recycelten Materialien, mit Primaloft®-Füllung</p>
