{"id":6656,"date":"2026-06-29T15:47:07","date_gmt":"2026-06-29T15:47:07","guid":{"rendered":"https:\/\/www.tracea.ch\/boutique\/non%20class\u00e9\/kobel-adjust-500-ii-syn-2\/"},"modified":"2026-06-29T15:47:57","modified_gmt":"2026-06-29T15:47:57","slug":"kobel-adjust-500-ii-syn-2","status":"publish","type":"product","link":"https:\/\/www.tracea.ch\/de\/boutique\/kobel-adjust-500-ii-syn-2\/","title":{"rendered":"Kobel Adjust 500 II SYN"},"content":{"rendered":"<p>On est pr\u00eat \u00e0 se lancer dans la prochaine aventure en plein air avec le sac de couchage Kobel. Car le sac de couchage pour enfant et adolescent est confortable, douillet et pr\u00e9sente un look sympa. Le garnissage en fibres synth\u00e9tiques durable et facile d&rsquo;entretien tient chaud en toute fiabilit\u00e9, m\u00eame quand la temp\u00e9rature commence \u00e0 descendre dans la tente. Pratique et ing\u00e9nieux&nbsp;: le sac de couchage Kobel 500 accompagne tout simplement la croissance des enfants et des ados. Le sac de couchage pour enfant et adolescent est con\u00e7u pour une taille corporelle comprise entre 1,30&nbsp;m et 1,65&nbsp;m. Son syst\u00e8me de zip ais\u00e9ment maniable permet d&rsquo;allonger le sac de couchage pour enfant et adolescent en un temps record. Il suffit de retourner le pied du sac de couchage, de fermer le zip et c&rsquo;est termin\u00e9. Dans la variante \u00e9court\u00e9e, le mat\u00e9riau double apporte plus de chaleur. Quand elle est \u00ab&nbsp;\u00e9tir\u00e9e&nbsp;\u00bb, c&rsquo;est un compartiment pour pieds 3D \u00e0 part enti\u00e8re qui se cr\u00e9e. Autre atout de ce sac de couchage chaud et confortable pour enfant et adolescent&nbsp;: il pr\u00e9sente une coupe plus \u00e9troite que celle des sacs de couchage adultes, et doit donc r\u00e9chauffer moins d&rsquo;air superflu. Les mat\u00e9riaux principaux ainsi que le garnissage du sac de couchage durable pour enfant et adolescent sont fabriqu\u00e9s \u00e0 100&nbsp;% en polyester recycl\u00e9. Le label Green Shape de VAUDE garantit un produit \u00e9cologique, fonctionnel et fabriqu\u00e9 dans des mat\u00e9riaux durables.<\/p>\n<p><em>Sac de couchage \u00e9volutif pour enfant et adolescent #accompagne la croissance avec un r\u00e9glage en longueur \u00e0 la port\u00e9e de tous #garnissage en fibres synth\u00e9tiques facile d&rsquo;entretien et durable #mat\u00e9riaux principaux en polyester 100&nbsp;% recycl\u00e9&nbsp;<\/em><\/p>","protected":false},"excerpt":{"rendered":"<p>Sac de couchage \u00e9volutif pour enfant et adolescent #accompagne la croissance avec un r\u00e9glage en longueur \u00e0 la port\u00e9e de tous #garnissage en fibres synth\u00e9tiques facile d&rsquo;entretien et durable #mat\u00e9riaux principaux en polyester 100&nbsp;% recycl\u00e9&nbsp;<\/p>","protected":false},"featured_media":6657,"comment_status":"closed","ping_status":"open","template":"","meta":[],"product_brand":[375],"product_cat":[213,401,362],"product_tag":[365,389,368,390],"class_list":["post-6656","product","type-product","status-publish","has-post-thumbnail","product_brand-vaude","product_cat-boutique","product_cat-fibre-synthetique","product_cat-sacs-de-couchage","product_tag-boutique","product_tag-sac-de-couchage","product_tag-vente","product_tag-vente-sac-de-couchage","pa_saison-ete","first","instock","purchasable","product-type-simple"],"_links":{"self":[{"href":"https:\/\/www.tracea.ch\/de\/wp-json\/wp\/v2\/product\/6656","targetHints":{"allow":["GET"]}}],"collection":[{"href":"https:\/\/www.tracea.ch\/de\/wp-json\/wp\/v2\/product"}],"about":[{"href":"https:\/\/www.tracea.ch\/de\/wp-json\/wp\/v2\/types\/product"}],"replies":[{"embeddable":true,"href":"https:\/\/www.tracea.ch\/de\/wp-json\/wp\/v2\/comments?post=6656"}],"version-history":[{"count":0,"href":"https:\/\/www.tracea.ch\/de\/wp-json\/wp\/v2\/product\/6656\/revisions"}],"wp:featuredmedia":[{"embeddable":true,"href":"https:\/\/www.tracea.ch\/de\/wp-json\/wp\/v2\/media\/6657"}],"wp:attachment":[{"href":"https:\/\/www.tracea.ch\/de\/wp-json\/wp\/v2\/media?parent=6656"}],"wp:term":[{"taxonomy":"product_brand","embeddable":true,"href":"https:\/\/www.tracea.ch\/de\/wp-json\/wp\/v2\/product_brand?post=6656"},{"taxonomy":"product_cat","embeddable":true,"href":"https:\/\/www.tracea.ch\/de\/wp-json\/wp\/v2\/product_cat?post=6656"},{"taxonomy":"product_tag","embeddable":true,"href":"https:\/\/www.tracea.ch\/de\/wp-json\/wp\/v2\/product_tag?post=6656"}],"curies":[{"name":"wp","href":"https:\/\/api.w.org\/{rel}","templated":true}]}}

https://www.tracea.ch/boutique/non%20classé/kobel-adjust-500-ii-syn-2/

<p>On est prêt à se lancer dans la prochaine aventure en plein air avec le sac de couchage Kobel. Car le sac de couchage pour enfant et adolescent est confortable, douillet et présente un look sympa. Le garnissage en fibres synthétiques durable et facile d&rsquo;entretien tient chaud en toute fiabilité, même quand la température commence à descendre dans la tente. Pratique et ingénieux&nbsp;: le sac de couchage Kobel 500 accompagne tout simplement la croissance des enfants et des ados. Le sac de couchage pour enfant et adolescent est conçu pour une taille corporelle comprise entre 1,30&nbsp;m et 1,65&nbsp;m. Son système de zip aisément maniable permet d&rsquo;allonger le sac de couchage pour enfant et adolescent en un temps record. Il suffit de retourner le pied du sac de couchage, de fermer le zip et c&rsquo;est terminé. Dans la variante écourtée, le matériau double apporte plus de chaleur. Quand elle est «&nbsp;étirée&nbsp;», c&rsquo;est un compartiment pour pieds 3D à part entière qui se crée. Autre atout de ce sac de couchage chaud et confortable pour enfant et adolescent&nbsp;: il présente une coupe plus étroite que celle des sacs de couchage adultes, et doit donc réchauffer moins d&rsquo;air superflu. Les matériaux principaux ainsi que le garnissage du sac de couchage durable pour enfant et adolescent sont fabriqués à 100&nbsp;% en polyester recyclé. Le label Green Shape de VAUDE garantit un produit écologique, fonctionnel et fabriqué dans des matériaux durables.</p>
<p><em>Sac de couchage évolutif pour enfant et adolescent #accompagne la croissance avec un réglage en longueur à la portée de tous #garnissage en fibres synthétiques facile d&rsquo;entretien et durable #matériaux principaux en polyester 100&nbsp;% recyclé&nbsp;</em></p>

<p>Sac de couchage évolutif pour enfant et adolescent #accompagne la croissance avec un réglage en longueur à la portée de tous #garnissage en fibres synthétiques facile d&rsquo;entretien et durable #matériaux principaux en polyester 100&nbsp;% recyclé&nbsp;</p>
