{"id":6674,"date":"2026-06-29T15:48:22","date_gmt":"2026-06-29T15:48:22","guid":{"rendered":"https:\/\/www.tracea.ch\/boutique\/non%20class\u00e9\/plangge-400-ii-syn\/"},"modified":"2026-06-29T15:49:08","modified_gmt":"2026-06-29T15:49:08","slug":"plangge-400-ii-syn","status":"publish","type":"product","link":"https:\/\/www.tracea.ch\/de\/boutique\/plangge-400-ii-syn\/","title":{"rendered":"Plangge 400 II SYN"},"content":{"rendered":"<p>On n&rsquo;a pas toujours besoin d&rsquo;un sac de couchage. Une couverture outdoor pr\u00e9sente de nombreux atouts pour une utilisation dans un van am\u00e9nag\u00e9, en voyage ou \u00e0 domicile. Le mat\u00e9riau souple et le garnissage en fibres synth\u00e9tiques chauffant sont garants d&rsquo;un grand confort et d&rsquo;un climat agr\u00e9able, favorable au sommeil. La polyvalence est la carte \u00e0 jouer de nos jours! Avec sa taille de 145 x 220cm, Plangge 400 convient parfaitement comme couverture de lit. Elle disparait dans son sac de rangement pratique en un tour de main. Ce dernier peut \u00e0 son tour faire office de sac \u00e0 dos de jour l\u00e9ger comme une plume ou comme sac de sport. Le label Green Shape de VAUDE garantit un produit \u00e9cologique, fonctionnel et fabriqu\u00e9 dans des mat\u00e9riaux durables.<\/p>\n<p><em>Couverture confortable outdoor tr\u00e8s polyvalente #douce et chaude #sac de rangement pouvant servir de sac de sport\/sac \u00e0 dos #fabrication principale en polyester recycl\u00e9<\/em><\/p>","protected":false},"excerpt":{"rendered":"<p>Couverture confortable outdoor tr\u00e8s polyvalente #douce et chaude #sac de rangement pouvant servir de sac de sport\/sac \u00e0 dos #fabrication principale en polyester recycl\u00e9<\/p>","protected":false},"featured_media":6675,"comment_status":"closed","ping_status":"open","template":"","meta":[],"product_brand":[375],"product_cat":[213,401,362],"product_tag":[365,389,368,390],"class_list":["post-6674","product","type-product","status-publish","has-post-thumbnail","product_brand-vaude","product_cat-boutique","product_cat-fibre-synthetique","product_cat-sacs-de-couchage","product_tag-boutique","product_tag-sac-de-couchage","product_tag-vente","product_tag-vente-sac-de-couchage","pa_saison-ete","first","instock","purchasable","product-type-simple"],"_links":{"self":[{"href":"https:\/\/www.tracea.ch\/de\/wp-json\/wp\/v2\/product\/6674","targetHints":{"allow":["GET"]}}],"collection":[{"href":"https:\/\/www.tracea.ch\/de\/wp-json\/wp\/v2\/product"}],"about":[{"href":"https:\/\/www.tracea.ch\/de\/wp-json\/wp\/v2\/types\/product"}],"replies":[{"embeddable":true,"href":"https:\/\/www.tracea.ch\/de\/wp-json\/wp\/v2\/comments?post=6674"}],"version-history":[{"count":0,"href":"https:\/\/www.tracea.ch\/de\/wp-json\/wp\/v2\/product\/6674\/revisions"}],"wp:featuredmedia":[{"embeddable":true,"href":"https:\/\/www.tracea.ch\/de\/wp-json\/wp\/v2\/media\/6675"}],"wp:attachment":[{"href":"https:\/\/www.tracea.ch\/de\/wp-json\/wp\/v2\/media?parent=6674"}],"wp:term":[{"taxonomy":"product_brand","embeddable":true,"href":"https:\/\/www.tracea.ch\/de\/wp-json\/wp\/v2\/product_brand?post=6674"},{"taxonomy":"product_cat","embeddable":true,"href":"https:\/\/www.tracea.ch\/de\/wp-json\/wp\/v2\/product_cat?post=6674"},{"taxonomy":"product_tag","embeddable":true,"href":"https:\/\/www.tracea.ch\/de\/wp-json\/wp\/v2\/product_tag?post=6674"}],"curies":[{"name":"wp","href":"https:\/\/api.w.org\/{rel}","templated":true}]}}

https://www.tracea.ch/boutique/non%20classé/plangge-400-ii-syn/

<p>On n&rsquo;a pas toujours besoin d&rsquo;un sac de couchage. Une couverture outdoor présente de nombreux atouts pour une utilisation dans un van aménagé, en voyage ou à domicile. Le matériau souple et le garnissage en fibres synthétiques chauffant sont garants d&rsquo;un grand confort et d&rsquo;un climat agréable, favorable au sommeil. La polyvalence est la carte à jouer de nos jours! Avec sa taille de 145 x 220cm, Plangge 400 convient parfaitement comme couverture de lit. Elle disparait dans son sac de rangement pratique en un tour de main. Ce dernier peut à son tour faire office de sac à dos de jour léger comme une plume ou comme sac de sport. Le label Green Shape de VAUDE garantit un produit écologique, fonctionnel et fabriqué dans des matériaux durables.</p>
<p><em>Couverture confortable outdoor très polyvalente #douce et chaude #sac de rangement pouvant servir de sac de sport/sac à dos #fabrication principale en polyester recyclé</em></p>

<p>Couverture confortable outdoor très polyvalente #douce et chaude #sac de rangement pouvant servir de sac de sport/sac à dos #fabrication principale en polyester recyclé</p>
