{"id":6680,"date":"2026-06-29T15:49:30","date_gmt":"2026-06-29T15:49:30","guid":{"rendered":"https:\/\/www.tracea.ch\/boutique\/non%20class\u00e9\/navajo-500-ii-syn\/"},"modified":"2026-06-29T15:49:30","modified_gmt":"2026-06-29T15:49:30","slug":"navajo-500-ii-syn","status":"publish","type":"product","link":"https:\/\/www.tracea.ch\/de\/boutique\/navajo-500-ii-syn\/","title":{"rendered":"Navajo 500 II SYN"},"content":{"rendered":"<p>Vielseitig einsetzbar: Der Navajo 500 ist ein ger\u00e4umiger Schlafsack, eine Bettdecke und ein w\u00e4rmender Poncho in einem. Zudem l\u00e4sst er sich mit allen anderen Schlafsackdecken von VAUDE kombinieren, ohne dass Rei\u00dfverschl\u00fcsse auf der Liegefl\u00e4che st\u00f6ren, und bietet jedem Schl\u00e4fer und jeder Schl\u00e4ferin einen eigenen Ein- und Ausgang. Die F\u00fcllung aus synthetischen Fasern sorgt f\u00fcr eine gute Isolierung, w\u00e4rmt auch im feuchten Zustand und ist sehr atmungsaktiv. In k\u00fchlen N\u00e4chten l\u00e4sst sich der obere Teil mithilfe eines Kordelzugs in eine 3D-Kapuze verwandeln. Das neue Au\u00dfenmaterial ist leicht, f\u00fchlt sich angenehm und seidig an und klebt nicht an der Haut. Seine PFC-freie Eco-Finish-Ausr\u00fcstung ist wasserabweisend und schmutzabweisend. Der Schlafsack Navajo 500 ist Teil des VAUDE-Kreislaufwirtschaftskonzepts. Sowohl die Hauptmaterialien als auch die F\u00fcllung bestehen zu 100 % aus recyceltem Polyester. Er zeichnet sich zudem durch eine materialeffiziente Konstruktion, seine Robustheit und seine einfache Reparierbarkeit aus. Das VAUDE-Label \u201eGreen Shape\u201c garantiert ein umweltfreundliches, funktionales Produkt aus nachhaltigen Materialien.<\/p>\n<p><em>Pflegeleichter Schlafsack in Deckenform mit F\u00fcllung aus synthetischen Fasern #F\u00fcr zwei Jahreszeiten (vom sp\u00e4ten Fr\u00fchling bis zum fr\u00fchen Herbst) #Quadratische Deckenform, vielseitig einsetzbar #Mit einem Hauptmaterial aus recyceltem Polyester<\/em><\/p>","protected":false},"excerpt":{"rendered":"<p>Pflegeleichter Schlafsack in Deckenform mit F\u00fcllung aus synthetischen Fasern #F\u00fcr zwei Jahreszeiten (vom sp\u00e4ten Fr\u00fchling bis zum fr\u00fchen Herbst) #Quadratische Deckenform, vielseitig einsetzbar #Mit einem Hauptmaterial aus recyceltem Polyester<\/p>","protected":false},"featured_media":6681,"comment_status":"closed","ping_status":"open","template":"","meta":[],"product_brand":[375],"product_cat":[213,401,362],"product_tag":[365,389,368,390],"class_list":["post-6680","product","type-product","status-publish","has-post-thumbnail","product_brand-vaude","product_cat-boutique","product_cat-fibre-synthetique","product_cat-sacs-de-couchage","product_tag-boutique","product_tag-sac-de-couchage","product_tag-vente","product_tag-vente-sac-de-couchage","pa_saison-toutes-saisons-ete-printemps-automne","first","instock","purchasable","product-type-simple"],"_links":{"self":[{"href":"https:\/\/www.tracea.ch\/de\/wp-json\/wp\/v2\/product\/6680","targetHints":{"allow":["GET"]}}],"collection":[{"href":"https:\/\/www.tracea.ch\/de\/wp-json\/wp\/v2\/product"}],"about":[{"href":"https:\/\/www.tracea.ch\/de\/wp-json\/wp\/v2\/types\/product"}],"replies":[{"embeddable":true,"href":"https:\/\/www.tracea.ch\/de\/wp-json\/wp\/v2\/comments?post=6680"}],"version-history":[{"count":0,"href":"https:\/\/www.tracea.ch\/de\/wp-json\/wp\/v2\/product\/6680\/revisions"}],"wp:featuredmedia":[{"embeddable":true,"href":"https:\/\/www.tracea.ch\/de\/wp-json\/wp\/v2\/media\/6681"}],"wp:attachment":[{"href":"https:\/\/www.tracea.ch\/de\/wp-json\/wp\/v2\/media?parent=6680"}],"wp:term":[{"taxonomy":"product_brand","embeddable":true,"href":"https:\/\/www.tracea.ch\/de\/wp-json\/wp\/v2\/product_brand?post=6680"},{"taxonomy":"product_cat","embeddable":true,"href":"https:\/\/www.tracea.ch\/de\/wp-json\/wp\/v2\/product_cat?post=6680"},{"taxonomy":"product_tag","embeddable":true,"href":"https:\/\/www.tracea.ch\/de\/wp-json\/wp\/v2\/product_tag?post=6680"}],"curies":[{"name":"wp","href":"https:\/\/api.w.org\/{rel}","templated":true}]}}

https://www.tracea.ch/boutique/non%20classé/navajo-500-ii-syn/

<p>Vielseitig einsetzbar: Der Navajo 500 ist ein geräumiger Schlafsack, eine Bettdecke und ein wärmender Poncho in einem. Zudem lässt er sich mit allen anderen Schlafsackdecken von VAUDE kombinieren, ohne dass Reißverschlüsse auf der Liegefläche stören, und bietet jedem Schläfer und jeder Schläferin einen eigenen Ein- und Ausgang. Die Füllung aus synthetischen Fasern sorgt für eine gute Isolierung, wärmt auch im feuchten Zustand und ist sehr atmungsaktiv. In kühlen Nächten lässt sich der obere Teil mithilfe eines Kordelzugs in eine 3D-Kapuze verwandeln. Das neue Außenmaterial ist leicht, fühlt sich angenehm und seidig an und klebt nicht an der Haut. Seine PFC-freie Eco-Finish-Ausrüstung ist wasserabweisend und schmutzabweisend. Der Schlafsack Navajo 500 ist Teil des VAUDE-Kreislaufwirtschaftskonzepts. Sowohl die Hauptmaterialien als auch die Füllung bestehen zu 100 % aus recyceltem Polyester. Er zeichnet sich zudem durch eine materialeffiziente Konstruktion, seine Robustheit und seine einfache Reparierbarkeit aus. Das VAUDE-Label „Green Shape“ garantiert ein umweltfreundliches, funktionales Produkt aus nachhaltigen Materialien.</p>
<p><em>Pflegeleichter Schlafsack in Deckenform mit Füllung aus synthetischen Fasern #Für zwei Jahreszeiten (vom späten Frühling bis zum frühen Herbst) #Quadratische Deckenform, vielseitig einsetzbar #Mit einem Hauptmaterial aus recyceltem Polyester</em></p>

<p>Pflegeleichter Schlafsack in Deckenform mit Füllung aus synthetischen Fasern #Für zwei Jahreszeiten (vom späten Frühling bis zum frühen Herbst) #Quadratische Deckenform, vielseitig einsetzbar #Mit einem Hauptmaterial aus recyceltem Polyester</p>
