{"id":6733,"date":"2026-06-29T15:52:45","date_gmt":"2026-06-29T15:52:45","guid":{"rendered":"https:\/\/www.tracea.ch\/boutique\/non%20class\u00e9\/packsack-gros\/"},"modified":"2026-06-29T15:52:54","modified_gmt":"2026-06-29T15:52:54","slug":"packsack-gros","status":"publish","type":"product","link":"https:\/\/www.tracea.ch\/de\/boutique\/packsack-gros\/","title":{"rendered":"Packsack gro\u00df"},"content":{"rendered":"<p>Sac de compression plus grand pour sacs de couchage mi-\u00e9pais \u00e0 \u00e9pais. M\u00eame le plus grand des sacs \u00e0 dos ne dispose que d&rsquo;un espace de rangement limit\u00e9. Il est donc essentiel d&rsquo;optimiser la place disponible. Gr\u00e2ce \u00e0 notre housse de rangement munie de sangles de compression, le volume du sac de couchage se laisse r\u00e9duire au minimum. Ce faisant, la finition Eco-Finish sans PFC assure une protection suppl\u00e9mentaire contre l&rsquo;humidit\u00e9 et la salissure. Conseil&nbsp;: pour permettre au gonflant de se d\u00e9ployer pleinement (notamment avec le duvet), veillez \u00e0 sortir le sac de couchage du sac de compression et \u00e0 la secouer plusieurs fois au moins 30&nbsp;minutes avant d&rsquo;aller dormir. Le label Green Shape de VAUDE garantit un produit \u00e9cologique, fonctionnel et fabriqu\u00e9 dans des mat\u00e9riaux durables certifi\u00e9s bluesign\u00ae.<\/p>\n<p><em>Grand sac de compression #r\u00e9duit l&rsquo;encombrement du sac de couchage #impr\u00e9gnation d\u00e9perlante et antisalissures #fabrication principale en polyamide recycl\u00e9<\/em><\/p>","protected":false},"excerpt":{"rendered":"<p>Grand sac de compression #r\u00e9duit l&rsquo;encombrement du sac de couchage #impr\u00e9gnation d\u00e9perlante et antisalissures #fabrication principale en polyamide recycl\u00e9<\/p>","protected":false},"featured_media":6734,"comment_status":"closed","ping_status":"open","template":"","meta":[],"product_brand":[375],"product_cat":[213,402,362],"product_tag":[365,389,368,390],"class_list":["post-6733","product","type-product","status-publish","has-post-thumbnail","product_brand-vaude","product_cat-boutique","product_cat-piece-de-rechange","product_cat-sacs-de-couchage","product_tag-boutique","product_tag-sac-de-couchage","product_tag-vente","product_tag-vente-sac-de-couchage","pa_saison-toutes-saisons","first","instock","purchasable","product-type-simple"],"_links":{"self":[{"href":"https:\/\/www.tracea.ch\/de\/wp-json\/wp\/v2\/product\/6733","targetHints":{"allow":["GET"]}}],"collection":[{"href":"https:\/\/www.tracea.ch\/de\/wp-json\/wp\/v2\/product"}],"about":[{"href":"https:\/\/www.tracea.ch\/de\/wp-json\/wp\/v2\/types\/product"}],"replies":[{"embeddable":true,"href":"https:\/\/www.tracea.ch\/de\/wp-json\/wp\/v2\/comments?post=6733"}],"version-history":[{"count":0,"href":"https:\/\/www.tracea.ch\/de\/wp-json\/wp\/v2\/product\/6733\/revisions"}],"wp:featuredmedia":[{"embeddable":true,"href":"https:\/\/www.tracea.ch\/de\/wp-json\/wp\/v2\/media\/6734"}],"wp:attachment":[{"href":"https:\/\/www.tracea.ch\/de\/wp-json\/wp\/v2\/media?parent=6733"}],"wp:term":[{"taxonomy":"product_brand","embeddable":true,"href":"https:\/\/www.tracea.ch\/de\/wp-json\/wp\/v2\/product_brand?post=6733"},{"taxonomy":"product_cat","embeddable":true,"href":"https:\/\/www.tracea.ch\/de\/wp-json\/wp\/v2\/product_cat?post=6733"},{"taxonomy":"product_tag","embeddable":true,"href":"https:\/\/www.tracea.ch\/de\/wp-json\/wp\/v2\/product_tag?post=6733"}],"curies":[{"name":"wp","href":"https:\/\/api.w.org\/{rel}","templated":true}]}}

https://www.tracea.ch/boutique/non%20classé/packsack-gros/

Packsack groß

<p>Sac de compression plus grand pour sacs de couchage mi-épais à épais. Même le plus grand des sacs à dos ne dispose que d&rsquo;un espace de rangement limité. Il est donc essentiel d&rsquo;optimiser la place disponible. Grâce à notre housse de rangement munie de sangles de compression, le volume du sac de couchage se laisse réduire au minimum. Ce faisant, la finition Eco-Finish sans PFC assure une protection supplémentaire contre l&rsquo;humidité et la salissure. Conseil&nbsp;: pour permettre au gonflant de se déployer pleinement (notamment avec le duvet), veillez à sortir le sac de couchage du sac de compression et à la secouer plusieurs fois au moins 30&nbsp;minutes avant d&rsquo;aller dormir. Le label Green Shape de VAUDE garantit un produit écologique, fonctionnel et fabriqué dans des matériaux durables certifiés bluesign®.</p>
<p><em>Grand sac de compression #réduit l&rsquo;encombrement du sac de couchage #imprégnation déperlante et antisalissures #fabrication principale en polyamide recyclé</em></p>

<p>Grand sac de compression #réduit l&rsquo;encombrement du sac de couchage #imprégnation déperlante et antisalissures #fabrication principale en polyamide recyclé</p>
