{"id":6736,"date":"2026-06-29T15:52:45","date_gmt":"2026-06-29T15:52:45","guid":{"rendered":"https:\/\/www.tracea.ch\/boutique\/non%20class\u00e9\/hike-9-m\/"},"modified":"2026-06-29T15:53:04","modified_gmt":"2026-06-29T15:53:04","slug":"hike-9-m","status":"publish","type":"product","link":"https:\/\/www.tracea.ch\/de\/boutique\/hike-9-m\/","title":{"rendered":"Hike 9 M"},"content":{"rendered":"<p>L\u00e9ger et confortable \u2013 ce descriptif convient parfaitement pour ce matelas tr\u00e8s compressible. Il a \u00e9t\u00e9 d\u00e9velopp\u00e9 pour les amateurs du trekking et de la randonn\u00e9e en montagne qui attachent une grande importance au confort du sommeil. La construction 3D rectangulaire de ce matelas (183 x 55 x 9 cm) offre plus de surface de couchage que les matelas conventionnels et r\u00e9duit en plus les espaces d\u00e9sagr\u00e9ables quand ils sont combin\u00e9s avec d&rsquo;autres matelas. Ce matelas tr\u00e8s compressible est \u00e9quip\u00e9 d&rsquo;un garnissage isolant et peut \u00eatre gonfl\u00e9 (resp. d\u00e9gonfl\u00e9) facilement et rapidement gr\u00e2ce \u00e0 la valve innovante.<\/p>\n<p><em>Matelas isolant l\u00e9ger pour le trekking et l&rsquo;alpinisme qui aiment le confort # construction 3D, grande surface de couchage # tr\u00e8s compressible # bon rapport chaleur-poids<\/em><\/p>","protected":false},"excerpt":{"rendered":"<p>Matelas isolant l\u00e9ger pour le trekking et l&rsquo;alpinisme qui aiment le confort # construction 3D, grande surface de couchage # tr\u00e8s compressible # bon rapport chaleur-poids<\/p>","protected":false},"featured_media":6737,"comment_status":"closed","ping_status":"open","template":"","meta":[],"product_brand":[375],"product_cat":[213,399,362],"product_tag":[365,389,368,390],"class_list":["post-6736","product","type-product","status-publish","has-post-thumbnail","product_brand-vaude","product_cat-boutique","product_cat-matelas","product_cat-sacs-de-couchage","product_tag-boutique","product_tag-sac-de-couchage","product_tag-vente","product_tag-vente-sac-de-couchage","pa_saison-toutes-saisons-ete-printemps-automne","first","instock","purchasable","product-type-simple"],"_links":{"self":[{"href":"https:\/\/www.tracea.ch\/de\/wp-json\/wp\/v2\/product\/6736","targetHints":{"allow":["GET"]}}],"collection":[{"href":"https:\/\/www.tracea.ch\/de\/wp-json\/wp\/v2\/product"}],"about":[{"href":"https:\/\/www.tracea.ch\/de\/wp-json\/wp\/v2\/types\/product"}],"replies":[{"embeddable":true,"href":"https:\/\/www.tracea.ch\/de\/wp-json\/wp\/v2\/comments?post=6736"}],"version-history":[{"count":0,"href":"https:\/\/www.tracea.ch\/de\/wp-json\/wp\/v2\/product\/6736\/revisions"}],"wp:featuredmedia":[{"embeddable":true,"href":"https:\/\/www.tracea.ch\/de\/wp-json\/wp\/v2\/media\/6737"}],"wp:attachment":[{"href":"https:\/\/www.tracea.ch\/de\/wp-json\/wp\/v2\/media?parent=6736"}],"wp:term":[{"taxonomy":"product_brand","embeddable":true,"href":"https:\/\/www.tracea.ch\/de\/wp-json\/wp\/v2\/product_brand?post=6736"},{"taxonomy":"product_cat","embeddable":true,"href":"https:\/\/www.tracea.ch\/de\/wp-json\/wp\/v2\/product_cat?post=6736"},{"taxonomy":"product_tag","embeddable":true,"href":"https:\/\/www.tracea.ch\/de\/wp-json\/wp\/v2\/product_tag?post=6736"}],"curies":[{"name":"wp","href":"https:\/\/api.w.org\/{rel}","templated":true}]}}

https://www.tracea.ch/boutique/non%20classé/hike-9-m/

<p>Léger et confortable – ce descriptif convient parfaitement pour ce matelas très compressible. Il a été développé pour les amateurs du trekking et de la randonnée en montagne qui attachent une grande importance au confort du sommeil. La construction 3D rectangulaire de ce matelas (183 x 55 x 9 cm) offre plus de surface de couchage que les matelas conventionnels et réduit en plus les espaces désagréables quand ils sont combinés avec d&rsquo;autres matelas. Ce matelas très compressible est équipé d&rsquo;un garnissage isolant et peut être gonflé (resp. dégonflé) facilement et rapidement grâce à la valve innovante.</p>
<p><em>Matelas isolant léger pour le trekking et l&rsquo;alpinisme qui aiment le confort # construction 3D, grande surface de couchage # très compressible # bon rapport chaleur-poids</em></p>

<p>Matelas isolant léger pour le trekking et l&rsquo;alpinisme qui aiment le confort # construction 3D, grande surface de couchage # très compressible # bon rapport chaleur-poids</p>
