{"id":6744,"date":"2026-06-29T15:53:16","date_gmt":"2026-06-29T15:53:16","guid":{"rendered":"https:\/\/www.tracea.ch\/boutique\/non%20class\u00e9\/dream-10-l\/"},"modified":"2026-06-29T15:53:27","modified_gmt":"2026-06-29T15:53:27","slug":"dream-10-l","status":"publish","type":"product","link":"https:\/\/www.tracea.ch\/de\/boutique\/dream-10-l\/","title":{"rendered":"Dream 10 L"},"content":{"rendered":"<p>Ceux qui dorment bien la nuit, sont plus en forme la journ\u00e9e. Cela vaut pour le quotidien, le camping, mais \u00e9galement le camp de base d&rsquo;une exp\u00e9dition. Avec ce matelas confortable et autogonflant, nous posons la base pour un sommeil r\u00e9parateur. l&rsquo;\u00e9paisseur de pas moins de 10 cm et la mati\u00e8re ext\u00e9rieure agr\u00e9ablement douce assurent un confort sur n&rsquo;importe quel sol. La construction 3D de ce matelas (200 x 70 cm) offre une surface de couchage optimale et permet de le combiner facilement avec d&rsquo;autres matelas. Le noyau du matelas s&rsquo;adapte aux contours de votre corps et garantit un grand confort de sommeil. Il peut \u00eatre gonfl\u00e9 (resp. d\u00e9gonfl\u00e9) facilement et rapidement gr\u00e2ce \u00e0 la valve innovante. Le label Green Shape de VAUDE garantit des produits fonctionnels et \u00e9cologiques en mati\u00e8res durables.<\/p>\n<p><em>Matelas extr\u00eamement confortable pour le camping # autogonflant # grande surface de couchage #\u00e0 la fabrication \u00e9cologique<\/em><\/p>","protected":false},"excerpt":{"rendered":"<p>Matelas extr\u00eamement confortable pour le camping # autogonflant # grande surface de couchage #\u00e0 la fabrication \u00e9cologique<\/p>","protected":false},"featured_media":6745,"comment_status":"closed","ping_status":"open","template":"","meta":[],"product_brand":[375],"product_cat":[213,399,362],"product_tag":[365,389,368,390],"class_list":["post-6744","product","type-product","status-publish","has-post-thumbnail","product_brand-vaude","product_cat-boutique","product_cat-matelas","product_cat-sacs-de-couchage","product_tag-boutique","product_tag-sac-de-couchage","product_tag-vente","product_tag-vente-sac-de-couchage","pa_saison-toutes-saisons-hiver-ete-printemps-automne","first","instock","purchasable","product-type-simple"],"_links":{"self":[{"href":"https:\/\/www.tracea.ch\/de\/wp-json\/wp\/v2\/product\/6744","targetHints":{"allow":["GET"]}}],"collection":[{"href":"https:\/\/www.tracea.ch\/de\/wp-json\/wp\/v2\/product"}],"about":[{"href":"https:\/\/www.tracea.ch\/de\/wp-json\/wp\/v2\/types\/product"}],"replies":[{"embeddable":true,"href":"https:\/\/www.tracea.ch\/de\/wp-json\/wp\/v2\/comments?post=6744"}],"version-history":[{"count":0,"href":"https:\/\/www.tracea.ch\/de\/wp-json\/wp\/v2\/product\/6744\/revisions"}],"wp:featuredmedia":[{"embeddable":true,"href":"https:\/\/www.tracea.ch\/de\/wp-json\/wp\/v2\/media\/6745"}],"wp:attachment":[{"href":"https:\/\/www.tracea.ch\/de\/wp-json\/wp\/v2\/media?parent=6744"}],"wp:term":[{"taxonomy":"product_brand","embeddable":true,"href":"https:\/\/www.tracea.ch\/de\/wp-json\/wp\/v2\/product_brand?post=6744"},{"taxonomy":"product_cat","embeddable":true,"href":"https:\/\/www.tracea.ch\/de\/wp-json\/wp\/v2\/product_cat?post=6744"},{"taxonomy":"product_tag","embeddable":true,"href":"https:\/\/www.tracea.ch\/de\/wp-json\/wp\/v2\/product_tag?post=6744"}],"curies":[{"name":"wp","href":"https:\/\/api.w.org\/{rel}","templated":true}]}}

https://www.tracea.ch/boutique/non%20classé/dream-10-l/

<p>Ceux qui dorment bien la nuit, sont plus en forme la journée. Cela vaut pour le quotidien, le camping, mais également le camp de base d&rsquo;une expédition. Avec ce matelas confortable et autogonflant, nous posons la base pour un sommeil réparateur. l&rsquo;épaisseur de pas moins de 10 cm et la matière extérieure agréablement douce assurent un confort sur n&rsquo;importe quel sol. La construction 3D de ce matelas (200 x 70 cm) offre une surface de couchage optimale et permet de le combiner facilement avec d&rsquo;autres matelas. Le noyau du matelas s&rsquo;adapte aux contours de votre corps et garantit un grand confort de sommeil. Il peut être gonflé (resp. dégonflé) facilement et rapidement grâce à la valve innovante. Le label Green Shape de VAUDE garantit des produits fonctionnels et écologiques en matières durables.</p>
<p><em>Matelas extrêmement confortable pour le camping # autogonflant # grande surface de couchage #à la fabrication écologique</em></p>

<p>Matelas extrêmement confortable pour le camping # autogonflant # grande surface de couchage #à la fabrication écologique</p>
