{"id":6794,"date":"2026-06-29T16:28:09","date_gmt":"2026-06-29T16:28:09","guid":{"rendered":"https:\/\/www.tracea.ch\/boutique\/non%20class\u00e9\/badawi-long-6p\/"},"modified":"2026-06-29T16:28:09","modified_gmt":"2026-06-29T16:28:09","slug":"badawi-long-6p","status":"publish","type":"product","link":"https:\/\/www.tracea.ch\/de\/boutique\/badawi-long-6p\/","title":{"rendered":"Badawi Long 6P"},"content":{"rendered":"<p>Ce mod\u00e8le r\u00e9unit un design extravagant avec un maximum de fonctionnalit\u00e9&nbsp;: il est parfait pour tous ceux qui en ont assez de se retrouver \u00e0 dormir tout au fond dans les tentes transversales. Les tentes int\u00e9rieures sont tourn\u00e9es et l&rsquo;espace chambre devient longitudinal. La tente est \u00e9tanche jusqu&rsquo;\u00e0 une colonne d&rsquo;eau de 3&nbsp;000&nbsp;mm et offre un tr\u00e8s bon climat int\u00e9rieur m\u00eame si la pluie tombe sans discontinuer. A part cela, le mod\u00e8le Badawi Long 6P r\u00e9siste au vent et offre le m\u00eame confort que son petit fr\u00e8re le Badawi 4P&nbsp;: un grand espace int\u00e9rieur, une excellente ventilation gr\u00e2ce au Top-Vent-System de VAUDE et des fen\u00eatres en filet. Par ailleurs cette tente est \u00e9quip\u00e9e de poches de rangement dans les portes et d&rsquo;un tapis de sol extra pour l&rsquo;abside. Un code de couleur des arceaux et des fourreaux facilite le montage. En plus, l&rsquo;armature ext\u00e9rieure permet un montage ais\u00e9 de la tente int\u00e9rieure et du double-toit en une fois.<\/p>\n<p><em>2 en 1: manette pour enrouler le cordon et pince, 1 abside, int\u00e9rieur tr\u00e8s spacieux, excellente a\u00e9ration gr\u00e2ce au syst\u00e8me Top-Vent de VAUDE et aux fen\u00eatres de ventilation suppl\u00e9mentaires, 2 tentes int\u00e9rieures, parois de tente int\u00e9rieure avec empi\u00e8cements d\u2019a\u00e9ration en mesh anti-moustique pour un climat ambiant optimal, porte de tente int\u00e9rieure avec empi\u00e8cements d\u2019a\u00e9ration en mesh anti-moustique et refermables contre le froid, b\u00e2che de sol pour l&rsquo;entr\u00e9e inclus, 12 poches Organizer inclus<\/em><\/p>","protected":false},"excerpt":{"rendered":"<p>tr\u00e8s grande tente familiale pour le camping # grand espace luxueux # 2 cabines-chambres # tr\u00e8s bonne ventilation<\/p>","protected":false},"featured_media":6795,"comment_status":"closed","ping_status":"open","template":"","meta":[],"product_brand":[375],"product_cat":[213,406,361],"product_tag":[365,404,368,405],"class_list":["post-6794","product","type-product","status-publish","has-post-thumbnail","product_brand-vaude","product_cat-boutique","product_cat-plus-de-5-places","product_cat-tentes","product_tag-boutique","product_tag-tente","product_tag-vente","product_tag-vente-tente","first","instock","purchasable","product-type-simple"],"_links":{"self":[{"href":"https:\/\/www.tracea.ch\/de\/wp-json\/wp\/v2\/product\/6794","targetHints":{"allow":["GET"]}}],"collection":[{"href":"https:\/\/www.tracea.ch\/de\/wp-json\/wp\/v2\/product"}],"about":[{"href":"https:\/\/www.tracea.ch\/de\/wp-json\/wp\/v2\/types\/product"}],"replies":[{"embeddable":true,"href":"https:\/\/www.tracea.ch\/de\/wp-json\/wp\/v2\/comments?post=6794"}],"version-history":[{"count":0,"href":"https:\/\/www.tracea.ch\/de\/wp-json\/wp\/v2\/product\/6794\/revisions"}],"wp:featuredmedia":[{"embeddable":true,"href":"https:\/\/www.tracea.ch\/de\/wp-json\/wp\/v2\/media\/6795"}],"wp:attachment":[{"href":"https:\/\/www.tracea.ch\/de\/wp-json\/wp\/v2\/media?parent=6794"}],"wp:term":[{"taxonomy":"product_brand","embeddable":true,"href":"https:\/\/www.tracea.ch\/de\/wp-json\/wp\/v2\/product_brand?post=6794"},{"taxonomy":"product_cat","embeddable":true,"href":"https:\/\/www.tracea.ch\/de\/wp-json\/wp\/v2\/product_cat?post=6794"},{"taxonomy":"product_tag","embeddable":true,"href":"https:\/\/www.tracea.ch\/de\/wp-json\/wp\/v2\/product_tag?post=6794"}],"curies":[{"name":"wp","href":"https:\/\/api.w.org\/{rel}","templated":true}]}}

https://www.tracea.ch/boutique/non%20classé/badawi-long-6p/

<p>Ce modèle réunit un design extravagant avec un maximum de fonctionnalité&nbsp;: il est parfait pour tous ceux qui en ont assez de se retrouver à dormir tout au fond dans les tentes transversales. Les tentes intérieures sont tournées et l&rsquo;espace chambre devient longitudinal. La tente est étanche jusqu&rsquo;à une colonne d&rsquo;eau de 3&nbsp;000&nbsp;mm et offre un très bon climat intérieur même si la pluie tombe sans discontinuer. A part cela, le modèle Badawi Long 6P résiste au vent et offre le même confort que son petit frère le Badawi 4P&nbsp;: un grand espace intérieur, une excellente ventilation grâce au Top-Vent-System de VAUDE et des fenêtres en filet. Par ailleurs cette tente est équipée de poches de rangement dans les portes et d&rsquo;un tapis de sol extra pour l&rsquo;abside. Un code de couleur des arceaux et des fourreaux facilite le montage. En plus, l&rsquo;armature extérieure permet un montage aisé de la tente intérieure et du double-toit en une fois.</p>
<p><em>2 en 1: manette pour enrouler le cordon et pince, 1 abside, intérieur très spacieux, excellente aération grâce au système Top-Vent de VAUDE et aux fenêtres de ventilation supplémentaires, 2 tentes intérieures, parois de tente intérieure avec empiècements d’aération en mesh anti-moustique pour un climat ambiant optimal, porte de tente intérieure avec empiècements d’aération en mesh anti-moustique et refermables contre le froid, bâche de sol pour l&rsquo;entrée inclus, 12 poches Organizer inclus</em></p>

<p>très grande tente familiale pour le camping # grand espace luxueux # 2 cabines-chambres # très bonne ventilation</p>
