{"id":7177,"date":"2026-06-29T16:44:59","date_gmt":"2026-06-29T16:44:59","guid":{"rendered":"https:\/\/www.tracea.ch\/boutique\/non%20class\u00e9\/drive-van-xt-5p\/"},"modified":"2026-06-29T16:45:03","modified_gmt":"2026-06-29T16:45:03","slug":"drive-van-xt-5p","status":"publish","type":"product","link":"https:\/\/www.tracea.ch\/de\/boutique\/drive-van-xt-5p\/","title":{"rendered":"Drive Van XT 5P"},"content":{"rendered":"<p>Mobilit\u00e9, confort et bonheur au camping pour toute la famille&nbsp;! Sp\u00e9cialement con\u00e7u pour l&rsquo;arri\u00e8re ou les c\u00f4t\u00e9s des camping-cars et fourgons am\u00e9nag\u00e9s. Le Drive Van XT est \u00e9quip\u00e9 d&rsquo;une barre de sas qui peut \u00eatre fix\u00e9e \u00e0 tous les mod\u00e8les les plus r\u00e9pandus de camping-cars et de forgeons am\u00e9nag\u00e9s. L&rsquo;auvent est facile \u00e0 monter, autoportant et peut \u00eatre fix\u00e9 \u00e0 l&rsquo;aide de cordon suppl\u00e9mentaire pour r\u00e9sister au vent. Plusieurs ouvertures d&rsquo;a\u00e9ration astucieusement plac\u00e9es assurent un climat int\u00e9rieur agr\u00e9able et un effet hotte si vous cuisinez. La tente int\u00e9rieure est inclus. Va avec de nombreux mod\u00e8les de v\u00e9hicules.<\/p>\n<p><em>ouverture de ventilation prot\u00e9g\u00e9e de la pluie et r\u00e9glable \u00e0 l&rsquo;aide de la fermeture \u00e9clair de l&rsquo;entr\u00e9e, s&rsquo;adapte aux monospaces et minibus jusqu&rsquo;\u00e0 une hauteur de 2,15 m, construction autoportante \u00e0 monter sur le c\u00f4t\u00e9 ou \u00e0 l&rsquo;arri\u00e8re du v\u00e9hicule, excellente a\u00e9ration gr\u00e2ce au syst\u00e8me Top-Vent de VAUDE et aux fen\u00eatres de ventilation suppl\u00e9mentaires, int\u00e9rieur tr\u00e8s spacieux, tente int\u00e9rieure taille confort, porte de tente int\u00e9rieure avec empi\u00e8cements d\u2019a\u00e9ration en mesh anti-moustique et refermables contre le froid, parois de tente int\u00e9rieure avec empi\u00e8cements d\u2019a\u00e9ration en mesh anti-moustique pour un climat ambiant optimal, 2 en 1: manette pour enrouler le cordon et pince<\/em><\/p>","protected":false},"excerpt":{"rendered":"<p>Auvent \u00e0 fixer aux vans # int\u00e9rieur tr\u00e8s spacieux # autoportant, r\u00e9sistant au vent # tente int\u00e9rieure livr\u00e9e avec<\/p>","protected":false},"featured_media":7178,"comment_status":"closed","ping_status":"open","template":"","meta":[],"product_brand":[375],"product_cat":[213,412,361],"product_tag":[365,404,368,405],"class_list":["post-7177","product","type-product","status-publish","has-post-thumbnail","product_brand-vaude","product_cat-boutique","product_cat-tente-de-voiture","product_cat-tentes","product_tag-boutique","product_tag-tente","product_tag-vente","product_tag-vente-tente","first","instock","purchasable","product-type-simple"],"_links":{"self":[{"href":"https:\/\/www.tracea.ch\/de\/wp-json\/wp\/v2\/product\/7177","targetHints":{"allow":["GET"]}}],"collection":[{"href":"https:\/\/www.tracea.ch\/de\/wp-json\/wp\/v2\/product"}],"about":[{"href":"https:\/\/www.tracea.ch\/de\/wp-json\/wp\/v2\/types\/product"}],"replies":[{"embeddable":true,"href":"https:\/\/www.tracea.ch\/de\/wp-json\/wp\/v2\/comments?post=7177"}],"version-history":[{"count":0,"href":"https:\/\/www.tracea.ch\/de\/wp-json\/wp\/v2\/product\/7177\/revisions"}],"wp:featuredmedia":[{"embeddable":true,"href":"https:\/\/www.tracea.ch\/de\/wp-json\/wp\/v2\/media\/7178"}],"wp:attachment":[{"href":"https:\/\/www.tracea.ch\/de\/wp-json\/wp\/v2\/media?parent=7177"}],"wp:term":[{"taxonomy":"product_brand","embeddable":true,"href":"https:\/\/www.tracea.ch\/de\/wp-json\/wp\/v2\/product_brand?post=7177"},{"taxonomy":"product_cat","embeddable":true,"href":"https:\/\/www.tracea.ch\/de\/wp-json\/wp\/v2\/product_cat?post=7177"},{"taxonomy":"product_tag","embeddable":true,"href":"https:\/\/www.tracea.ch\/de\/wp-json\/wp\/v2\/product_tag?post=7177"}],"curies":[{"name":"wp","href":"https:\/\/api.w.org\/{rel}","templated":true}]}}

https://www.tracea.ch/boutique/non%20classé/drive-van-xt-5p/

<p>Mobilité, confort et bonheur au camping pour toute la famille&nbsp;! Spécialement conçu pour l&rsquo;arrière ou les côtés des camping-cars et fourgons aménagés. Le Drive Van XT est équipé d&rsquo;une barre de sas qui peut être fixée à tous les modèles les plus répandus de camping-cars et de forgeons aménagés. L&rsquo;auvent est facile à monter, autoportant et peut être fixé à l&rsquo;aide de cordon supplémentaire pour résister au vent. Plusieurs ouvertures d&rsquo;aération astucieusement placées assurent un climat intérieur agréable et un effet hotte si vous cuisinez. La tente intérieure est inclus. Va avec de nombreux modèles de véhicules.</p>
<p><em>ouverture de ventilation protégée de la pluie et réglable à l&rsquo;aide de la fermeture éclair de l&rsquo;entrée, s&rsquo;adapte aux monospaces et minibus jusqu&rsquo;à une hauteur de 2,15 m, construction autoportante à monter sur le côté ou à l&rsquo;arrière du véhicule, excellente aération grâce au système Top-Vent de VAUDE et aux fenêtres de ventilation supplémentaires, intérieur très spacieux, tente intérieure taille confort, porte de tente intérieure avec empiècements d’aération en mesh anti-moustique et refermables contre le froid, parois de tente intérieure avec empiècements d’aération en mesh anti-moustique pour un climat ambiant optimal, 2 en 1: manette pour enrouler le cordon et pince</em></p>

<p>Auvent à fixer aux vans # intérieur très spacieux # autoportant, résistant au vent # tente intérieure livrée avec</p>
