{"id":1011,"date":"2026-08-05T10:00:00","date_gmt":"2026-08-05T08:00:00","guid":{"rendered":"http:\/\/ra-activite-import-35448"},"modified":"2026-08-26T11:35:58","modified_gmt":"2026-08-26T11:35:58","slug":"camps-vtt-juillet-2027-7-a-10-ans","status":"publish","type":"ra_activite","link":"https:\/\/www.tracea.ch\/de\/activites\/camps-vtt-juillet-2027-7-a-10-ans\/","title":{"rendered":"Mountainbike-Camps im Juli 2027 \u2013 7 bis 10 Jahre"},"content":{"rendered":"<p>Cinq jours d&rsquo;aventure \u00e0 VTT pour les 7 \u00e0 10 ans, au c\u0153ur du Jura vaudois ! Pendant une semaine, les enfants progressent \u00e0 v\u00e9lo le matin et encha\u00eenent les activit\u00e9s l&rsquo;apr\u00e8s-midi, encadr\u00e9s par un moniteur dipl\u00f4m\u00e9, dans un cadre pens\u00e9 pour la s\u00e9curit\u00e9 et le plaisir.<\/p>\n<h2>Une semaine bien remplie<\/h2>\n<p>Pendant les 5 journ\u00e9es du camp, les enfants profitent au maximum des multiples exercices techniques, jeux et randonn\u00e9es \u00e0 VTT. Les apr\u00e8s-midi sont consacr\u00e9s \u00e0 d&rsquo;autres activit\u00e9s : parcours accrobranche, course d&rsquo;orientation, initiation biathlon ou encore visite du zoo de La Garenne.<\/p>\n<h2>Au programme v\u00e9lo<\/h2>\n<p>Que votre enfant soit d\u00e9butant ou d\u00e9j\u00e0 aguerri, il d\u00e9couvrira toutes les techniques n\u00e9cessaires pour \u00e9voluer sur les sentiers en toute s\u00e9curit\u00e9 : trajectoires, freinage, position, passage d&rsquo;obstacles, vid\u00e9o et d\u00e9briefing, entretien du v\u00e9lo\u2026 Le groupe est emmen\u00e9 par un moniteur dipl\u00f4m\u00e9 (Swiss Cycling ou J+S).<\/p>\n<h2>La s\u00e9curit\u00e9 avant tout<\/h2>\n<p>C&rsquo;est dans un souci de s\u00e9curit\u00e9 maximale que nos jeunes cyclistes avalent des sentiers adapt\u00e9s \u00e0 leur niveau, casque et protections de rigueur.<\/p>\n<h2>Praktische Informationen<\/h2>\n<ul>\n<li><strong>Alter:<\/strong> 7 \u00e0 10 ans<\/li>\n<li><strong>Dur\u00e9e :<\/strong> 5 jours (du 12 au 16 juillet 2027)<\/li>\n<li><strong>Rahmung:<\/strong> 1 moniteur dipl\u00f4m\u00e9 (Swiss Cycling \/ J+S)<\/li>\n<li><strong>Fourni :<\/strong> casque et protections<\/li>\n<\/ul>\n<p>R\u00e9servez la place de votre enfant en ligne.<\/p>","protected":false},"excerpt":{"rendered":"<p>Camp VTT pour les 7 \u00e0 10 ans en juillet dans le Jura vaudois. Semaine d&rsquo;aventure et de pilotage encadr\u00e9e par les moniteurs Tracea. Inscription en ligne.<\/p>","protected":false},"featured_media":59015,"template":"","ra_categorie":[774],"ra_point_interet":[],"class_list":["post-1011","ra_activite","type-ra_activite","status-publish","has-post-thumbnail","hentry","ra_categorie-velo"],"_links":{"self":[{"href":"https:\/\/www.tracea.ch\/de\/wp-json\/wp\/v2\/ra_activite\/1011","targetHints":{"allow":["GET"]}}],"collection":[{"href":"https:\/\/www.tracea.ch\/de\/wp-json\/wp\/v2\/ra_activite"}],"about":[{"href":"https:\/\/www.tracea.ch\/de\/wp-json\/wp\/v2\/types\/ra_activite"}],"wp:featuredmedia":[{"embeddable":true,"href":"https:\/\/www.tracea.ch\/de\/wp-json\/wp\/v2\/media\/59015"}],"wp:attachment":[{"href":"https:\/\/www.tracea.ch\/de\/wp-json\/wp\/v2\/media?parent=1011"}],"wp:term":[{"taxonomy":"ra_categorie","embeddable":true,"href":"https:\/\/www.tracea.ch\/de\/wp-json\/wp\/v2\/ra_categorie?post=1011"},{"taxonomy":"ra_point_interet","embeddable":true,"href":"https:\/\/www.tracea.ch\/de\/wp-json\/wp\/v2\/ra_point_interet?post=1011"}],"curies":[{"name":"wp","href":"https:\/\/api.w.org\/{rel}","templated":true}]}}

<p>Cinq jours d&rsquo;aventure à VTT pour les 7 à 10 ans, au cœur du Jura vaudois ! Pendant une semaine, les enfants progressent à vélo le matin et enchaînent les activités l&rsquo;après-midi, encadrés par un moniteur diplômé, dans un cadre pensé pour la sécurité et le plaisir.</p>
<h2>Une semaine bien remplie</h2>
<p>Pendant les 5 journées du camp, les enfants profitent au maximum des multiples exercices techniques, jeux et randonnées à VTT. Les après-midi sont consacrés à d&rsquo;autres activités : parcours accrobranche, course d&rsquo;orientation, initiation biathlon ou encore visite du zoo de La Garenne.</p>
<h2>Au programme vélo</h2>
<p>Que votre enfant soit débutant ou déjà aguerri, il découvrira toutes les techniques nécessaires pour évoluer sur les sentiers en toute sécurité : trajectoires, freinage, position, passage d&rsquo;obstacles, vidéo et débriefing, entretien du vélo… Le groupe est emmené par un moniteur diplômé (Swiss Cycling ou J+S).</p>
<h2>La sécurité avant tout</h2>
<p>C&rsquo;est dans un souci de sécurité maximale que nos jeunes cyclistes avalent des sentiers adaptés à leur niveau, casque et protections de rigueur.</p>
<h2>Praktische Informationen</h2>
<ul>
<li><strong>Alter:</strong> 7 à 10 ans</li>
<li><strong>Durée :</strong> 5 jours (du 12 au 16 juillet 2027)</li>
<li><strong>Rahmung:</strong> 1 moniteur diplômé (Swiss Cycling / J+S)</li>
<li><strong>Fourni :</strong> casque et protections</li>
</ul>
<p>Réservez la place de votre enfant en ligne.</p>

<p>Camp VTT pour les 7 à 10 ans en juillet dans le Jura vaudois. Semaine d&rsquo;aventure et de pilotage encadrée par les moniteurs Tracea. Inscription en ligne.</p>
