{"id":1012,"date":"2026-08-05T10:00:00","date_gmt":"2026-08-05T08:00:00","guid":{"rendered":"http:\/\/ra-activite-import-32059"},"modified":"2026-08-26T11:43:00","modified_gmt":"2026-08-26T11:43:00","slug":"camp-vtt-juillet-2027-11-a-15-ans-saint-cergue","status":"publish","type":"ra_activite","link":"https:\/\/www.tracea.ch\/de\/activites\/camp-vtt-juillet-2027-11-a-15-ans-saint-cergue\/","title":{"rendered":"Mountainbike-Camp Juli 2027 \u2013 11 bis 15 Jahre \u2013 Saint-Cergue"},"content":{"rendered":"<p>Une semaine de VTT pour les 11 \u00e0 15 ans \u00e0 Saint-Cergue, au c\u0153ur du Jura vaudois. Cinq jours pour progresser, s&rsquo;amuser et rouler en groupe, encadr\u00e9s par un moniteur dipl\u00f4m\u00e9, avec m\u00eame une journ\u00e9e descente \u00e0 la cl\u00e9 selon les envies.<\/p>\n<h2>Le programme de la semaine<\/h2>\n<p>Pendant les 5 journ\u00e9es du camp, les jeunes profitent au maximum des multiples exercices techniques, jeux, randonn\u00e9es et chasses au tr\u00e9sor. Le groupe est emmen\u00e9 par un moniteur dipl\u00f4m\u00e9 (Swiss Cycling ou J+S).<\/p>\n<h2>Progresser \u00e0 v\u00e9lo<\/h2>\n<p>Que votre ado soit d\u00e9butant ou d\u00e9j\u00e0 aguerri, il d\u00e9couvrira toutes les techniques pour \u00e9voluer sur les sentiers en toute s\u00e9curit\u00e9 : trajectoires, freinage, position, passage d&rsquo;obstacles, vid\u00e9o et d\u00e9briefing, entretien du v\u00e9lo\u2026 Une journ\u00e9e \u00ab initiation descente \u00bb est m\u00eame envisageable selon les envies et la motivation du groupe.<\/p>\n<h2>Praktische Informationen<\/h2>\n<ul>\n<li><strong>Alter:<\/strong> 11 \u00e0 15 ans<\/li>\n<li><strong>Dur\u00e9e :<\/strong> 5 jours (28 juin \u2013 2 juillet, ou 5 \u2013 9 juillet 2027)<\/li>\n<li><strong>Ort:<\/strong> Saint-Cergue, Waadtl\u00e4nder Jura<\/li>\n<li><strong>Rahmung:<\/strong> 1 moniteur dipl\u00f4m\u00e9 (Swiss Cycling \/ J+S)<\/li>\n<\/ul>\n<p>R\u00e9servez la place de votre ado en ligne.<\/p>","protected":false},"excerpt":{"rendered":"<p>Camp VTT \u00e0 Saint-Cergue pour les 11 \u00e0 15 ans en juillet. Semaine de pilotage et de sorties dans le Jura vaudois avec les moniteurs Tracea. Inscription en ligne.<\/p>","protected":false},"featured_media":59016,"template":"","ra_categorie":[774],"ra_point_interet":[],"class_list":["post-1012","ra_activite","type-ra_activite","status-publish","has-post-thumbnail","hentry","ra_categorie-velo"],"_links":{"self":[{"href":"https:\/\/www.tracea.ch\/de\/wp-json\/wp\/v2\/ra_activite\/1012","targetHints":{"allow":["GET"]}}],"collection":[{"href":"https:\/\/www.tracea.ch\/de\/wp-json\/wp\/v2\/ra_activite"}],"about":[{"href":"https:\/\/www.tracea.ch\/de\/wp-json\/wp\/v2\/types\/ra_activite"}],"wp:featuredmedia":[{"embeddable":true,"href":"https:\/\/www.tracea.ch\/de\/wp-json\/wp\/v2\/media\/59016"}],"wp:attachment":[{"href":"https:\/\/www.tracea.ch\/de\/wp-json\/wp\/v2\/media?parent=1012"}],"wp:term":[{"taxonomy":"ra_categorie","embeddable":true,"href":"https:\/\/www.tracea.ch\/de\/wp-json\/wp\/v2\/ra_categorie?post=1012"},{"taxonomy":"ra_point_interet","embeddable":true,"href":"https:\/\/www.tracea.ch\/de\/wp-json\/wp\/v2\/ra_point_interet?post=1012"}],"curies":[{"name":"wp","href":"https:\/\/api.w.org\/{rel}","templated":true}]}}

<p>Une semaine de VTT pour les 11 à 15 ans à Saint-Cergue, au cœur du Jura vaudois. Cinq jours pour progresser, s&rsquo;amuser et rouler en groupe, encadrés par un moniteur diplômé, avec même une journée descente à la clé selon les envies.</p>
<h2>Le programme de la semaine</h2>
<p>Pendant les 5 journées du camp, les jeunes profitent au maximum des multiples exercices techniques, jeux, randonnées et chasses au trésor. Le groupe est emmené par un moniteur diplômé (Swiss Cycling ou J+S).</p>
<h2>Progresser à vélo</h2>
<p>Que votre ado soit débutant ou déjà aguerri, il découvrira toutes les techniques pour évoluer sur les sentiers en toute sécurité : trajectoires, freinage, position, passage d&rsquo;obstacles, vidéo et débriefing, entretien du vélo… Une journée « initiation descente » est même envisageable selon les envies et la motivation du groupe.</p>
<h2>Praktische Informationen</h2>
<ul>
<li><strong>Alter:</strong> 11 à 15 ans</li>
<li><strong>Durée :</strong> 5 jours (28 juin – 2 juillet, ou 5 – 9 juillet 2027)</li>
<li><strong>Ort:</strong> Saint-Cergue, Waadtländer Jura</li>
<li><strong>Rahmung:</strong> 1 moniteur diplômé (Swiss Cycling / J+S)</li>
</ul>
<p>Réservez la place de votre ado en ligne.</p>

<p>Camp VTT à Saint-Cergue pour les 11 à 15 ans en juillet. Semaine de pilotage et de sorties dans le Jura vaudois avec les moniteurs Tracea. Inscription en ligne.</p>
